{"id":10142,"date":"2026-01-22T08:56:40","date_gmt":"2026-01-22T08:56:40","guid":{"rendered":"https:\/\/adcelectronique.com\/?post_type=product&#038;p=10142"},"modified":"2026-02-10T09:13:51","modified_gmt":"2026-02-10T09:13:51","slug":"utd2102cex-oscilloscope-numerique-2x100mhz","status":"publish","type":"product","link":"https:\/\/adcelectronique.com\/index.php\/product\/utd2102cex-oscilloscope-numerique-2x100mhz\/","title":{"rendered":"UTD2102CEX OSCILLOSCOPE NUMERIQUE 2X100MHZ"},"content":{"rendered":"<h1 class=\"product_title entry-title\">\u00a0 \u00a0 \u00a0<span style=\"color: #ff6600\"> \u00a0UTD2102CEX OSCILLOSCOPE NUMERIQUE 2X100MHZ<\/span><\/h1>\n<div class=\"woocommerce-product-details__short-description\">\n<p>UTD2102CEX est un oscilloscope 2 voies . L\u2019oscilloscope dispose d\u2019une bande passante \u00e9lev\u00e9e de 100 MHz et d\u2019un taux d\u2019\u00e9chantillonnage important de 1 GSA\/s.\u00a0 une interface USB est disponible pour le stockage des signaux et des mesures.<\/p>\n<h2 class=\"tab-title reveal-item\"><strong>Specification<\/strong><\/h2>\n<div class=\"tab-content\">\n<div id=\"ecom-x28ebtz2qe\" class=\"core__group--item tab__item\" data-id=\"ecom-x28ebtz2qe\">\n<div class=\"core__group--body tabs__body\">\n<div class=\"core__blocks\">\n<div class=\"core__blocks--body\">\n<div class=\"ecom-block ecom-core core__block elmspace ecom-ncfkr2zp65g\" data-core-is=\"block\">\n<div class=\"ecom__element ecom-element element__code exporting\">\n<table class=\"spec-table\" style=\"height: 596px\" width=\"859\">\n<tbody>\n<tr>\n<th>Feature<\/th>\n<th>Specification<\/th>\n<\/tr>\n<tr>\n<td style=\"text-align: center\">Model Number<\/td>\n<td style=\"text-align: center\">UTD2102CEX+<\/td>\n<\/tr>\n<tr>\n<td style=\"text-align: center\">Scope Type<\/td>\n<td style=\"text-align: center\">DSO<\/td>\n<\/tr>\n<tr>\n<td style=\"text-align: center\">Bandwidth<\/td>\n<td style=\"text-align: center\">100MHz<\/td>\n<\/tr>\n<tr>\n<td style=\"text-align: center\">Channels<\/td>\n<td style=\"text-align: center\">2 Analog<\/td>\n<\/tr>\n<tr>\n<td style=\"text-align: center\">Real-Time Sample Rate<\/td>\n<td style=\"text-align: center\">1GSa\/S<\/td>\n<\/tr>\n<tr>\n<td style=\"text-align: center\">Rise Time<\/td>\n<td style=\"text-align: center\">\u22643.5ns<\/td>\n<\/tr>\n<tr>\n<td style=\"text-align: center\">Memory Depth<\/td>\n<td style=\"text-align: center\">64kpts<\/td>\n<\/tr>\n<tr>\n<td style=\"text-align: center\">capture rate<\/td>\n<td style=\"text-align: center\">5, 000wfms\/s<\/td>\n<\/tr>\n<tr>\n<td style=\"text-align: center\">Input impedance<\/td>\n<td style=\"text-align: center\">1M\u03a9\u00b12% ,18\u00b13pF<\/td>\n<\/tr>\n<tr>\n<td style=\"text-align: center\">Logic Pod Included<\/td>\n<td style=\"text-align: center\">No<\/td>\n<\/tr>\n<tr>\n<td style=\"text-align: center\">Waveform Generator<\/td>\n<td style=\"text-align: center\">No<\/td>\n<\/tr>\n<tr>\n<td style=\"text-align: center\">Display<\/td>\n<td style=\"text-align: center\">7-inch TFT LCD<\/td>\n<\/tr>\n<tr>\n<td style=\"text-align: center\">Touchscreen<\/td>\n<td style=\"text-align: center\">No<\/td>\n<\/tr>\n<tr>\n<td style=\"text-align: center\">Warranty<\/td>\n<td style=\"text-align: center\">3 years<\/td>\n<\/tr>\n<tr>\n<td style=\"text-align: center\">Shipping Dimensions (L x W x H)<\/td>\n<td style=\"text-align: center\">306mm\u00d7138mm\u00d7124mm<\/td>\n<\/tr>\n<tr>\n<td style=\"text-align: center\">Shipping Weight<\/td>\n<td style=\"text-align: center\">2.5 kg<\/td>\n<\/tr>\n<tr style=\"height: 19px\">\n<td style=\"text-align: center;height: 19px\">Documents<\/td>\n<td style=\"text-align: center;height: 19px\">English download guide, multi-language safety manual, calibration report (COC)<\/td>\n<\/tr>\n<tr style=\"height: 22px\">\n<td style=\"text-align: center;height: 22px\">Included Accessories<\/td>\n<td style=\"text-align: center;height: 22px\">Power cord, USB2.0 printing cable, UT-P04:Passive Probe x 2 (1 x , 10 x switchable,100MHz)<\/td>\n<\/tr>\n<\/tbody>\n<\/table>\n<\/div>\n<\/div>\n<\/div>\n<\/div>\n<\/div>\n<\/div>\n<\/div>\n<\/div>\n","protected":false},"excerpt":{"rendered":"<h1 class=\"product_title entry-title\"><span style=\"color: #ff6600\">\u00a0 \u00a0 \u00a0<\/span><\/h1>\n<p>L&rsquo;UNI-T UTD2102CEX est un oscilloscope 2 voies avec un rapport qualit\u00e9-prix exceptionnel. L&rsquo;oscilloscope dispose d&rsquo;une bande passante \u00e9lev\u00e9e de 100 MHz et d&rsquo;un taux d&rsquo;\u00e9chantillonnage important de 1 GSA\/s. Ce qui rend l&rsquo;UTD2102CEX si sp\u00e9cial, c&rsquo;est que la profondeur de m\u00e9moire est assez \u00e9lev\u00e9e par rapport \u00e0 ses concurrents (par exemple l&rsquo;Owon SDS1102). En outre, une interface USB est disponible pour le stockage des signaux et des mesures.<\/p>\n","protected":false},"featured_media":10770,"comment_status":"open","ping_status":"closed","template":"","meta":[],"product_brand":[123],"product_cat":[118,124],"product_tag":[],"class_list":{"0":"post-10142","1":"product","2":"type-product","3":"status-publish","4":"has-post-thumbnail","6":"product_brand-uni-t","7":"product_cat-multimetre","8":"product_cat-oscilloscope","10":"first","11":"instock","12":"shipping-taxable","13":"purchasable","14":"product-type-simple"},"yoast_head":"<!-- This site is optimized with the Yoast SEO Premium plugin v26.2 (Yoast SEO v26.2) - https:\/\/yoast.com\/wordpress\/plugins\/seo\/ -->\n<title>UTD2102CEX OSCILLOSCOPE NUMERIQUE 2X100MHZ - ADC Electronique<\/title>\n<meta name=\"description\" content=\"L&#039;UNI-T UTD2102CEX est un oscilloscope 2 voies avec un rapport qualit\u00e9-prix exceptionnel. L&#039;oscilloscope dispose d&#039;une bande passante \u00e9lev\u00e9e de 100 MHz et d&#039;un taux d&#039;\u00e9chantillonnage important de 1 GSA\/s. Ce qui rend l&#039;UTD2102CEX si sp\u00e9cial, c&#039;est que la profondeur de m\u00e9moire est assez \u00e9lev\u00e9e par rapport \u00e0 ses concurrents (par exemple l&#039;Owon SDS1102). En outre, une interface USB est disponible pour le stockage des signaux et des mesures.\" \/>\n<meta name=\"robots\" content=\"index, follow, max-snippet:-1, max-image-preview:large, max-video-preview:-1\" \/>\n<link rel=\"canonical\" href=\"https:\/\/adcelectronique.com\/index.php\/product\/utd2102cex-oscilloscope-numerique-2x100mhz\/\" \/>\n<meta property=\"og:locale\" content=\"fr_FR\" \/>\n<meta property=\"og:type\" content=\"article\" \/>\n<meta property=\"og:title\" content=\"UTD2102CEX OSCILLOSCOPE NUMERIQUE 2X100MHZ\" \/>\n<meta property=\"og:description\" content=\"L&#039;UNI-T UTD2102CEX est un oscilloscope 2 voies avec un rapport qualit\u00e9-prix exceptionnel. L&#039;oscilloscope dispose d&#039;une bande passante \u00e9lev\u00e9e de 100 MHz et d&#039;un taux d&#039;\u00e9chantillonnage important de 1 GSA\/s. Ce qui rend l&#039;UTD2102CEX si sp\u00e9cial, c&#039;est que la profondeur de m\u00e9moire est assez \u00e9lev\u00e9e par rapport \u00e0 ses concurrents (par exemple l&#039;Owon SDS1102). En outre, une interface USB est disponible pour le stockage des signaux et des mesures.\" \/>\n<meta property=\"og:url\" content=\"https:\/\/adcelectronique.com\/index.php\/product\/utd2102cex-oscilloscope-numerique-2x100mhz\/\" \/>\n<meta property=\"og:site_name\" content=\"ADC Electronique\" \/>\n<meta property=\"article:modified_time\" content=\"2026-02-10T09:13:51+00:00\" \/>\n<meta property=\"og:image\" content=\"https:\/\/adcelectronique.com\/wp-content\/uploads\/2026\/01\/ChatGPT-Image-10-fevr.-2026-10_05_07-1024x683.png\" \/>\n\t<meta property=\"og:image:width\" content=\"1024\" \/>\n\t<meta property=\"og:image:height\" content=\"683\" \/>\n\t<meta property=\"og:image:type\" content=\"image\/png\" \/>\n<meta name=\"twitter:card\" content=\"summary_large_image\" \/>\n<meta name=\"twitter:label1\" content=\"Dur\u00e9e de lecture estim\u00e9e\" \/>\n\t<meta name=\"twitter:data1\" content=\"1 minute\" \/>\n<script type=\"application\/ld+json\" class=\"yoast-schema-graph\">{\"@context\":\"https:\/\/schema.org\",\"@graph\":[{\"@type\":\"WebPage\",\"@id\":\"https:\/\/adcelectronique.com\/index.php\/product\/utd2102cex-oscilloscope-numerique-2x100mhz\/\",\"url\":\"https:\/\/adcelectronique.com\/index.php\/product\/utd2102cex-oscilloscope-numerique-2x100mhz\/\",\"name\":\"UTD2102CEX OSCILLOSCOPE NUMERIQUE 2X100MHZ - ADC Electronique\",\"isPartOf\":{\"@id\":\"https:\/\/adcelectronique.com\/#website\"},\"primaryImageOfPage\":{\"@id\":\"https:\/\/adcelectronique.com\/index.php\/product\/utd2102cex-oscilloscope-numerique-2x100mhz\/#primaryimage\"},\"image\":{\"@id\":\"https:\/\/adcelectronique.com\/index.php\/product\/utd2102cex-oscilloscope-numerique-2x100mhz\/#primaryimage\"},\"thumbnailUrl\":\"https:\/\/adcelectronique.com\/wp-content\/uploads\/2026\/01\/ChatGPT-Image-10-fevr.-2026-10_05_07.png\",\"datePublished\":\"2026-01-22T08:56:40+00:00\",\"dateModified\":\"2026-02-10T09:13:51+00:00\",\"description\":\"L'UNI-T UTD2102CEX est un oscilloscope 2 voies avec un rapport qualit\u00e9-prix exceptionnel. L'oscilloscope dispose d'une bande passante \u00e9lev\u00e9e de 100 MHz et d'un taux d'\u00e9chantillonnage important de 1 GSA\/s. Ce qui rend l'UTD2102CEX si sp\u00e9cial, c'est que la profondeur de m\u00e9moire est assez \u00e9lev\u00e9e par rapport \u00e0 ses concurrents (par exemple l'Owon SDS1102). En outre, une interface USB est disponible pour le stockage des signaux et des mesures.\",\"breadcrumb\":{\"@id\":\"https:\/\/adcelectronique.com\/index.php\/product\/utd2102cex-oscilloscope-numerique-2x100mhz\/#breadcrumb\"},\"inLanguage\":\"fr-FR\",\"potentialAction\":[{\"@type\":\"ReadAction\",\"target\":[\"https:\/\/adcelectronique.com\/index.php\/product\/utd2102cex-oscilloscope-numerique-2x100mhz\/\"]}]},{\"@type\":\"ImageObject\",\"inLanguage\":\"fr-FR\",\"@id\":\"https:\/\/adcelectronique.com\/index.php\/product\/utd2102cex-oscilloscope-numerique-2x100mhz\/#primaryimage\",\"url\":\"https:\/\/adcelectronique.com\/wp-content\/uploads\/2026\/01\/ChatGPT-Image-10-fevr.-2026-10_05_07.png\",\"contentUrl\":\"https:\/\/adcelectronique.com\/wp-content\/uploads\/2026\/01\/ChatGPT-Image-10-fevr.-2026-10_05_07.png\",\"width\":1536,\"height\":1024},{\"@type\":\"BreadcrumbList\",\"@id\":\"https:\/\/adcelectronique.com\/index.php\/product\/utd2102cex-oscilloscope-numerique-2x100mhz\/#breadcrumb\",\"itemListElement\":[{\"@type\":\"ListItem\",\"position\":1,\"name\":\"Home\",\"item\":\"https:\/\/adcelectronique.com\/\"},{\"@type\":\"ListItem\",\"position\":2,\"name\":\"Shop\",\"item\":\"https:\/\/adcelectronique.com\/index.php\/shop\/\"},{\"@type\":\"ListItem\",\"position\":3,\"name\":\"UTD2102CEX OSCILLOSCOPE NUMERIQUE 2X100MHZ\"}]},{\"@type\":\"WebSite\",\"@id\":\"https:\/\/adcelectronique.com\/#website\",\"url\":\"https:\/\/adcelectronique.com\/\",\"name\":\"ADC Electronique\",\"description\":\"\",\"potentialAction\":[{\"@type\":\"SearchAction\",\"target\":{\"@type\":\"EntryPoint\",\"urlTemplate\":\"https:\/\/adcelectronique.com\/?s={search_term_string}\"},\"query-input\":{\"@type\":\"PropertyValueSpecification\",\"valueRequired\":true,\"valueName\":\"search_term_string\"}}],\"inLanguage\":\"fr-FR\"}]}<\/script>\n<!-- \/ Yoast SEO Premium plugin. -->","yoast_head_json":{"title":"UTD2102CEX OSCILLOSCOPE NUMERIQUE 2X100MHZ - ADC Electronique","description":"L'UNI-T UTD2102CEX est un oscilloscope 2 voies avec un rapport qualit\u00e9-prix exceptionnel. L'oscilloscope dispose d'une bande passante \u00e9lev\u00e9e de 100 MHz et d'un taux d'\u00e9chantillonnage important de 1 GSA\/s. Ce qui rend l'UTD2102CEX si sp\u00e9cial, c'est que la profondeur de m\u00e9moire est assez \u00e9lev\u00e9e par rapport \u00e0 ses concurrents (par exemple l'Owon SDS1102). En outre, une interface USB est disponible pour le stockage des signaux et des mesures.","robots":{"index":"index","follow":"follow","max-snippet":"max-snippet:-1","max-image-preview":"max-image-preview:large","max-video-preview":"max-video-preview:-1"},"canonical":"https:\/\/adcelectronique.com\/index.php\/product\/utd2102cex-oscilloscope-numerique-2x100mhz\/","og_locale":"fr_FR","og_type":"article","og_title":"UTD2102CEX OSCILLOSCOPE NUMERIQUE 2X100MHZ","og_description":"L'UNI-T UTD2102CEX est un oscilloscope 2 voies avec un rapport qualit\u00e9-prix exceptionnel. L'oscilloscope dispose d'une bande passante \u00e9lev\u00e9e de 100 MHz et d'un taux d'\u00e9chantillonnage important de 1 GSA\/s. Ce qui rend l'UTD2102CEX si sp\u00e9cial, c'est que la profondeur de m\u00e9moire est assez \u00e9lev\u00e9e par rapport \u00e0 ses concurrents (par exemple l'Owon SDS1102). En outre, une interface USB est disponible pour le stockage des signaux et des mesures.","og_url":"https:\/\/adcelectronique.com\/index.php\/product\/utd2102cex-oscilloscope-numerique-2x100mhz\/","og_site_name":"ADC Electronique","article_modified_time":"2026-02-10T09:13:51+00:00","og_image":[{"width":1024,"height":683,"url":"https:\/\/adcelectronique.com\/wp-content\/uploads\/2026\/01\/ChatGPT-Image-10-fevr.-2026-10_05_07-1024x683.png","type":"image\/png"}],"twitter_card":"summary_large_image","twitter_misc":{"Dur\u00e9e de lecture estim\u00e9e":"1 minute"},"schema":{"@context":"https:\/\/schema.org","@graph":[{"@type":"WebPage","@id":"https:\/\/adcelectronique.com\/index.php\/product\/utd2102cex-oscilloscope-numerique-2x100mhz\/","url":"https:\/\/adcelectronique.com\/index.php\/product\/utd2102cex-oscilloscope-numerique-2x100mhz\/","name":"UTD2102CEX OSCILLOSCOPE NUMERIQUE 2X100MHZ - ADC Electronique","isPartOf":{"@id":"https:\/\/adcelectronique.com\/#website"},"primaryImageOfPage":{"@id":"https:\/\/adcelectronique.com\/index.php\/product\/utd2102cex-oscilloscope-numerique-2x100mhz\/#primaryimage"},"image":{"@id":"https:\/\/adcelectronique.com\/index.php\/product\/utd2102cex-oscilloscope-numerique-2x100mhz\/#primaryimage"},"thumbnailUrl":"https:\/\/adcelectronique.com\/wp-content\/uploads\/2026\/01\/ChatGPT-Image-10-fevr.-2026-10_05_07.png","datePublished":"2026-01-22T08:56:40+00:00","dateModified":"2026-02-10T09:13:51+00:00","description":"L'UNI-T UTD2102CEX est un oscilloscope 2 voies avec un rapport qualit\u00e9-prix exceptionnel. L'oscilloscope dispose d'une bande passante \u00e9lev\u00e9e de 100 MHz et d'un taux d'\u00e9chantillonnage important de 1 GSA\/s. Ce qui rend l'UTD2102CEX si sp\u00e9cial, c'est que la profondeur de m\u00e9moire est assez \u00e9lev\u00e9e par rapport \u00e0 ses concurrents (par exemple l'Owon SDS1102). En outre, une interface USB est disponible pour le stockage des signaux et des mesures.","breadcrumb":{"@id":"https:\/\/adcelectronique.com\/index.php\/product\/utd2102cex-oscilloscope-numerique-2x100mhz\/#breadcrumb"},"inLanguage":"fr-FR","potentialAction":[{"@type":"ReadAction","target":["https:\/\/adcelectronique.com\/index.php\/product\/utd2102cex-oscilloscope-numerique-2x100mhz\/"]}]},{"@type":"ImageObject","inLanguage":"fr-FR","@id":"https:\/\/adcelectronique.com\/index.php\/product\/utd2102cex-oscilloscope-numerique-2x100mhz\/#primaryimage","url":"https:\/\/adcelectronique.com\/wp-content\/uploads\/2026\/01\/ChatGPT-Image-10-fevr.-2026-10_05_07.png","contentUrl":"https:\/\/adcelectronique.com\/wp-content\/uploads\/2026\/01\/ChatGPT-Image-10-fevr.-2026-10_05_07.png","width":1536,"height":1024},{"@type":"BreadcrumbList","@id":"https:\/\/adcelectronique.com\/index.php\/product\/utd2102cex-oscilloscope-numerique-2x100mhz\/#breadcrumb","itemListElement":[{"@type":"ListItem","position":1,"name":"Home","item":"https:\/\/adcelectronique.com\/"},{"@type":"ListItem","position":2,"name":"Shop","item":"https:\/\/adcelectronique.com\/index.php\/shop\/"},{"@type":"ListItem","position":3,"name":"UTD2102CEX OSCILLOSCOPE NUMERIQUE 2X100MHZ"}]},{"@type":"WebSite","@id":"https:\/\/adcelectronique.com\/#website","url":"https:\/\/adcelectronique.com\/","name":"ADC Electronique","description":"","potentialAction":[{"@type":"SearchAction","target":{"@type":"EntryPoint","urlTemplate":"https:\/\/adcelectronique.com\/?s={search_term_string}"},"query-input":{"@type":"PropertyValueSpecification","valueRequired":true,"valueName":"search_term_string"}}],"inLanguage":"fr-FR"}]}},"_links":{"self":[{"href":"https:\/\/adcelectronique.com\/index.php\/wp-json\/wp\/v2\/product\/10142","targetHints":{"allow":["GET"]}}],"collection":[{"href":"https:\/\/adcelectronique.com\/index.php\/wp-json\/wp\/v2\/product"}],"about":[{"href":"https:\/\/adcelectronique.com\/index.php\/wp-json\/wp\/v2\/types\/product"}],"replies":[{"embeddable":true,"href":"https:\/\/adcelectronique.com\/index.php\/wp-json\/wp\/v2\/comments?post=10142"}],"version-history":[{"count":0,"href":"https:\/\/adcelectronique.com\/index.php\/wp-json\/wp\/v2\/product\/10142\/revisions"}],"wp:featuredmedia":[{"embeddable":true,"href":"https:\/\/adcelectronique.com\/index.php\/wp-json\/wp\/v2\/media\/10770"}],"wp:attachment":[{"href":"https:\/\/adcelectronique.com\/index.php\/wp-json\/wp\/v2\/media?parent=10142"}],"wp:term":[{"taxonomy":"product_brand","embeddable":true,"href":"https:\/\/adcelectronique.com\/index.php\/wp-json\/wp\/v2\/product_brand?post=10142"},{"taxonomy":"product_cat","embeddable":true,"href":"https:\/\/adcelectronique.com\/index.php\/wp-json\/wp\/v2\/product_cat?post=10142"},{"taxonomy":"product_tag","embeddable":true,"href":"https:\/\/adcelectronique.com\/index.php\/wp-json\/wp\/v2\/product_tag?post=10142"}],"curies":[{"name":"wp","href":"https:\/\/api.w.org\/{rel}","templated":true}]}}