{"id":10156,"date":"2026-01-22T09:18:10","date_gmt":"2026-01-22T09:18:10","guid":{"rendered":"https:\/\/adcelectronique.com\/?post_type=product&#038;p=10156"},"modified":"2026-03-29T12:23:16","modified_gmt":"2026-03-29T12:23:16","slug":"alimentation-stabilisee-kps305d-30v-5a-reglable","status":"publish","type":"product","link":"https:\/\/adcelectronique.com\/index.php\/product\/alimentation-stabilisee-kps305d-30v-5a-reglable\/","title":{"rendered":"ALIMENTATION STABILISEE  Eventek KPS305D &#8211; 30V 5A R\u00e9glable"},"content":{"rendered":"<h1><\/h1>\n<h1><span style=\"color: #ff6600\">\u00a0 \u00a0 \u00a0ALIMENTATION STABILISEE KPS305D &#8211; 30V 5A R\u00e9glable<\/span><\/h1>\n<h1 class=\"productDetail-tileName heading3\">KPS305D Bloc d&rsquo;alimentation de laboratoire r\u00e9glable 30 V 5 A CC Transformateur Alimentation de laboratoire r\u00e9glable Stabilis\u00e9 Affichage num\u00e9rique<\/h1>\n<p>&nbsp;<\/p>\n","protected":false},"excerpt":{"rendered":"<div class=\"section-title section-des\">\n<h2 id=\"s0-23-25-26-19-1-94[1]-2-3-7[0]-5[0]-3[0]-11[1]-1-5-title\" class=\"section-title__title\">D\u00e9tails du produit<\/h2>\n<\/div>\n<div class=\"panel-body\">\n<ul class=\"sectionpaenlbady\">\n<li><span class=\"a-list-item\">Alimentation CC mini mais professionnelle. L&rsquo;alimentation CC dispose d&rsquo;une fonction de protection compl\u00e8te du fonctionnement.<\/span><\/li>\n<li><span class=\"a-list-item\">Haute efficacit\u00e9, faible ondulation, petit volume, poids l\u00e9ger. Double affichage LED de la tension et du courant, haute pr\u00e9cision.<\/span><\/li>\n<li><span class=\"a-list-item\">Stabilisation de tension, limitation de courant, utilisation facile caract\u00e9risent le bloc d&rsquo;alimentation CC. Double entr\u00e9e de tension et choix pratique. Contr\u00f4le de la temp\u00e9rature du ventilateur dissipation de la chaleur, faible bruit. Double potentiom\u00e8tre, r\u00e9glage plus pr\u00e9cis.<\/span><\/li>\n<li><span class=\"a-list-item\">Avec fusible rempla\u00e7able, remplacement pratique du tube de protection. Application dans le test de ligne de production, l&rsquo;entretien \u00e9lectrique, les produits de vieillissement, la charge de la batterie, les laboratoires de recherche scientifique et l&rsquo;enseignement et tous les autres n\u00e9cessitent une alimentation r\u00e9gul\u00e9e par CC.<\/span><\/li>\n<li><span class=\"a-list-item\">Nos produits sont exp\u00e9di\u00e9s depuis nos entrep\u00f4ts europ\u00e9ens, arrivent en Allemagne sous 3 \u00e0 7 jours et dans les 5 \u00e0 10 jours dans d&rsquo;autres pays\/r\u00e9gions. Si vous avez des questions, veuillez apporter votre num\u00e9ro ASIN de produit et nous contacter. Nous vous promettons que nous ferons de notre mieux pour vous aider \u00e0 r\u00e9soudre vos questions.<\/span><\/li>\n<\/ul>\n<\/div>\n","protected":false},"featured_media":10767,"comment_status":"open","ping_status":"closed","template":"","meta":[],"product_brand":[126],"product_cat":[125,152],"product_tag":[],"class_list":{"0":"post-10156","1":"product","2":"type-product","3":"status-publish","4":"has-post-thumbnail","6":"product_brand-wanptek","7":"product_cat-alimentation-stabilisee","8":"product_cat-alimentation-stabilisee-alimentation-stabilisee","10":"first","11":"instock","12":"shipping-taxable","13":"purchasable","14":"product-type-simple"},"yoast_head":"<!-- This site is optimized with the Yoast SEO Premium plugin v26.2 (Yoast SEO v26.2) - https:\/\/yoast.com\/wordpress\/plugins\/seo\/ -->\n<title>ALIMENTATION STABILISEE Eventek KPS305D - 30V 5A R\u00e9glable - ADC Electronique<\/title>\n<meta name=\"description\" content=\"D\u00e9tails du produitAlimentation CC mini mais professionnelle. L&#039;alimentation CC dispose d&#039;une fonction de protection compl\u00e8te du fonctionnement.Haute efficacit\u00e9, faible ondulation, petit volume, poids l\u00e9ger. Double affichage LED de la tension et du courant, haute pr\u00e9cision.Stabilisation de tension, limitation de courant, utilisation facile caract\u00e9risent le bloc d&#039;alimentation CC. Double entr\u00e9e de tension et choix pratique. Contr\u00f4le de la temp\u00e9rature du ventilateur dissipation de la chaleur, faible bruit. Double potentiom\u00e8tre, r\u00e9glage plus pr\u00e9cis.Avec fusible rempla\u00e7able, remplacement pratique du tube de protection. Application dans le test de ligne de production, l&#039;entretien \u00e9lectrique, les produits de vieillissement, la charge de la batterie, les laboratoires de recherche scientifique et l&#039;enseignement et tous les autres n\u00e9cessitent une alimentation r\u00e9gul\u00e9e par CC.Nos produits sont exp\u00e9di\u00e9s depuis nos entrep\u00f4ts europ\u00e9ens, arrivent en Allemagne sous 3 \u00e0 7 jours et dans les 5 \u00e0 10 jours dans d&#039;autres pays\/r\u00e9gions. Si vous avez des questions, veuillez apporter votre num\u00e9ro ASIN de produit et nous contacter. Nous vous promettons que nous ferons de notre mieux pour vous aider \u00e0 r\u00e9soudre vos questions.\" \/>\n<meta name=\"robots\" content=\"index, follow, max-snippet:-1, max-image-preview:large, max-video-preview:-1\" \/>\n<link rel=\"canonical\" href=\"https:\/\/adcelectronique.com\/index.php\/product\/alimentation-stabilisee-kps305d-30v-5a-reglable\/\" \/>\n<meta property=\"og:locale\" content=\"fr_FR\" \/>\n<meta property=\"og:type\" content=\"article\" \/>\n<meta property=\"og:title\" content=\"ALIMENTATION STABILISEE Eventek KPS305D - 30V 5A R\u00e9glable\" \/>\n<meta property=\"og:description\" content=\"D\u00e9tails du produitAlimentation CC mini mais professionnelle. L&#039;alimentation CC dispose d&#039;une fonction de protection compl\u00e8te du fonctionnement.Haute efficacit\u00e9, faible ondulation, petit volume, poids l\u00e9ger. Double affichage LED de la tension et du courant, haute pr\u00e9cision.Stabilisation de tension, limitation de courant, utilisation facile caract\u00e9risent le bloc d&#039;alimentation CC. Double entr\u00e9e de tension et choix pratique. Contr\u00f4le de la temp\u00e9rature du ventilateur dissipation de la chaleur, faible bruit. Double potentiom\u00e8tre, r\u00e9glage plus pr\u00e9cis.Avec fusible rempla\u00e7able, remplacement pratique du tube de protection. Application dans le test de ligne de production, l&#039;entretien \u00e9lectrique, les produits de vieillissement, la charge de la batterie, les laboratoires de recherche scientifique et l&#039;enseignement et tous les autres n\u00e9cessitent une alimentation r\u00e9gul\u00e9e par CC.Nos produits sont exp\u00e9di\u00e9s depuis nos entrep\u00f4ts europ\u00e9ens, arrivent en Allemagne sous 3 \u00e0 7 jours et dans les 5 \u00e0 10 jours dans d&#039;autres pays\/r\u00e9gions. Si vous avez des questions, veuillez apporter votre num\u00e9ro ASIN de produit et nous contacter. Nous vous promettons que nous ferons de notre mieux pour vous aider \u00e0 r\u00e9soudre vos questions.\" \/>\n<meta property=\"og:url\" content=\"https:\/\/adcelectronique.com\/index.php\/product\/alimentation-stabilisee-kps305d-30v-5a-reglable\/\" \/>\n<meta property=\"og:site_name\" content=\"ADC Electronique\" \/>\n<meta property=\"article:modified_time\" content=\"2026-03-29T12:23:16+00:00\" \/>\n<meta property=\"og:image\" content=\"https:\/\/adcelectronique.com\/wp-content\/uploads\/2026\/01\/ChatGPT-Image-9-fevr.-2026-15_37_25.png\" \/>\n\t<meta property=\"og:image:width\" content=\"1024\" \/>\n\t<meta property=\"og:image:height\" content=\"1024\" \/>\n\t<meta property=\"og:image:type\" content=\"image\/png\" \/>\n<meta name=\"twitter:card\" content=\"summary_large_image\" \/>\n<meta name=\"twitter:label1\" content=\"Dur\u00e9e de lecture estim\u00e9e\" \/>\n\t<meta name=\"twitter:data1\" content=\"1 minute\" \/>\n<script type=\"application\/ld+json\" class=\"yoast-schema-graph\">{\"@context\":\"https:\/\/schema.org\",\"@graph\":[{\"@type\":\"WebPage\",\"@id\":\"https:\/\/adcelectronique.com\/index.php\/product\/alimentation-stabilisee-kps305d-30v-5a-reglable\/\",\"url\":\"https:\/\/adcelectronique.com\/index.php\/product\/alimentation-stabilisee-kps305d-30v-5a-reglable\/\",\"name\":\"ALIMENTATION STABILISEE Eventek KPS305D - 30V 5A R\u00e9glable - ADC Electronique\",\"isPartOf\":{\"@id\":\"https:\/\/adcelectronique.com\/#website\"},\"primaryImageOfPage\":{\"@id\":\"https:\/\/adcelectronique.com\/index.php\/product\/alimentation-stabilisee-kps305d-30v-5a-reglable\/#primaryimage\"},\"image\":{\"@id\":\"https:\/\/adcelectronique.com\/index.php\/product\/alimentation-stabilisee-kps305d-30v-5a-reglable\/#primaryimage\"},\"thumbnailUrl\":\"https:\/\/adcelectronique.com\/wp-content\/uploads\/2026\/01\/ChatGPT-Image-9-fevr.-2026-15_37_25.png\",\"datePublished\":\"2026-01-22T09:18:10+00:00\",\"dateModified\":\"2026-03-29T12:23:16+00:00\",\"description\":\"D\u00e9tails du produitAlimentation CC mini mais professionnelle. L'alimentation CC dispose d'une fonction de protection compl\u00e8te du fonctionnement.Haute efficacit\u00e9, faible ondulation, petit volume, poids l\u00e9ger. Double affichage LED de la tension et du courant, haute pr\u00e9cision.Stabilisation de tension, limitation de courant, utilisation facile caract\u00e9risent le bloc d'alimentation CC. Double entr\u00e9e de tension et choix pratique. Contr\u00f4le de la temp\u00e9rature du ventilateur dissipation de la chaleur, faible bruit. Double potentiom\u00e8tre, r\u00e9glage plus pr\u00e9cis.Avec fusible rempla\u00e7able, remplacement pratique du tube de protection. Application dans le test de ligne de production, l'entretien \u00e9lectrique, les produits de vieillissement, la charge de la batterie, les laboratoires de recherche scientifique et l'enseignement et tous les autres n\u00e9cessitent une alimentation r\u00e9gul\u00e9e par CC.Nos produits sont exp\u00e9di\u00e9s depuis nos entrep\u00f4ts europ\u00e9ens, arrivent en Allemagne sous 3 \u00e0 7 jours et dans les 5 \u00e0 10 jours dans d'autres pays\/r\u00e9gions. Si vous avez des questions, veuillez apporter votre num\u00e9ro ASIN de produit et nous contacter. Nous vous promettons que nous ferons de notre mieux pour vous aider \u00e0 r\u00e9soudre vos questions.\",\"breadcrumb\":{\"@id\":\"https:\/\/adcelectronique.com\/index.php\/product\/alimentation-stabilisee-kps305d-30v-5a-reglable\/#breadcrumb\"},\"inLanguage\":\"fr-FR\",\"potentialAction\":[{\"@type\":\"ReadAction\",\"target\":[\"https:\/\/adcelectronique.com\/index.php\/product\/alimentation-stabilisee-kps305d-30v-5a-reglable\/\"]}]},{\"@type\":\"ImageObject\",\"inLanguage\":\"fr-FR\",\"@id\":\"https:\/\/adcelectronique.com\/index.php\/product\/alimentation-stabilisee-kps305d-30v-5a-reglable\/#primaryimage\",\"url\":\"https:\/\/adcelectronique.com\/wp-content\/uploads\/2026\/01\/ChatGPT-Image-9-fevr.-2026-15_37_25.png\",\"contentUrl\":\"https:\/\/adcelectronique.com\/wp-content\/uploads\/2026\/01\/ChatGPT-Image-9-fevr.-2026-15_37_25.png\",\"width\":1024,\"height\":1024},{\"@type\":\"BreadcrumbList\",\"@id\":\"https:\/\/adcelectronique.com\/index.php\/product\/alimentation-stabilisee-kps305d-30v-5a-reglable\/#breadcrumb\",\"itemListElement\":[{\"@type\":\"ListItem\",\"position\":1,\"name\":\"Home\",\"item\":\"https:\/\/adcelectronique.com\/\"},{\"@type\":\"ListItem\",\"position\":2,\"name\":\"Shop\",\"item\":\"https:\/\/adcelectronique.com\/index.php\/shop\/\"},{\"@type\":\"ListItem\",\"position\":3,\"name\":\"ALIMENTATION STABILISEE Eventek KPS305D &#8211; 30V 5A R\u00e9glable\"}]},{\"@type\":\"WebSite\",\"@id\":\"https:\/\/adcelectronique.com\/#website\",\"url\":\"https:\/\/adcelectronique.com\/\",\"name\":\"ADC Electronique\",\"description\":\"\",\"potentialAction\":[{\"@type\":\"SearchAction\",\"target\":{\"@type\":\"EntryPoint\",\"urlTemplate\":\"https:\/\/adcelectronique.com\/?s={search_term_string}\"},\"query-input\":{\"@type\":\"PropertyValueSpecification\",\"valueRequired\":true,\"valueName\":\"search_term_string\"}}],\"inLanguage\":\"fr-FR\"}]}<\/script>\n<!-- \/ Yoast SEO Premium plugin. -->","yoast_head_json":{"title":"ALIMENTATION STABILISEE Eventek KPS305D - 30V 5A R\u00e9glable - ADC Electronique","description":"D\u00e9tails du produitAlimentation CC mini mais professionnelle. L'alimentation CC dispose d'une fonction de protection compl\u00e8te du fonctionnement.Haute efficacit\u00e9, faible ondulation, petit volume, poids l\u00e9ger. Double affichage LED de la tension et du courant, haute pr\u00e9cision.Stabilisation de tension, limitation de courant, utilisation facile caract\u00e9risent le bloc d'alimentation CC. Double entr\u00e9e de tension et choix pratique. Contr\u00f4le de la temp\u00e9rature du ventilateur dissipation de la chaleur, faible bruit. Double potentiom\u00e8tre, r\u00e9glage plus pr\u00e9cis.Avec fusible rempla\u00e7able, remplacement pratique du tube de protection. Application dans le test de ligne de production, l'entretien \u00e9lectrique, les produits de vieillissement, la charge de la batterie, les laboratoires de recherche scientifique et l'enseignement et tous les autres n\u00e9cessitent une alimentation r\u00e9gul\u00e9e par CC.Nos produits sont exp\u00e9di\u00e9s depuis nos entrep\u00f4ts europ\u00e9ens, arrivent en Allemagne sous 3 \u00e0 7 jours et dans les 5 \u00e0 10 jours dans d'autres pays\/r\u00e9gions. Si vous avez des questions, veuillez apporter votre num\u00e9ro ASIN de produit et nous contacter. Nous vous promettons que nous ferons de notre mieux pour vous aider \u00e0 r\u00e9soudre vos questions.","robots":{"index":"index","follow":"follow","max-snippet":"max-snippet:-1","max-image-preview":"max-image-preview:large","max-video-preview":"max-video-preview:-1"},"canonical":"https:\/\/adcelectronique.com\/index.php\/product\/alimentation-stabilisee-kps305d-30v-5a-reglable\/","og_locale":"fr_FR","og_type":"article","og_title":"ALIMENTATION STABILISEE Eventek KPS305D - 30V 5A R\u00e9glable","og_description":"D\u00e9tails du produitAlimentation CC mini mais professionnelle. L'alimentation CC dispose d'une fonction de protection compl\u00e8te du fonctionnement.Haute efficacit\u00e9, faible ondulation, petit volume, poids l\u00e9ger. Double affichage LED de la tension et du courant, haute pr\u00e9cision.Stabilisation de tension, limitation de courant, utilisation facile caract\u00e9risent le bloc d'alimentation CC. Double entr\u00e9e de tension et choix pratique. Contr\u00f4le de la temp\u00e9rature du ventilateur dissipation de la chaleur, faible bruit. Double potentiom\u00e8tre, r\u00e9glage plus pr\u00e9cis.Avec fusible rempla\u00e7able, remplacement pratique du tube de protection. Application dans le test de ligne de production, l'entretien \u00e9lectrique, les produits de vieillissement, la charge de la batterie, les laboratoires de recherche scientifique et l'enseignement et tous les autres n\u00e9cessitent une alimentation r\u00e9gul\u00e9e par CC.Nos produits sont exp\u00e9di\u00e9s depuis nos entrep\u00f4ts europ\u00e9ens, arrivent en Allemagne sous 3 \u00e0 7 jours et dans les 5 \u00e0 10 jours dans d'autres pays\/r\u00e9gions. Si vous avez des questions, veuillez apporter votre num\u00e9ro ASIN de produit et nous contacter. Nous vous promettons que nous ferons de notre mieux pour vous aider \u00e0 r\u00e9soudre vos questions.","og_url":"https:\/\/adcelectronique.com\/index.php\/product\/alimentation-stabilisee-kps305d-30v-5a-reglable\/","og_site_name":"ADC Electronique","article_modified_time":"2026-03-29T12:23:16+00:00","og_image":[{"width":1024,"height":1024,"url":"https:\/\/adcelectronique.com\/wp-content\/uploads\/2026\/01\/ChatGPT-Image-9-fevr.-2026-15_37_25.png","type":"image\/png"}],"twitter_card":"summary_large_image","twitter_misc":{"Dur\u00e9e de lecture estim\u00e9e":"1 minute"},"schema":{"@context":"https:\/\/schema.org","@graph":[{"@type":"WebPage","@id":"https:\/\/adcelectronique.com\/index.php\/product\/alimentation-stabilisee-kps305d-30v-5a-reglable\/","url":"https:\/\/adcelectronique.com\/index.php\/product\/alimentation-stabilisee-kps305d-30v-5a-reglable\/","name":"ALIMENTATION STABILISEE Eventek KPS305D - 30V 5A R\u00e9glable - ADC Electronique","isPartOf":{"@id":"https:\/\/adcelectronique.com\/#website"},"primaryImageOfPage":{"@id":"https:\/\/adcelectronique.com\/index.php\/product\/alimentation-stabilisee-kps305d-30v-5a-reglable\/#primaryimage"},"image":{"@id":"https:\/\/adcelectronique.com\/index.php\/product\/alimentation-stabilisee-kps305d-30v-5a-reglable\/#primaryimage"},"thumbnailUrl":"https:\/\/adcelectronique.com\/wp-content\/uploads\/2026\/01\/ChatGPT-Image-9-fevr.-2026-15_37_25.png","datePublished":"2026-01-22T09:18:10+00:00","dateModified":"2026-03-29T12:23:16+00:00","description":"D\u00e9tails du produitAlimentation CC mini mais professionnelle. L'alimentation CC dispose d'une fonction de protection compl\u00e8te du fonctionnement.Haute efficacit\u00e9, faible ondulation, petit volume, poids l\u00e9ger. Double affichage LED de la tension et du courant, haute pr\u00e9cision.Stabilisation de tension, limitation de courant, utilisation facile caract\u00e9risent le bloc d'alimentation CC. Double entr\u00e9e de tension et choix pratique. Contr\u00f4le de la temp\u00e9rature du ventilateur dissipation de la chaleur, faible bruit. Double potentiom\u00e8tre, r\u00e9glage plus pr\u00e9cis.Avec fusible rempla\u00e7able, remplacement pratique du tube de protection. Application dans le test de ligne de production, l'entretien \u00e9lectrique, les produits de vieillissement, la charge de la batterie, les laboratoires de recherche scientifique et l'enseignement et tous les autres n\u00e9cessitent une alimentation r\u00e9gul\u00e9e par CC.Nos produits sont exp\u00e9di\u00e9s depuis nos entrep\u00f4ts europ\u00e9ens, arrivent en Allemagne sous 3 \u00e0 7 jours et dans les 5 \u00e0 10 jours dans d'autres pays\/r\u00e9gions. Si vous avez des questions, veuillez apporter votre num\u00e9ro ASIN de produit et nous contacter. Nous vous promettons que nous ferons de notre mieux pour vous aider \u00e0 r\u00e9soudre vos questions.","breadcrumb":{"@id":"https:\/\/adcelectronique.com\/index.php\/product\/alimentation-stabilisee-kps305d-30v-5a-reglable\/#breadcrumb"},"inLanguage":"fr-FR","potentialAction":[{"@type":"ReadAction","target":["https:\/\/adcelectronique.com\/index.php\/product\/alimentation-stabilisee-kps305d-30v-5a-reglable\/"]}]},{"@type":"ImageObject","inLanguage":"fr-FR","@id":"https:\/\/adcelectronique.com\/index.php\/product\/alimentation-stabilisee-kps305d-30v-5a-reglable\/#primaryimage","url":"https:\/\/adcelectronique.com\/wp-content\/uploads\/2026\/01\/ChatGPT-Image-9-fevr.-2026-15_37_25.png","contentUrl":"https:\/\/adcelectronique.com\/wp-content\/uploads\/2026\/01\/ChatGPT-Image-9-fevr.-2026-15_37_25.png","width":1024,"height":1024},{"@type":"BreadcrumbList","@id":"https:\/\/adcelectronique.com\/index.php\/product\/alimentation-stabilisee-kps305d-30v-5a-reglable\/#breadcrumb","itemListElement":[{"@type":"ListItem","position":1,"name":"Home","item":"https:\/\/adcelectronique.com\/"},{"@type":"ListItem","position":2,"name":"Shop","item":"https:\/\/adcelectronique.com\/index.php\/shop\/"},{"@type":"ListItem","position":3,"name":"ALIMENTATION STABILISEE Eventek KPS305D &#8211; 30V 5A R\u00e9glable"}]},{"@type":"WebSite","@id":"https:\/\/adcelectronique.com\/#website","url":"https:\/\/adcelectronique.com\/","name":"ADC Electronique","description":"","potentialAction":[{"@type":"SearchAction","target":{"@type":"EntryPoint","urlTemplate":"https:\/\/adcelectronique.com\/?s={search_term_string}"},"query-input":{"@type":"PropertyValueSpecification","valueRequired":true,"valueName":"search_term_string"}}],"inLanguage":"fr-FR"}]}},"_links":{"self":[{"href":"https:\/\/adcelectronique.com\/index.php\/wp-json\/wp\/v2\/product\/10156","targetHints":{"allow":["GET"]}}],"collection":[{"href":"https:\/\/adcelectronique.com\/index.php\/wp-json\/wp\/v2\/product"}],"about":[{"href":"https:\/\/adcelectronique.com\/index.php\/wp-json\/wp\/v2\/types\/product"}],"replies":[{"embeddable":true,"href":"https:\/\/adcelectronique.com\/index.php\/wp-json\/wp\/v2\/comments?post=10156"}],"version-history":[{"count":0,"href":"https:\/\/adcelectronique.com\/index.php\/wp-json\/wp\/v2\/product\/10156\/revisions"}],"wp:featuredmedia":[{"embeddable":true,"href":"https:\/\/adcelectronique.com\/index.php\/wp-json\/wp\/v2\/media\/10767"}],"wp:attachment":[{"href":"https:\/\/adcelectronique.com\/index.php\/wp-json\/wp\/v2\/media?parent=10156"}],"wp:term":[{"taxonomy":"product_brand","embeddable":true,"href":"https:\/\/adcelectronique.com\/index.php\/wp-json\/wp\/v2\/product_brand?post=10156"},{"taxonomy":"product_cat","embeddable":true,"href":"https:\/\/adcelectronique.com\/index.php\/wp-json\/wp\/v2\/product_cat?post=10156"},{"taxonomy":"product_tag","embeddable":true,"href":"https:\/\/adcelectronique.com\/index.php\/wp-json\/wp\/v2\/product_tag?post=10156"}],"curies":[{"name":"wp","href":"https:\/\/api.w.org\/{rel}","templated":true}]}}