{"id":10211,"date":"2026-01-22T14:59:41","date_gmt":"2026-01-22T14:59:41","guid":{"rendered":"https:\/\/adcelectronique.com\/?post_type=product&#038;p=10211"},"modified":"2026-01-22T15:01:19","modified_gmt":"2026-01-22T15:01:19","slug":"amperemetrique-multimetre-numerique-600v-400a-uni-t-ut201","status":"publish","type":"product","link":"https:\/\/adcelectronique.com\/index.php\/product\/amperemetrique-multimetre-numerique-600v-400a-uni-t-ut201\/","title":{"rendered":"Amp\u00e8rem\u00e9trique, Multim\u00e8tre num\u00e9rique 600V, 400A UNI-T UT201+"},"content":{"rendered":"<ul id=\"productContentTabs\" class=\"nav nav-tabs ps-tab-list\" role=\"tablist\">\n<li role=\"presentation\">\n<h1 id=\"title\" class=\"a-size-large a-spacing-none\"><span id=\"productTitle\" class=\"a-size-large product-title-word-break\">UNI-T UT201+ Pince Amperemetrique de courant Courant AC 400A, AC\/DC 600V Voltmetre Multimetre Professionnel Mesure le courant AC, la tension, NCV, r\u00e9sistances, Continuit\u00e9, Diodes, Fr\u00e9quence<\/span><\/h1>\n<\/li>\n<li class=\"nav-item\" role=\"presentation\"><a id=\"description-tab\" class=\"nav-link active\" role=\"tab\" href=\"https:\/\/dymadis.com\/pince-multim%C3%A9tre-num%C3%A9rique-600v-uni-t-ut201?srsltid=AfmBOopfIDIlvuoLzxfp0TLL4ZTECr-2IbZyqVoQXrReR9Dpg6qito8n#description-content\" data-toggle=\"tab\" aria-controls=\"description-content\">Sp\u00e9cifications<\/a><\/li>\n<\/ul>\n<div id=\"productContent\" class=\"tab-content\">\n<div id=\"description-content\" class=\"tab-pane fade show active\" role=\"tabpanel\" aria-labelledby=\"description-tab\">\n<ul>\n<li>Courant alternatif (A) 400A\u00b1(2%+10)<\/li>\n<li>Tension ca (V) 600V \u00b1(0.8%+5)<\/li>\n<li>La r\u00e9sistance:\u00a040M\u03a9\u00b1(0.8%+2)<\/li>\n<li>Fr\u00e9quence du courant alternatif (Hz) 50Hz~100Hz\u00b1(1%+5)<\/li>\n<\/ul>\n<\/div>\n<\/div>\n","protected":false},"excerpt":{"rendered":"<ul>\n<li>\n<h3 id=\"title\" class=\"a-size-large a-spacing-none\"><em><span id=\"productTitle\" class=\"a-size-large product-title-word-break\">UNI-T UT201+ Pince Amperemetrique de courant Courant AC 400A, AC\/DC 600V Voltmetre Multimetre Professionnel Mesure le courant AC, la tension, NCV, r\u00e9sistances, Continuit\u00e9, Diodes, <strong>Fr\u00e9quence<\/strong><\/span>\u00a0<\/em><\/h3>\n<\/li>\n<\/ul>\n","protected":false},"featured_media":10212,"comment_status":"open","ping_status":"closed","template":"","meta":[],"product_brand":[123],"product_cat":[118],"product_tag":[],"class_list":{"0":"post-10211","1":"product","2":"type-product","3":"status-publish","4":"has-post-thumbnail","6":"product_brand-uni-t","7":"product_cat-multimetre","9":"first","10":"instock","11":"shipping-taxable","12":"purchasable","13":"product-type-simple"},"yoast_head":"<!-- This site is optimized with the Yoast SEO Premium plugin v26.2 (Yoast SEO v26.2) - https:\/\/yoast.com\/wordpress\/plugins\/seo\/ -->\n<title>Amp\u00e8rem\u00e9trique, Multim\u00e8tre num\u00e9rique 600V, 400A UNI-T UT201+ - ADC Electronique<\/title>\n<meta name=\"description\" content=\"UNI-T UT201+ Pince Amperemetrique de courant Courant AC 400A, AC\/DC 600V Voltmetre Multimetre Professionnel Mesure le courant AC, la tension, NCV, r\u00e9sistances, Continuit\u00e9, Diodes, Fr\u00e9quence\u00a0\" \/>\n<meta name=\"robots\" content=\"index, follow, max-snippet:-1, max-image-preview:large, max-video-preview:-1\" \/>\n<link rel=\"canonical\" href=\"https:\/\/adcelectronique.com\/index.php\/product\/amperemetrique-multimetre-numerique-600v-400a-uni-t-ut201\/\" \/>\n<meta property=\"og:locale\" content=\"fr_FR\" \/>\n<meta property=\"og:type\" content=\"article\" \/>\n<meta property=\"og:title\" content=\"Amp\u00e8rem\u00e9trique, Multim\u00e8tre num\u00e9rique 600V, 400A UNI-T UT201+\" \/>\n<meta property=\"og:description\" content=\"UNI-T UT201+ Pince Amperemetrique de courant Courant AC 400A, AC\/DC 600V Voltmetre Multimetre Professionnel Mesure le courant AC, la tension, NCV, r\u00e9sistances, Continuit\u00e9, Diodes, Fr\u00e9quence\u00a0\" \/>\n<meta property=\"og:url\" content=\"https:\/\/adcelectronique.com\/index.php\/product\/amperemetrique-multimetre-numerique-600v-400a-uni-t-ut201\/\" \/>\n<meta property=\"og:site_name\" content=\"ADC Electronique\" \/>\n<meta property=\"article:modified_time\" content=\"2026-01-22T15:01:19+00:00\" \/>\n<meta property=\"og:image\" content=\"https:\/\/adcelectronique.com\/wp-content\/uploads\/2026\/01\/image_2026-01-22_155650731.png\" \/>\n\t<meta property=\"og:image:width\" content=\"790\" \/>\n\t<meta property=\"og:image:height\" content=\"798\" \/>\n\t<meta property=\"og:image:type\" content=\"image\/png\" \/>\n<meta name=\"twitter:card\" content=\"summary_large_image\" \/>\n<meta name=\"twitter:label1\" content=\"Dur\u00e9e de lecture estim\u00e9e\" \/>\n\t<meta name=\"twitter:data1\" content=\"1 minute\" \/>\n<script type=\"application\/ld+json\" class=\"yoast-schema-graph\">{\"@context\":\"https:\/\/schema.org\",\"@graph\":[{\"@type\":\"WebPage\",\"@id\":\"https:\/\/adcelectronique.com\/index.php\/product\/amperemetrique-multimetre-numerique-600v-400a-uni-t-ut201\/\",\"url\":\"https:\/\/adcelectronique.com\/index.php\/product\/amperemetrique-multimetre-numerique-600v-400a-uni-t-ut201\/\",\"name\":\"Amp\u00e8rem\u00e9trique, Multim\u00e8tre num\u00e9rique 600V, 400A UNI-T UT201+ - ADC Electronique\",\"isPartOf\":{\"@id\":\"https:\/\/adcelectronique.com\/#website\"},\"primaryImageOfPage\":{\"@id\":\"https:\/\/adcelectronique.com\/index.php\/product\/amperemetrique-multimetre-numerique-600v-400a-uni-t-ut201\/#primaryimage\"},\"image\":{\"@id\":\"https:\/\/adcelectronique.com\/index.php\/product\/amperemetrique-multimetre-numerique-600v-400a-uni-t-ut201\/#primaryimage\"},\"thumbnailUrl\":\"https:\/\/adcelectronique.com\/wp-content\/uploads\/2026\/01\/image_2026-01-22_155650731.png\",\"datePublished\":\"2026-01-22T14:59:41+00:00\",\"dateModified\":\"2026-01-22T15:01:19+00:00\",\"description\":\"UNI-T UT201+ Pince Amperemetrique de courant Courant AC 400A, AC\/DC 600V Voltmetre Multimetre Professionnel Mesure le courant AC, la tension, NCV, r\u00e9sistances, Continuit\u00e9, Diodes, Fr\u00e9quence\u00a0\",\"breadcrumb\":{\"@id\":\"https:\/\/adcelectronique.com\/index.php\/product\/amperemetrique-multimetre-numerique-600v-400a-uni-t-ut201\/#breadcrumb\"},\"inLanguage\":\"fr-FR\",\"potentialAction\":[{\"@type\":\"ReadAction\",\"target\":[\"https:\/\/adcelectronique.com\/index.php\/product\/amperemetrique-multimetre-numerique-600v-400a-uni-t-ut201\/\"]}]},{\"@type\":\"ImageObject\",\"inLanguage\":\"fr-FR\",\"@id\":\"https:\/\/adcelectronique.com\/index.php\/product\/amperemetrique-multimetre-numerique-600v-400a-uni-t-ut201\/#primaryimage\",\"url\":\"https:\/\/adcelectronique.com\/wp-content\/uploads\/2026\/01\/image_2026-01-22_155650731.png\",\"contentUrl\":\"https:\/\/adcelectronique.com\/wp-content\/uploads\/2026\/01\/image_2026-01-22_155650731.png\",\"width\":790,\"height\":798},{\"@type\":\"BreadcrumbList\",\"@id\":\"https:\/\/adcelectronique.com\/index.php\/product\/amperemetrique-multimetre-numerique-600v-400a-uni-t-ut201\/#breadcrumb\",\"itemListElement\":[{\"@type\":\"ListItem\",\"position\":1,\"name\":\"Home\",\"item\":\"https:\/\/adcelectronique.com\/\"},{\"@type\":\"ListItem\",\"position\":2,\"name\":\"Shop\",\"item\":\"https:\/\/adcelectronique.com\/index.php\/shop\/\"},{\"@type\":\"ListItem\",\"position\":3,\"name\":\"Amp\u00e8rem\u00e9trique, Multim\u00e8tre num\u00e9rique 600V, 400A UNI-T UT201+\"}]},{\"@type\":\"WebSite\",\"@id\":\"https:\/\/adcelectronique.com\/#website\",\"url\":\"https:\/\/adcelectronique.com\/\",\"name\":\"ADC Electronique\",\"description\":\"\",\"potentialAction\":[{\"@type\":\"SearchAction\",\"target\":{\"@type\":\"EntryPoint\",\"urlTemplate\":\"https:\/\/adcelectronique.com\/?s={search_term_string}\"},\"query-input\":{\"@type\":\"PropertyValueSpecification\",\"valueRequired\":true,\"valueName\":\"search_term_string\"}}],\"inLanguage\":\"fr-FR\"}]}<\/script>\n<!-- \/ Yoast SEO Premium plugin. -->","yoast_head_json":{"title":"Amp\u00e8rem\u00e9trique, Multim\u00e8tre num\u00e9rique 600V, 400A UNI-T UT201+ - ADC Electronique","description":"UNI-T UT201+ Pince Amperemetrique de courant Courant AC 400A, AC\/DC 600V Voltmetre Multimetre Professionnel Mesure le courant AC, la tension, NCV, r\u00e9sistances, Continuit\u00e9, Diodes, Fr\u00e9quence\u00a0","robots":{"index":"index","follow":"follow","max-snippet":"max-snippet:-1","max-image-preview":"max-image-preview:large","max-video-preview":"max-video-preview:-1"},"canonical":"https:\/\/adcelectronique.com\/index.php\/product\/amperemetrique-multimetre-numerique-600v-400a-uni-t-ut201\/","og_locale":"fr_FR","og_type":"article","og_title":"Amp\u00e8rem\u00e9trique, Multim\u00e8tre num\u00e9rique 600V, 400A UNI-T UT201+","og_description":"UNI-T UT201+ Pince Amperemetrique de courant Courant AC 400A, AC\/DC 600V Voltmetre Multimetre Professionnel Mesure le courant AC, la tension, NCV, r\u00e9sistances, Continuit\u00e9, Diodes, Fr\u00e9quence\u00a0","og_url":"https:\/\/adcelectronique.com\/index.php\/product\/amperemetrique-multimetre-numerique-600v-400a-uni-t-ut201\/","og_site_name":"ADC Electronique","article_modified_time":"2026-01-22T15:01:19+00:00","og_image":[{"width":790,"height":798,"url":"https:\/\/adcelectronique.com\/wp-content\/uploads\/2026\/01\/image_2026-01-22_155650731.png","type":"image\/png"}],"twitter_card":"summary_large_image","twitter_misc":{"Dur\u00e9e de lecture estim\u00e9e":"1 minute"},"schema":{"@context":"https:\/\/schema.org","@graph":[{"@type":"WebPage","@id":"https:\/\/adcelectronique.com\/index.php\/product\/amperemetrique-multimetre-numerique-600v-400a-uni-t-ut201\/","url":"https:\/\/adcelectronique.com\/index.php\/product\/amperemetrique-multimetre-numerique-600v-400a-uni-t-ut201\/","name":"Amp\u00e8rem\u00e9trique, Multim\u00e8tre num\u00e9rique 600V, 400A UNI-T UT201+ - ADC Electronique","isPartOf":{"@id":"https:\/\/adcelectronique.com\/#website"},"primaryImageOfPage":{"@id":"https:\/\/adcelectronique.com\/index.php\/product\/amperemetrique-multimetre-numerique-600v-400a-uni-t-ut201\/#primaryimage"},"image":{"@id":"https:\/\/adcelectronique.com\/index.php\/product\/amperemetrique-multimetre-numerique-600v-400a-uni-t-ut201\/#primaryimage"},"thumbnailUrl":"https:\/\/adcelectronique.com\/wp-content\/uploads\/2026\/01\/image_2026-01-22_155650731.png","datePublished":"2026-01-22T14:59:41+00:00","dateModified":"2026-01-22T15:01:19+00:00","description":"UNI-T UT201+ Pince Amperemetrique de courant Courant AC 400A, AC\/DC 600V Voltmetre Multimetre Professionnel Mesure le courant AC, la tension, NCV, r\u00e9sistances, Continuit\u00e9, Diodes, Fr\u00e9quence\u00a0","breadcrumb":{"@id":"https:\/\/adcelectronique.com\/index.php\/product\/amperemetrique-multimetre-numerique-600v-400a-uni-t-ut201\/#breadcrumb"},"inLanguage":"fr-FR","potentialAction":[{"@type":"ReadAction","target":["https:\/\/adcelectronique.com\/index.php\/product\/amperemetrique-multimetre-numerique-600v-400a-uni-t-ut201\/"]}]},{"@type":"ImageObject","inLanguage":"fr-FR","@id":"https:\/\/adcelectronique.com\/index.php\/product\/amperemetrique-multimetre-numerique-600v-400a-uni-t-ut201\/#primaryimage","url":"https:\/\/adcelectronique.com\/wp-content\/uploads\/2026\/01\/image_2026-01-22_155650731.png","contentUrl":"https:\/\/adcelectronique.com\/wp-content\/uploads\/2026\/01\/image_2026-01-22_155650731.png","width":790,"height":798},{"@type":"BreadcrumbList","@id":"https:\/\/adcelectronique.com\/index.php\/product\/amperemetrique-multimetre-numerique-600v-400a-uni-t-ut201\/#breadcrumb","itemListElement":[{"@type":"ListItem","position":1,"name":"Home","item":"https:\/\/adcelectronique.com\/"},{"@type":"ListItem","position":2,"name":"Shop","item":"https:\/\/adcelectronique.com\/index.php\/shop\/"},{"@type":"ListItem","position":3,"name":"Amp\u00e8rem\u00e9trique, Multim\u00e8tre num\u00e9rique 600V, 400A UNI-T UT201+"}]},{"@type":"WebSite","@id":"https:\/\/adcelectronique.com\/#website","url":"https:\/\/adcelectronique.com\/","name":"ADC Electronique","description":"","potentialAction":[{"@type":"SearchAction","target":{"@type":"EntryPoint","urlTemplate":"https:\/\/adcelectronique.com\/?s={search_term_string}"},"query-input":{"@type":"PropertyValueSpecification","valueRequired":true,"valueName":"search_term_string"}}],"inLanguage":"fr-FR"}]}},"_links":{"self":[{"href":"https:\/\/adcelectronique.com\/index.php\/wp-json\/wp\/v2\/product\/10211","targetHints":{"allow":["GET"]}}],"collection":[{"href":"https:\/\/adcelectronique.com\/index.php\/wp-json\/wp\/v2\/product"}],"about":[{"href":"https:\/\/adcelectronique.com\/index.php\/wp-json\/wp\/v2\/types\/product"}],"replies":[{"embeddable":true,"href":"https:\/\/adcelectronique.com\/index.php\/wp-json\/wp\/v2\/comments?post=10211"}],"version-history":[{"count":0,"href":"https:\/\/adcelectronique.com\/index.php\/wp-json\/wp\/v2\/product\/10211\/revisions"}],"wp:featuredmedia":[{"embeddable":true,"href":"https:\/\/adcelectronique.com\/index.php\/wp-json\/wp\/v2\/media\/10212"}],"wp:attachment":[{"href":"https:\/\/adcelectronique.com\/index.php\/wp-json\/wp\/v2\/media?parent=10211"}],"wp:term":[{"taxonomy":"product_brand","embeddable":true,"href":"https:\/\/adcelectronique.com\/index.php\/wp-json\/wp\/v2\/product_brand?post=10211"},{"taxonomy":"product_cat","embeddable":true,"href":"https:\/\/adcelectronique.com\/index.php\/wp-json\/wp\/v2\/product_cat?post=10211"},{"taxonomy":"product_tag","embeddable":true,"href":"https:\/\/adcelectronique.com\/index.php\/wp-json\/wp\/v2\/product_tag?post=10211"}],"curies":[{"name":"wp","href":"https:\/\/api.w.org\/{rel}","templated":true}]}}