{"id":10343,"date":"2026-01-25T14:23:24","date_gmt":"2026-01-25T14:23:24","guid":{"rendered":"https:\/\/adcelectronique.com\/?post_type=product&#038;p=10343"},"modified":"2026-01-25T14:23:25","modified_gmt":"2026-01-25T14:23:25","slug":"microscope-numerique-electronique-a-interface-usb","status":"publish","type":"product","link":"https:\/\/adcelectronique.com\/index.php\/product\/microscope-numerique-electronique-a-interface-usb\/","title":{"rendered":"Microscope num\u00e9rique \u00e9lectronique \u00e0 interface USB"},"content":{"rendered":"<div class=\"\">\n<div class=\"id-grid id-grid-cols-2 id-border-[0.5px] id-border-[#ddd] id-mt-3\">\n<div class=\"id-grid id-max-h-[68px] id-overflow-hidden id-grid-cols-[2fr_3fr] id-border-b-[0.5px] id-border-[#ddd]\">\n<div class=\"id-text-sm id-p-4 id-bg-[#f8f8f8] id-flex id-items-center\" title=\"R\u00e9solution de lu0027appareil photo\" data-spm-anchor-id=\"a2700.details.0.i111.14452462qJHdtJ\">\n<h2 data-spm-anchor-id=\"a2700.details.0.i110.14452462qJHdtJ\">\u00a0 \u00a0 \u00a0 \u00a0 \u00a0 \u00a0 \u00a0 \u00a0 \u00a0 \u00a0 Microscope num\u00e9rique \u00e9lectronique \u00e0 interface USB<\/h2>\n<div data-spm-anchor-id=\"a2700.details.0.i110.14452462qJHdtJ\">\n<p>Microscope num\u00e9rique \u00e9lectronique \u00e0 interface USB 3 en 1 pour la r\u00e9paration de bijoux en diamant, de circuits imprim\u00e9s, de t\u00e9l\u00e9phones mobiles, microscope pour d\u00e9butants, microscope pour pi\u00e8ces de monnaie<\/p>\n<\/div>\n<div data-spm-anchor-id=\"a2700.details.0.i110.14452462qJHdtJ\">\n<h2 id=\"key-attributes\" class=\"id-text-xl id-font-bold\" data-spm-anchor-id=\"a2700.details.0.i109.14452462qJHdtJ\">Caract\u00e9ristiques du produit<\/h2>\n<\/div>\n<div class=\"id-line-clamp-2 id-leading-[18px]\" data-spm-anchor-id=\"a2700.details.0.i110.14452462qJHdtJ\">*R\u00e9solution de lu0027appareil photo:1920 * 1080<\/div>\n<\/div>\n<\/div>\n<div class=\"id-grid id-max-h-[68px] id-overflow-hidden id-grid-cols-[2fr_3fr] id-border-b-[0.5px] id-border-[#ddd]\">\n<div class=\"id-text-sm id-p-4 id-bg-[#f8f8f8] id-flex id-items-center\" title=\"Type\">\n<div class=\"id-line-clamp-2 id-leading-[18px]\">*Type:Microscope \u00e0 sonde \u00e0 balayage, Microscope monoculaire, Microscope num\u00e9rique, Microscope \u00e9lectronique<\/div>\n<\/div>\n<\/div>\n<div class=\"id-grid id-max-h-[68px] id-overflow-hidden id-grid-cols-[2fr_3fr] id-border-b-[0.5px] id-border-[#ddd]\">\n<div class=\"id-text-sm id-p-4 id-bg-[#f8f8f8] id-flex id-items-center\" title=\"Num\u00e9ro de Type\">\n<div class=\"id-line-clamp-2 id-leading-[18px]\">*Num\u00e9ro de Type:321-3 in1-2MP<\/div>\n<\/div>\n<\/div>\n<div class=\"id-grid id-max-h-[68px] id-overflow-hidden id-grid-cols-[2fr_3fr] id-border-b-[0.5px] id-border-[#ddd]\">\n<div class=\"id-text-sm id-p-4 id-bg-[#f8f8f8] id-flex id-items-center\" title=\"Support personnalis\u00e9\">\n<div class=\"id-line-clamp-2 id-leading-[18px]\">*Support personnalis\u00e9:OEM, ODM<\/div>\n<\/div>\n<\/div>\n<div class=\"id-grid id-max-h-[68px] id-overflow-hidden id-grid-cols-[2fr_3fr] id-border-b-[0.5px] id-border-[#ddd]\">\n<div class=\"id-text-sm id-p-4 id-bg-[#f8f8f8] id-flex id-items-center\" title=\"Dimension\">\n<div class=\"id-line-clamp-2 id-leading-[18px]\">*Dimension:1920*1080P<\/div>\n<\/div>\n<\/div>\n<div class=\"id-grid id-max-h-[68px] id-overflow-hidden id-grid-cols-[2fr_3fr] id-border-b-[0.5px] id-border-[#ddd]\">\n<div class=\"id-text-sm id-p-4 id-bg-[#f8f8f8] id-flex id-items-center\" title=\"Pixel\">\n<div class=\"id-line-clamp-2 id-leading-[18px]\">*Pixel:2 m\u00e9ga pixels<\/div>\n<\/div>\n<\/div>\n<div class=\"id-grid id-max-h-[68px] id-overflow-hidden id-grid-cols-[2fr_3fr] id-border-b-[0.5px] id-border-[#ddd]\">\n<div class=\"id-text-sm id-p-4 id-bg-[#f8f8f8] id-flex id-items-center\" title=\"R\u00e9solution\">\n<div class=\"id-line-clamp-2 id-leading-[18px]\">*R\u00e9solution:1920*1080P<\/div>\n<\/div>\n<\/div>\n<div class=\"id-grid id-max-h-[68px] id-overflow-hidden id-grid-cols-[2fr_3fr] id-border-b-[0.5px] id-border-[#ddd]\">\n<div class=\"id-text-sm id-p-4 id-bg-[#f8f8f8] id-flex id-items-center\" title=\"Lumi\u00e8res LED\">\n<div class=\"id-line-clamp-2 id-leading-[18px]\">*Lumi\u00e8res LED:8pcs Lumi\u00e8res<\/div>\n<\/div>\n<\/div>\n<div class=\"id-grid id-max-h-[68px] id-overflow-hidden id-grid-cols-[2fr_3fr] id-border-b-[0.5px] id-border-[#ddd]\">\n<div class=\"id-text-sm id-p-4 id-bg-[#f8f8f8] id-flex id-items-center\" title=\"Compatibilit\u00e9\">\n<div class=\"id-line-clamp-2 id-leading-[18px]\">*Compatibilit\u00e9:Windows\/Mac\/Android<\/div>\n<\/div>\n<\/div>\n<div class=\"id-grid id-max-h-[68px] id-overflow-hidden id-grid-cols-[2fr_3fr] id-border-b-[0.5px] id-border-[#ddd]\">\n<div class=\"id-text-sm id-p-4 id-bg-[#f8f8f8] id-flex id-items-center\" title=\"Fonction\">\n<div class=\"id-line-clamp-2 id-leading-[18px]\">*Fonction:Capture d&rsquo;images\/Enregistrement vid\u00e9o<\/div>\n<\/div>\n<\/div>\n<div class=\"id-grid id-max-h-[68px] id-overflow-hidden id-grid-cols-[2fr_3fr] id-border-b-[0.5px] id-border-[#ddd]\">\n<div class=\"id-text-sm id-p-4 id-bg-[#f8f8f8] id-flex id-items-center\" title=\"Certification\">\n<div class=\"id-line-clamp-2 id-leading-[18px]\">*Certification:CE,FCC,RoHS, BSCI, ISO9001<\/div>\n<\/div>\n<\/div>\n<div class=\"id-grid id-max-h-[68px] id-overflow-hidden id-grid-cols-[2fr_3fr]\">\n<div class=\"id-text-sm id-p-4 id-bg-[#f8f8f8] id-flex id-items-center\" title=\"Grossissement\">\n<div class=\"id-line-clamp-2 id-leading-[18px]\">*Grossissement:500X\/ 1000X\/ 1600X<\/div>\n<\/div>\n<\/div>\n<div class=\"id-grid id-max-h-[68px] id-overflow-hidden id-grid-cols-[2fr_3fr]\">\n<div class=\"id-text-sm id-p-4 id-bg-[#f8f8f8] id-flex id-items-center\" title=\"Garantie\"><\/div>\n<div class=\"id-text-sm id-font-medium id-p-4 id-flex id-items-center id-flex-wrap\" title=\"1 ann\u00e9e\">\n<div class=\"id-line-clamp-2 id-leading-[18px]\"><\/div>\n<\/div>\n<\/div>\n<\/div>\n<\/div>\n<div class=\"\">\n<div class=\"id-grid id-grid-cols-2 id-border-[0.5px] id-border-[#ddd] id-mt-3\">\n<div class=\"id-grid id-max-h-[68px] id-overflow-hidden id-grid-cols-[2fr_3fr]\">\n<div class=\"id-text-sm id-font-medium id-p-4 id-flex id-items-center id-flex-wrap\" title=\"1.000 kg\">\n<div class=\"id-line-clamp-2 id-leading-[18px]\" data-spm-anchor-id=\"a2700.details.0.i112.14452462qJHdtJ\"><\/div>\n<\/div>\n<\/div>\n<\/div>\n<\/div>\n","protected":false},"excerpt":{"rendered":"<div class=\"id-grid id-max-h-[68px] id-overflow-hidden id-grid-cols-[2fr_3fr] id-border-b-[0.5px] id-border-[#ddd]\">\n<div class=\"id-text-sm id-p-4 id-bg-[#f8f8f8] id-flex id-items-center\" title=\"R\u00e9solution de lu0027appareil photo\" data-spm-anchor-id=\"a2700.details.0.i111.14452462qJHdtJ\">\n<div data-spm-anchor-id=\"a2700.details.0.i110.14452462qJHdtJ\">\n<p>Microscope num\u00e9rique \u00e9lectronique \u00e0 interface USB 3 en 1 pour la r\u00e9paration de bijoux en diamant, de circuits imprim\u00e9s, de t\u00e9l\u00e9phones mobiles, microscope pour d\u00e9butants, microscope pour pi\u00e8ces de monnaie<\/p>\n<\/div>\n<div data-spm-anchor-id=\"a2700.details.0.i110.14452462qJHdtJ\">\n<h2 id=\"key-attributes\" class=\"id-text-xl id-font-bold\" data-spm-anchor-id=\"a2700.details.0.i109.14452462qJHdtJ\">Caract\u00e9ristiques du produit<\/h2>\n<\/div>\n<div class=\"id-line-clamp-2 id-leading-[18px]\" data-spm-anchor-id=\"a2700.details.0.i110.14452462qJHdtJ\">*R\u00e9solution de lu0027appareil photo:1920 * 1080<\/div>\n<\/div>\n<\/div>\n<div class=\"id-grid id-max-h-[68px] id-overflow-hidden id-grid-cols-[2fr_3fr] id-border-b-[0.5px] id-border-[#ddd]\">\n<div class=\"id-text-sm id-p-4 id-bg-[#f8f8f8] id-flex id-items-center\" title=\"Type\">\n<div class=\"id-line-clamp-2 id-leading-[18px]\">*Type:Microscope \u00e0 sonde \u00e0 balayage, Microscope monoculaire, Microscope num\u00e9rique, Microscope \u00e9lectronique<\/div>\n<\/div>\n<\/div>\n<div class=\"id-grid id-max-h-[68px] id-overflow-hidden id-grid-cols-[2fr_3fr] id-border-b-[0.5px] id-border-[#ddd]\">\n<div class=\"id-text-sm id-p-4 id-bg-[#f8f8f8] id-flex id-items-center\" title=\"Num\u00e9ro de Type\">\n<div class=\"id-line-clamp-2 id-leading-[18px]\">*Num\u00e9ro de Type:321-3 in1-2MP<\/div>\n<\/div>\n<\/div>\n<div class=\"id-grid id-max-h-[68px] id-overflow-hidden id-grid-cols-[2fr_3fr] id-border-b-[0.5px] id-border-[#ddd]\">\n<div class=\"id-text-sm id-p-4 id-bg-[#f8f8f8] id-flex id-items-center\" title=\"Support personnalis\u00e9\">\n<div class=\"id-line-clamp-2 id-leading-[18px]\">*Support personnalis\u00e9:OEM, ODM<\/div>\n<\/div>\n<\/div>\n<div class=\"id-grid id-max-h-[68px] id-overflow-hidden id-grid-cols-[2fr_3fr] id-border-b-[0.5px] id-border-[#ddd]\">\n<div class=\"id-text-sm id-p-4 id-bg-[#f8f8f8] id-flex id-items-center\" title=\"Dimension\">\n<div class=\"id-line-clamp-2 id-leading-[18px]\">*Dimension:1920*1080P<\/div>\n<\/div>\n<\/div>\n<div class=\"id-grid id-max-h-[68px] id-overflow-hidden id-grid-cols-[2fr_3fr] id-border-b-[0.5px] id-border-[#ddd]\">\n<div class=\"id-text-sm id-p-4 id-bg-[#f8f8f8] id-flex id-items-center\" title=\"Pixel\">\n<div class=\"id-line-clamp-2 id-leading-[18px]\">*Pixel:2 m\u00e9ga pixels<\/div>\n<\/div>\n<\/div>\n<div class=\"id-grid id-max-h-[68px] id-overflow-hidden id-grid-cols-[2fr_3fr] id-border-b-[0.5px] id-border-[#ddd]\">\n<div class=\"id-text-sm id-p-4 id-bg-[#f8f8f8] id-flex id-items-center\" title=\"R\u00e9solution\">\n<div class=\"id-line-clamp-2 id-leading-[18px]\">*R\u00e9solution:1920*1080P<\/div>\n<\/div>\n<\/div>\n<div class=\"id-grid id-max-h-[68px] id-overflow-hidden id-grid-cols-[2fr_3fr] id-border-b-[0.5px] id-border-[#ddd]\">\n<div class=\"id-text-sm id-p-4 id-bg-[#f8f8f8] id-flex id-items-center\" title=\"Lumi\u00e8res LED\">\n<div class=\"id-line-clamp-2 id-leading-[18px]\">*Lumi\u00e8res LED:8pcs Lumi\u00e8res<\/div>\n<\/div>\n<\/div>\n<div class=\"id-grid id-max-h-[68px] id-overflow-hidden id-grid-cols-[2fr_3fr] id-border-b-[0.5px] id-border-[#ddd]\">\n<div class=\"id-text-sm id-p-4 id-bg-[#f8f8f8] id-flex id-items-center\" title=\"Compatibilit\u00e9\">\n<div class=\"id-line-clamp-2 id-leading-[18px]\">*Compatibilit\u00e9:Windows\/Mac\/Android<\/div>\n<\/div>\n<\/div>\n<div class=\"id-grid id-max-h-[68px] id-overflow-hidden id-grid-cols-[2fr_3fr] id-border-b-[0.5px] id-border-[#ddd]\">\n<div class=\"id-text-sm id-p-4 id-bg-[#f8f8f8] id-flex id-items-center\" title=\"Fonction\">\n<div class=\"id-line-clamp-2 id-leading-[18px]\">*Fonction:Capture d&rsquo;images\/Enregistrement vid\u00e9o<\/div>\n<\/div>\n<\/div>\n<div class=\"id-grid id-max-h-[68px] id-overflow-hidden id-grid-cols-[2fr_3fr] id-border-b-[0.5px] id-border-[#ddd]\">\n<div class=\"id-text-sm id-p-4 id-bg-[#f8f8f8] id-flex id-items-center\" title=\"Certification\">\n<div class=\"id-line-clamp-2 id-leading-[18px]\">*Certification:CE,FCC,RoHS, BSCI, ISO9001<\/div>\n<\/div>\n<\/div>\n<div class=\"id-grid id-max-h-[68px] id-overflow-hidden id-grid-cols-[2fr_3fr]\">\n<div class=\"id-text-sm id-p-4 id-bg-[#f8f8f8] id-flex id-items-center\" title=\"Grossissement\">\n<div class=\"id-line-clamp-2 id-leading-[18px]\">*Grossissement:500X\/ 1000X\/ 1600X<\/div>\n<\/div>\n<\/div>\n","protected":false},"featured_media":10348,"comment_status":"open","ping_status":"closed","template":"","meta":[],"product_brand":[129],"product_cat":[130],"product_tag":[],"class_list":{"0":"post-10343","1":"product","2":"type-product","3":"status-publish","4":"has-post-thumbnail","6":"product_brand-inskam","7":"product_cat-microscope","9":"first","10":"instock","11":"shipping-taxable","12":"purchasable","13":"product-type-simple"},"yoast_head":"<!-- This site is optimized with the Yoast SEO Premium plugin v26.2 (Yoast SEO v26.2) - https:\/\/yoast.com\/wordpress\/plugins\/seo\/ -->\n<title>Microscope num\u00e9rique \u00e9lectronique \u00e0 interface USB - ADC Electronique<\/title>\n<meta name=\"description\" content=\"Microscope num\u00e9rique \u00e9lectronique \u00e0 interface USB 3 en 1 pour la r\u00e9paration de bijoux en diamant, de circuits imprim\u00e9s, de t\u00e9l\u00e9phones mobiles, microscope pour d\u00e9butants, microscope pour pi\u00e8ces de monnaieCaract\u00e9ristiques du produit*R\u00e9solution de lu0027appareil photo:1920 * 1080*Type:Microscope \u00e0 sonde \u00e0 balayage, Microscope monoculaire, Microscope num\u00e9rique, Microscope \u00e9lectronique*Num\u00e9ro de Type:321-3 in1-2MP*Support personnalis\u00e9:OEM, ODM*Dimension:1920*1080P*Pixel:2 m\u00e9ga pixels*R\u00e9solution:1920*1080P*Lumi\u00e8res LED:8pcs Lumi\u00e8res*Compatibilit\u00e9:Windows\/Mac\/Android*Fonction:Capture d&#039;images\/Enregistrement vid\u00e9o*Certification:CE,FCC,RoHS, BSCI, ISO9001*Grossissement:500X\/ 1000X\/ 1600X\" \/>\n<meta name=\"robots\" content=\"index, follow, max-snippet:-1, max-image-preview:large, max-video-preview:-1\" \/>\n<link rel=\"canonical\" href=\"https:\/\/adcelectronique.com\/index.php\/product\/microscope-numerique-electronique-a-interface-usb\/\" \/>\n<meta property=\"og:locale\" content=\"fr_FR\" \/>\n<meta property=\"og:type\" content=\"article\" \/>\n<meta property=\"og:title\" content=\"Microscope num\u00e9rique \u00e9lectronique \u00e0 interface USB\" \/>\n<meta property=\"og:description\" content=\"Microscope num\u00e9rique \u00e9lectronique \u00e0 interface USB 3 en 1 pour la r\u00e9paration de bijoux en diamant, de circuits imprim\u00e9s, de t\u00e9l\u00e9phones mobiles, microscope pour d\u00e9butants, microscope pour pi\u00e8ces de monnaieCaract\u00e9ristiques du produit*R\u00e9solution de lu0027appareil photo:1920 * 1080*Type:Microscope \u00e0 sonde \u00e0 balayage, Microscope monoculaire, Microscope num\u00e9rique, Microscope \u00e9lectronique*Num\u00e9ro de Type:321-3 in1-2MP*Support personnalis\u00e9:OEM, ODM*Dimension:1920*1080P*Pixel:2 m\u00e9ga pixels*R\u00e9solution:1920*1080P*Lumi\u00e8res LED:8pcs Lumi\u00e8res*Compatibilit\u00e9:Windows\/Mac\/Android*Fonction:Capture d&#039;images\/Enregistrement vid\u00e9o*Certification:CE,FCC,RoHS, BSCI, ISO9001*Grossissement:500X\/ 1000X\/ 1600X\" \/>\n<meta property=\"og:url\" content=\"https:\/\/adcelectronique.com\/index.php\/product\/microscope-numerique-electronique-a-interface-usb\/\" \/>\n<meta property=\"og:site_name\" content=\"ADC Electronique\" \/>\n<meta property=\"article:modified_time\" content=\"2026-01-25T14:23:25+00:00\" \/>\n<meta property=\"og:image\" content=\"https:\/\/adcelectronique.com\/wp-content\/uploads\/2026\/01\/HTB1SHbVJpXXXXaTXXXXq6xXFXXXu.jpg\" \/>\n\t<meta property=\"og:image:width\" content=\"600\" \/>\n\t<meta property=\"og:image:height\" content=\"600\" \/>\n\t<meta property=\"og:image:type\" content=\"image\/jpeg\" \/>\n<meta name=\"twitter:card\" content=\"summary_large_image\" \/>\n<meta name=\"twitter:label1\" content=\"Dur\u00e9e de lecture estim\u00e9e\" \/>\n\t<meta name=\"twitter:data1\" content=\"1 minute\" \/>\n<script type=\"application\/ld+json\" class=\"yoast-schema-graph\">{\"@context\":\"https:\/\/schema.org\",\"@graph\":[{\"@type\":\"WebPage\",\"@id\":\"https:\/\/adcelectronique.com\/index.php\/product\/microscope-numerique-electronique-a-interface-usb\/\",\"url\":\"https:\/\/adcelectronique.com\/index.php\/product\/microscope-numerique-electronique-a-interface-usb\/\",\"name\":\"Microscope num\u00e9rique \u00e9lectronique \u00e0 interface USB - ADC Electronique\",\"isPartOf\":{\"@id\":\"https:\/\/adcelectronique.com\/#website\"},\"primaryImageOfPage\":{\"@id\":\"https:\/\/adcelectronique.com\/index.php\/product\/microscope-numerique-electronique-a-interface-usb\/#primaryimage\"},\"image\":{\"@id\":\"https:\/\/adcelectronique.com\/index.php\/product\/microscope-numerique-electronique-a-interface-usb\/#primaryimage\"},\"thumbnailUrl\":\"https:\/\/adcelectronique.com\/wp-content\/uploads\/2026\/01\/HTB1SHbVJpXXXXaTXXXXq6xXFXXXu.jpg\",\"datePublished\":\"2026-01-25T14:23:24+00:00\",\"dateModified\":\"2026-01-25T14:23:25+00:00\",\"description\":\"Microscope num\u00e9rique \u00e9lectronique \u00e0 interface USB 3 en 1 pour la r\u00e9paration de bijoux en diamant, de circuits imprim\u00e9s, de t\u00e9l\u00e9phones mobiles, microscope pour d\u00e9butants, microscope pour pi\u00e8ces de monnaieCaract\u00e9ristiques du produit*R\u00e9solution de lu0027appareil photo:1920 * 1080*Type:Microscope \u00e0 sonde \u00e0 balayage, Microscope monoculaire, Microscope num\u00e9rique, Microscope \u00e9lectronique*Num\u00e9ro de Type:321-3 in1-2MP*Support personnalis\u00e9:OEM, ODM*Dimension:1920*1080P*Pixel:2 m\u00e9ga pixels*R\u00e9solution:1920*1080P*Lumi\u00e8res LED:8pcs Lumi\u00e8res*Compatibilit\u00e9:Windows\/Mac\/Android*Fonction:Capture d'images\/Enregistrement vid\u00e9o*Certification:CE,FCC,RoHS, BSCI, ISO9001*Grossissement:500X\/ 1000X\/ 1600X\",\"breadcrumb\":{\"@id\":\"https:\/\/adcelectronique.com\/index.php\/product\/microscope-numerique-electronique-a-interface-usb\/#breadcrumb\"},\"inLanguage\":\"fr-FR\",\"potentialAction\":[{\"@type\":\"ReadAction\",\"target\":[\"https:\/\/adcelectronique.com\/index.php\/product\/microscope-numerique-electronique-a-interface-usb\/\"]}]},{\"@type\":\"ImageObject\",\"inLanguage\":\"fr-FR\",\"@id\":\"https:\/\/adcelectronique.com\/index.php\/product\/microscope-numerique-electronique-a-interface-usb\/#primaryimage\",\"url\":\"https:\/\/adcelectronique.com\/wp-content\/uploads\/2026\/01\/HTB1SHbVJpXXXXaTXXXXq6xXFXXXu.jpg\",\"contentUrl\":\"https:\/\/adcelectronique.com\/wp-content\/uploads\/2026\/01\/HTB1SHbVJpXXXXaTXXXXq6xXFXXXu.jpg\",\"width\":600,\"height\":600},{\"@type\":\"BreadcrumbList\",\"@id\":\"https:\/\/adcelectronique.com\/index.php\/product\/microscope-numerique-electronique-a-interface-usb\/#breadcrumb\",\"itemListElement\":[{\"@type\":\"ListItem\",\"position\":1,\"name\":\"Home\",\"item\":\"https:\/\/adcelectronique.com\/\"},{\"@type\":\"ListItem\",\"position\":2,\"name\":\"Shop\",\"item\":\"https:\/\/adcelectronique.com\/index.php\/shop\/\"},{\"@type\":\"ListItem\",\"position\":3,\"name\":\"Microscope num\u00e9rique \u00e9lectronique \u00e0 interface USB\"}]},{\"@type\":\"WebSite\",\"@id\":\"https:\/\/adcelectronique.com\/#website\",\"url\":\"https:\/\/adcelectronique.com\/\",\"name\":\"ADC Electronique\",\"description\":\"\",\"potentialAction\":[{\"@type\":\"SearchAction\",\"target\":{\"@type\":\"EntryPoint\",\"urlTemplate\":\"https:\/\/adcelectronique.com\/?s={search_term_string}\"},\"query-input\":{\"@type\":\"PropertyValueSpecification\",\"valueRequired\":true,\"valueName\":\"search_term_string\"}}],\"inLanguage\":\"fr-FR\"}]}<\/script>\n<!-- \/ Yoast SEO Premium plugin. -->","yoast_head_json":{"title":"Microscope num\u00e9rique \u00e9lectronique \u00e0 interface USB - ADC Electronique","description":"Microscope num\u00e9rique \u00e9lectronique \u00e0 interface USB 3 en 1 pour la r\u00e9paration de bijoux en diamant, de circuits imprim\u00e9s, de t\u00e9l\u00e9phones mobiles, microscope pour d\u00e9butants, microscope pour pi\u00e8ces de monnaieCaract\u00e9ristiques du produit*R\u00e9solution de lu0027appareil photo:1920 * 1080*Type:Microscope \u00e0 sonde \u00e0 balayage, Microscope monoculaire, Microscope num\u00e9rique, Microscope \u00e9lectronique*Num\u00e9ro de Type:321-3 in1-2MP*Support personnalis\u00e9:OEM, ODM*Dimension:1920*1080P*Pixel:2 m\u00e9ga pixels*R\u00e9solution:1920*1080P*Lumi\u00e8res LED:8pcs Lumi\u00e8res*Compatibilit\u00e9:Windows\/Mac\/Android*Fonction:Capture d'images\/Enregistrement vid\u00e9o*Certification:CE,FCC,RoHS, BSCI, ISO9001*Grossissement:500X\/ 1000X\/ 1600X","robots":{"index":"index","follow":"follow","max-snippet":"max-snippet:-1","max-image-preview":"max-image-preview:large","max-video-preview":"max-video-preview:-1"},"canonical":"https:\/\/adcelectronique.com\/index.php\/product\/microscope-numerique-electronique-a-interface-usb\/","og_locale":"fr_FR","og_type":"article","og_title":"Microscope num\u00e9rique \u00e9lectronique \u00e0 interface USB","og_description":"Microscope num\u00e9rique \u00e9lectronique \u00e0 interface USB 3 en 1 pour la r\u00e9paration de bijoux en diamant, de circuits imprim\u00e9s, de t\u00e9l\u00e9phones mobiles, microscope pour d\u00e9butants, microscope pour pi\u00e8ces de monnaieCaract\u00e9ristiques du produit*R\u00e9solution de lu0027appareil photo:1920 * 1080*Type:Microscope \u00e0 sonde \u00e0 balayage, Microscope monoculaire, Microscope num\u00e9rique, Microscope \u00e9lectronique*Num\u00e9ro de Type:321-3 in1-2MP*Support personnalis\u00e9:OEM, ODM*Dimension:1920*1080P*Pixel:2 m\u00e9ga pixels*R\u00e9solution:1920*1080P*Lumi\u00e8res LED:8pcs Lumi\u00e8res*Compatibilit\u00e9:Windows\/Mac\/Android*Fonction:Capture d'images\/Enregistrement vid\u00e9o*Certification:CE,FCC,RoHS, BSCI, ISO9001*Grossissement:500X\/ 1000X\/ 1600X","og_url":"https:\/\/adcelectronique.com\/index.php\/product\/microscope-numerique-electronique-a-interface-usb\/","og_site_name":"ADC Electronique","article_modified_time":"2026-01-25T14:23:25+00:00","og_image":[{"width":600,"height":600,"url":"https:\/\/adcelectronique.com\/wp-content\/uploads\/2026\/01\/HTB1SHbVJpXXXXaTXXXXq6xXFXXXu.jpg","type":"image\/jpeg"}],"twitter_card":"summary_large_image","twitter_misc":{"Dur\u00e9e de lecture estim\u00e9e":"1 minute"},"schema":{"@context":"https:\/\/schema.org","@graph":[{"@type":"WebPage","@id":"https:\/\/adcelectronique.com\/index.php\/product\/microscope-numerique-electronique-a-interface-usb\/","url":"https:\/\/adcelectronique.com\/index.php\/product\/microscope-numerique-electronique-a-interface-usb\/","name":"Microscope num\u00e9rique \u00e9lectronique \u00e0 interface USB - ADC Electronique","isPartOf":{"@id":"https:\/\/adcelectronique.com\/#website"},"primaryImageOfPage":{"@id":"https:\/\/adcelectronique.com\/index.php\/product\/microscope-numerique-electronique-a-interface-usb\/#primaryimage"},"image":{"@id":"https:\/\/adcelectronique.com\/index.php\/product\/microscope-numerique-electronique-a-interface-usb\/#primaryimage"},"thumbnailUrl":"https:\/\/adcelectronique.com\/wp-content\/uploads\/2026\/01\/HTB1SHbVJpXXXXaTXXXXq6xXFXXXu.jpg","datePublished":"2026-01-25T14:23:24+00:00","dateModified":"2026-01-25T14:23:25+00:00","description":"Microscope num\u00e9rique \u00e9lectronique \u00e0 interface USB 3 en 1 pour la r\u00e9paration de bijoux en diamant, de circuits imprim\u00e9s, de t\u00e9l\u00e9phones mobiles, microscope pour d\u00e9butants, microscope pour pi\u00e8ces de monnaieCaract\u00e9ristiques du produit*R\u00e9solution de lu0027appareil photo:1920 * 1080*Type:Microscope \u00e0 sonde \u00e0 balayage, Microscope monoculaire, Microscope num\u00e9rique, Microscope \u00e9lectronique*Num\u00e9ro de Type:321-3 in1-2MP*Support personnalis\u00e9:OEM, ODM*Dimension:1920*1080P*Pixel:2 m\u00e9ga pixels*R\u00e9solution:1920*1080P*Lumi\u00e8res LED:8pcs Lumi\u00e8res*Compatibilit\u00e9:Windows\/Mac\/Android*Fonction:Capture d'images\/Enregistrement vid\u00e9o*Certification:CE,FCC,RoHS, BSCI, ISO9001*Grossissement:500X\/ 1000X\/ 1600X","breadcrumb":{"@id":"https:\/\/adcelectronique.com\/index.php\/product\/microscope-numerique-electronique-a-interface-usb\/#breadcrumb"},"inLanguage":"fr-FR","potentialAction":[{"@type":"ReadAction","target":["https:\/\/adcelectronique.com\/index.php\/product\/microscope-numerique-electronique-a-interface-usb\/"]}]},{"@type":"ImageObject","inLanguage":"fr-FR","@id":"https:\/\/adcelectronique.com\/index.php\/product\/microscope-numerique-electronique-a-interface-usb\/#primaryimage","url":"https:\/\/adcelectronique.com\/wp-content\/uploads\/2026\/01\/HTB1SHbVJpXXXXaTXXXXq6xXFXXXu.jpg","contentUrl":"https:\/\/adcelectronique.com\/wp-content\/uploads\/2026\/01\/HTB1SHbVJpXXXXaTXXXXq6xXFXXXu.jpg","width":600,"height":600},{"@type":"BreadcrumbList","@id":"https:\/\/adcelectronique.com\/index.php\/product\/microscope-numerique-electronique-a-interface-usb\/#breadcrumb","itemListElement":[{"@type":"ListItem","position":1,"name":"Home","item":"https:\/\/adcelectronique.com\/"},{"@type":"ListItem","position":2,"name":"Shop","item":"https:\/\/adcelectronique.com\/index.php\/shop\/"},{"@type":"ListItem","position":3,"name":"Microscope num\u00e9rique \u00e9lectronique \u00e0 interface USB"}]},{"@type":"WebSite","@id":"https:\/\/adcelectronique.com\/#website","url":"https:\/\/adcelectronique.com\/","name":"ADC Electronique","description":"","potentialAction":[{"@type":"SearchAction","target":{"@type":"EntryPoint","urlTemplate":"https:\/\/adcelectronique.com\/?s={search_term_string}"},"query-input":{"@type":"PropertyValueSpecification","valueRequired":true,"valueName":"search_term_string"}}],"inLanguage":"fr-FR"}]}},"_links":{"self":[{"href":"https:\/\/adcelectronique.com\/index.php\/wp-json\/wp\/v2\/product\/10343","targetHints":{"allow":["GET"]}}],"collection":[{"href":"https:\/\/adcelectronique.com\/index.php\/wp-json\/wp\/v2\/product"}],"about":[{"href":"https:\/\/adcelectronique.com\/index.php\/wp-json\/wp\/v2\/types\/product"}],"replies":[{"embeddable":true,"href":"https:\/\/adcelectronique.com\/index.php\/wp-json\/wp\/v2\/comments?post=10343"}],"version-history":[{"count":0,"href":"https:\/\/adcelectronique.com\/index.php\/wp-json\/wp\/v2\/product\/10343\/revisions"}],"wp:featuredmedia":[{"embeddable":true,"href":"https:\/\/adcelectronique.com\/index.php\/wp-json\/wp\/v2\/media\/10348"}],"wp:attachment":[{"href":"https:\/\/adcelectronique.com\/index.php\/wp-json\/wp\/v2\/media?parent=10343"}],"wp:term":[{"taxonomy":"product_brand","embeddable":true,"href":"https:\/\/adcelectronique.com\/index.php\/wp-json\/wp\/v2\/product_brand?post=10343"},{"taxonomy":"product_cat","embeddable":true,"href":"https:\/\/adcelectronique.com\/index.php\/wp-json\/wp\/v2\/product_cat?post=10343"},{"taxonomy":"product_tag","embeddable":true,"href":"https:\/\/adcelectronique.com\/index.php\/wp-json\/wp\/v2\/product_tag?post=10343"}],"curies":[{"name":"wp","href":"https:\/\/api.w.org\/{rel}","templated":true}]}}