{"id":10513,"date":"2026-02-02T09:20:46","date_gmt":"2026-02-02T09:20:46","guid":{"rendered":"https:\/\/adcelectronique.com\/?post_type=product&#038;p=10513"},"modified":"2026-02-02T09:20:48","modified_gmt":"2026-02-02T09:20:48","slug":"pince-coupante-1pk-25p-ce","status":"publish","type":"product","link":"https:\/\/adcelectronique.com\/index.php\/product\/pince-coupante-1pk-25p-ce\/","title":{"rendered":"PINCE COUPANTE 1PK-25P-CE"},"content":{"rendered":"<h3>\u00a0 \u00a0 \u00a0 \u00a0 \u00a0 \u00a0 \u00a0 \u00a0 \u00a0 \u00a0 \u00a0 \u00a0 \u00a0 \u00a0 \u00a0 \u00a0 \u00a0 \u00a0 \u00a0 \u00a0 \u00a0 \u00a0 \u00a0 \u00a0 PINCE COUPANTE 1PK-25P-CE<\/h3>\n<p>pince coupante miniature d&rsquo;assemblage de circuit \u00e9lectronique PC de pr\u00e9cision avec clip de s\u00e9curit\u00e9 et poign\u00e9e conductrice;<span id=\"tl_1\" data-spm-anchor-id=\"a2700.details-description.0.i0.4d21U7A9U7A9K4\">Fabriqu\u00e9 en acier \u00e0 haute teneur en carbone.<\/span><span id=\"tl_2\">Usin\u00e9s avec pr\u00e9cision, ces outils de pr\u00e9cision de haute qualit\u00e9 sont con\u00e7us pour les op\u00e9rations d&rsquo;assemblage et de r\u00e9glage fins sur les circuits \u00e9lectroniques.<\/span><\/p>\n<p><strong>Caract\u00e9ristiques du produit<\/strong><\/p>\n<p>*Tension\u00a0:Ac 110-240v<\/p>\n<p>*Num\u00e9ro de Type\u00a0:1PK-25P-CE<\/p>\n<p>*Point d&rsquo;origine\u00a0:Guangdong, China<\/p>\n<p>*Marque nom\u00a0:Proskit<\/p>\n<p>*Style de poign\u00e9e\u00a0:Pli\u00e9<\/p>\n<p>*Caract\u00e9ristiques\u00a0:mini<\/p>\n<p>*Application\u00a0:Multifonctionnel<\/p>\n","protected":false},"excerpt":{"rendered":"<p>pince coupante miniature d&rsquo;assemblage de circuit \u00e9lectronique PC de pr\u00e9cision avec clip de s\u00e9curit\u00e9 et poign\u00e9e conductrice;<span id=\"tl_1\" data-spm-anchor-id=\"a2700.details-description.0.i0.4d21U7A9U7A9K4\">Fabriqu\u00e9 en acier \u00e0 haute teneur en carbone.<\/span><span id=\"tl_2\">Usin\u00e9s avec pr\u00e9cision, ces outils de pr\u00e9cision de haute qualit\u00e9 sont con\u00e7us pour les op\u00e9rations d&rsquo;assemblage et de r\u00e9glage fins sur les circuits \u00e9lectroniques.<\/span><\/p>\n","protected":false},"featured_media":10515,"comment_status":"open","ping_status":"closed","template":"","meta":[],"product_brand":[121],"product_cat":[63,135],"product_tag":[],"class_list":{"0":"post-10513","1":"product","2":"type-product","3":"status-publish","4":"has-post-thumbnail","6":"product_brand-pros-kit","7":"product_cat-accessories","8":"product_cat-pince-coupante","10":"first","11":"instock","12":"shipping-taxable","13":"purchasable","14":"product-type-simple"},"yoast_head":"<!-- This site is optimized with the Yoast SEO Premium plugin v26.2 (Yoast SEO v26.2) - https:\/\/yoast.com\/wordpress\/plugins\/seo\/ -->\n<title>PINCE COUPANTE 1PK-25P-CE - ADC Electronique<\/title>\n<meta name=\"description\" content=\"pince coupante miniature d&#039;assemblage de circuit \u00e9lectronique PC de pr\u00e9cision avec clip de s\u00e9curit\u00e9 et poign\u00e9e conductrice;Fabriqu\u00e9 en acier \u00e0 haute teneur en carbone.Usin\u00e9s avec pr\u00e9cision, ces outils de pr\u00e9cision de haute qualit\u00e9 sont con\u00e7us pour les op\u00e9rations d&#039;assemblage et de r\u00e9glage fins sur les circuits \u00e9lectroniques.\" \/>\n<meta name=\"robots\" content=\"index, follow, max-snippet:-1, max-image-preview:large, max-video-preview:-1\" \/>\n<link rel=\"canonical\" href=\"https:\/\/adcelectronique.com\/index.php\/product\/pince-coupante-1pk-25p-ce\/\" \/>\n<meta property=\"og:locale\" content=\"fr_FR\" \/>\n<meta property=\"og:type\" content=\"article\" \/>\n<meta property=\"og:title\" content=\"PINCE COUPANTE 1PK-25P-CE\" \/>\n<meta property=\"og:description\" content=\"pince coupante miniature d&#039;assemblage de circuit \u00e9lectronique PC de pr\u00e9cision avec clip de s\u00e9curit\u00e9 et poign\u00e9e conductrice;Fabriqu\u00e9 en acier \u00e0 haute teneur en carbone.Usin\u00e9s avec pr\u00e9cision, ces outils de pr\u00e9cision de haute qualit\u00e9 sont con\u00e7us pour les op\u00e9rations d&#039;assemblage et de r\u00e9glage fins sur les circuits \u00e9lectroniques.\" \/>\n<meta property=\"og:url\" content=\"https:\/\/adcelectronique.com\/index.php\/product\/pince-coupante-1pk-25p-ce\/\" \/>\n<meta property=\"og:site_name\" content=\"ADC Electronique\" \/>\n<meta property=\"article:modified_time\" content=\"2026-02-02T09:20:48+00:00\" \/>\n<meta property=\"og:image\" content=\"https:\/\/adcelectronique.com\/wp-content\/uploads\/2026\/02\/H80e10173e18c40bd9913d1f267b3a7c4y.jpg\" \/>\n\t<meta property=\"og:image:width\" content=\"800\" \/>\n\t<meta property=\"og:image:height\" content=\"800\" \/>\n\t<meta property=\"og:image:type\" content=\"image\/jpeg\" \/>\n<meta name=\"twitter:card\" content=\"summary_large_image\" \/>\n<meta name=\"twitter:label1\" content=\"Dur\u00e9e de lecture estim\u00e9e\" \/>\n\t<meta name=\"twitter:data1\" content=\"1 minute\" \/>\n<script type=\"application\/ld+json\" class=\"yoast-schema-graph\">{\"@context\":\"https:\/\/schema.org\",\"@graph\":[{\"@type\":\"WebPage\",\"@id\":\"https:\/\/adcelectronique.com\/index.php\/product\/pince-coupante-1pk-25p-ce\/\",\"url\":\"https:\/\/adcelectronique.com\/index.php\/product\/pince-coupante-1pk-25p-ce\/\",\"name\":\"PINCE COUPANTE 1PK-25P-CE - ADC Electronique\",\"isPartOf\":{\"@id\":\"https:\/\/adcelectronique.com\/#website\"},\"primaryImageOfPage\":{\"@id\":\"https:\/\/adcelectronique.com\/index.php\/product\/pince-coupante-1pk-25p-ce\/#primaryimage\"},\"image\":{\"@id\":\"https:\/\/adcelectronique.com\/index.php\/product\/pince-coupante-1pk-25p-ce\/#primaryimage\"},\"thumbnailUrl\":\"https:\/\/adcelectronique.com\/wp-content\/uploads\/2026\/02\/H80e10173e18c40bd9913d1f267b3a7c4y.jpg\",\"datePublished\":\"2026-02-02T09:20:46+00:00\",\"dateModified\":\"2026-02-02T09:20:48+00:00\",\"description\":\"pince coupante miniature d'assemblage de circuit \u00e9lectronique PC de pr\u00e9cision avec clip de s\u00e9curit\u00e9 et poign\u00e9e conductrice;Fabriqu\u00e9 en acier \u00e0 haute teneur en carbone.Usin\u00e9s avec pr\u00e9cision, ces outils de pr\u00e9cision de haute qualit\u00e9 sont con\u00e7us pour les op\u00e9rations d'assemblage et de r\u00e9glage fins sur les circuits \u00e9lectroniques.\",\"breadcrumb\":{\"@id\":\"https:\/\/adcelectronique.com\/index.php\/product\/pince-coupante-1pk-25p-ce\/#breadcrumb\"},\"inLanguage\":\"fr-FR\",\"potentialAction\":[{\"@type\":\"ReadAction\",\"target\":[\"https:\/\/adcelectronique.com\/index.php\/product\/pince-coupante-1pk-25p-ce\/\"]}]},{\"@type\":\"ImageObject\",\"inLanguage\":\"fr-FR\",\"@id\":\"https:\/\/adcelectronique.com\/index.php\/product\/pince-coupante-1pk-25p-ce\/#primaryimage\",\"url\":\"https:\/\/adcelectronique.com\/wp-content\/uploads\/2026\/02\/H80e10173e18c40bd9913d1f267b3a7c4y.jpg\",\"contentUrl\":\"https:\/\/adcelectronique.com\/wp-content\/uploads\/2026\/02\/H80e10173e18c40bd9913d1f267b3a7c4y.jpg\",\"width\":800,\"height\":800},{\"@type\":\"BreadcrumbList\",\"@id\":\"https:\/\/adcelectronique.com\/index.php\/product\/pince-coupante-1pk-25p-ce\/#breadcrumb\",\"itemListElement\":[{\"@type\":\"ListItem\",\"position\":1,\"name\":\"Home\",\"item\":\"https:\/\/adcelectronique.com\/\"},{\"@type\":\"ListItem\",\"position\":2,\"name\":\"Shop\",\"item\":\"https:\/\/adcelectronique.com\/index.php\/shop\/\"},{\"@type\":\"ListItem\",\"position\":3,\"name\":\"PINCE COUPANTE 1PK-25P-CE\"}]},{\"@type\":\"WebSite\",\"@id\":\"https:\/\/adcelectronique.com\/#website\",\"url\":\"https:\/\/adcelectronique.com\/\",\"name\":\"ADC Electronique\",\"description\":\"\",\"potentialAction\":[{\"@type\":\"SearchAction\",\"target\":{\"@type\":\"EntryPoint\",\"urlTemplate\":\"https:\/\/adcelectronique.com\/?s={search_term_string}\"},\"query-input\":{\"@type\":\"PropertyValueSpecification\",\"valueRequired\":true,\"valueName\":\"search_term_string\"}}],\"inLanguage\":\"fr-FR\"}]}<\/script>\n<!-- \/ Yoast SEO Premium plugin. -->","yoast_head_json":{"title":"PINCE COUPANTE 1PK-25P-CE - ADC Electronique","description":"pince coupante miniature d'assemblage de circuit \u00e9lectronique PC de pr\u00e9cision avec clip de s\u00e9curit\u00e9 et poign\u00e9e conductrice;Fabriqu\u00e9 en acier \u00e0 haute teneur en carbone.Usin\u00e9s avec pr\u00e9cision, ces outils de pr\u00e9cision de haute qualit\u00e9 sont con\u00e7us pour les op\u00e9rations d'assemblage et de r\u00e9glage fins sur les circuits \u00e9lectroniques.","robots":{"index":"index","follow":"follow","max-snippet":"max-snippet:-1","max-image-preview":"max-image-preview:large","max-video-preview":"max-video-preview:-1"},"canonical":"https:\/\/adcelectronique.com\/index.php\/product\/pince-coupante-1pk-25p-ce\/","og_locale":"fr_FR","og_type":"article","og_title":"PINCE COUPANTE 1PK-25P-CE","og_description":"pince coupante miniature d'assemblage de circuit \u00e9lectronique PC de pr\u00e9cision avec clip de s\u00e9curit\u00e9 et poign\u00e9e conductrice;Fabriqu\u00e9 en acier \u00e0 haute teneur en carbone.Usin\u00e9s avec pr\u00e9cision, ces outils de pr\u00e9cision de haute qualit\u00e9 sont con\u00e7us pour les op\u00e9rations d'assemblage et de r\u00e9glage fins sur les circuits \u00e9lectroniques.","og_url":"https:\/\/adcelectronique.com\/index.php\/product\/pince-coupante-1pk-25p-ce\/","og_site_name":"ADC Electronique","article_modified_time":"2026-02-02T09:20:48+00:00","og_image":[{"width":800,"height":800,"url":"https:\/\/adcelectronique.com\/wp-content\/uploads\/2026\/02\/H80e10173e18c40bd9913d1f267b3a7c4y.jpg","type":"image\/jpeg"}],"twitter_card":"summary_large_image","twitter_misc":{"Dur\u00e9e de lecture estim\u00e9e":"1 minute"},"schema":{"@context":"https:\/\/schema.org","@graph":[{"@type":"WebPage","@id":"https:\/\/adcelectronique.com\/index.php\/product\/pince-coupante-1pk-25p-ce\/","url":"https:\/\/adcelectronique.com\/index.php\/product\/pince-coupante-1pk-25p-ce\/","name":"PINCE COUPANTE 1PK-25P-CE - ADC Electronique","isPartOf":{"@id":"https:\/\/adcelectronique.com\/#website"},"primaryImageOfPage":{"@id":"https:\/\/adcelectronique.com\/index.php\/product\/pince-coupante-1pk-25p-ce\/#primaryimage"},"image":{"@id":"https:\/\/adcelectronique.com\/index.php\/product\/pince-coupante-1pk-25p-ce\/#primaryimage"},"thumbnailUrl":"https:\/\/adcelectronique.com\/wp-content\/uploads\/2026\/02\/H80e10173e18c40bd9913d1f267b3a7c4y.jpg","datePublished":"2026-02-02T09:20:46+00:00","dateModified":"2026-02-02T09:20:48+00:00","description":"pince coupante miniature d'assemblage de circuit \u00e9lectronique PC de pr\u00e9cision avec clip de s\u00e9curit\u00e9 et poign\u00e9e conductrice;Fabriqu\u00e9 en acier \u00e0 haute teneur en carbone.Usin\u00e9s avec pr\u00e9cision, ces outils de pr\u00e9cision de haute qualit\u00e9 sont con\u00e7us pour les op\u00e9rations d'assemblage et de r\u00e9glage fins sur les circuits \u00e9lectroniques.","breadcrumb":{"@id":"https:\/\/adcelectronique.com\/index.php\/product\/pince-coupante-1pk-25p-ce\/#breadcrumb"},"inLanguage":"fr-FR","potentialAction":[{"@type":"ReadAction","target":["https:\/\/adcelectronique.com\/index.php\/product\/pince-coupante-1pk-25p-ce\/"]}]},{"@type":"ImageObject","inLanguage":"fr-FR","@id":"https:\/\/adcelectronique.com\/index.php\/product\/pince-coupante-1pk-25p-ce\/#primaryimage","url":"https:\/\/adcelectronique.com\/wp-content\/uploads\/2026\/02\/H80e10173e18c40bd9913d1f267b3a7c4y.jpg","contentUrl":"https:\/\/adcelectronique.com\/wp-content\/uploads\/2026\/02\/H80e10173e18c40bd9913d1f267b3a7c4y.jpg","width":800,"height":800},{"@type":"BreadcrumbList","@id":"https:\/\/adcelectronique.com\/index.php\/product\/pince-coupante-1pk-25p-ce\/#breadcrumb","itemListElement":[{"@type":"ListItem","position":1,"name":"Home","item":"https:\/\/adcelectronique.com\/"},{"@type":"ListItem","position":2,"name":"Shop","item":"https:\/\/adcelectronique.com\/index.php\/shop\/"},{"@type":"ListItem","position":3,"name":"PINCE COUPANTE 1PK-25P-CE"}]},{"@type":"WebSite","@id":"https:\/\/adcelectronique.com\/#website","url":"https:\/\/adcelectronique.com\/","name":"ADC Electronique","description":"","potentialAction":[{"@type":"SearchAction","target":{"@type":"EntryPoint","urlTemplate":"https:\/\/adcelectronique.com\/?s={search_term_string}"},"query-input":{"@type":"PropertyValueSpecification","valueRequired":true,"valueName":"search_term_string"}}],"inLanguage":"fr-FR"}]}},"_links":{"self":[{"href":"https:\/\/adcelectronique.com\/index.php\/wp-json\/wp\/v2\/product\/10513","targetHints":{"allow":["GET"]}}],"collection":[{"href":"https:\/\/adcelectronique.com\/index.php\/wp-json\/wp\/v2\/product"}],"about":[{"href":"https:\/\/adcelectronique.com\/index.php\/wp-json\/wp\/v2\/types\/product"}],"replies":[{"embeddable":true,"href":"https:\/\/adcelectronique.com\/index.php\/wp-json\/wp\/v2\/comments?post=10513"}],"version-history":[{"count":0,"href":"https:\/\/adcelectronique.com\/index.php\/wp-json\/wp\/v2\/product\/10513\/revisions"}],"wp:featuredmedia":[{"embeddable":true,"href":"https:\/\/adcelectronique.com\/index.php\/wp-json\/wp\/v2\/media\/10515"}],"wp:attachment":[{"href":"https:\/\/adcelectronique.com\/index.php\/wp-json\/wp\/v2\/media?parent=10513"}],"wp:term":[{"taxonomy":"product_brand","embeddable":true,"href":"https:\/\/adcelectronique.com\/index.php\/wp-json\/wp\/v2\/product_brand?post=10513"},{"taxonomy":"product_cat","embeddable":true,"href":"https:\/\/adcelectronique.com\/index.php\/wp-json\/wp\/v2\/product_cat?post=10513"},{"taxonomy":"product_tag","embeddable":true,"href":"https:\/\/adcelectronique.com\/index.php\/wp-json\/wp\/v2\/product_tag?post=10513"}],"curies":[{"name":"wp","href":"https:\/\/api.w.org\/{rel}","templated":true}]}}