{"id":10554,"date":"2026-02-02T10:37:18","date_gmt":"2026-02-02T10:37:18","guid":{"rendered":"https:\/\/adcelectronique.com\/?post_type=product&#038;p=10554"},"modified":"2026-02-08T14:35:53","modified_gmt":"2026-02-08T14:35:53","slug":"pince-a-sertir-a-percussion-proskit-cp-3141","status":"publish","type":"product","link":"https:\/\/adcelectronique.com\/index.php\/product\/pince-a-sertir-a-percussion-proskit-cp-3141\/","title":{"rendered":"PINCE A SERTIR  A PERCUSSION PRO&rsquo;SKIT CP-3141"},"content":{"rendered":"<h4>\u00a0 \u00a0 \u00a0 \u00a0 \u00a0 \u00a0 \u00a0 \u00a0 \u00a0 \u00a0 \u00a0 \u00a0 \u00a0 \u00a0 \u00a0 \u00a0 \u00a0 \u00a0 \u00a0 \u00a0 \u00a0 PINCE A SERTIR A PERCUSSION PRO&rsquo;SKIT CP-3141<\/h4>\n<ul>\n<li id=\"tab-title-description\" class=\"description_tab active\" role=\"presentation\" aria-controls=\"tab-description\"><span style=\"color: #000000\"><a class=\"wd-nav-link\" style=\"color: #000000\" role=\"tab\" href=\"https:\/\/adcelectronique.com\/index.php\/product\/pince-a-sertir-proskit-cp-376tr-8p8c-rj45-6p2c-6p4c-6p6c-rj11-rj12\/#tab-description\"><span class=\"nav-link-text wd-tabs-title\">DESCRIPTION<\/span><\/a><\/span><\/li>\n<\/ul>\n<p>Outil de sertissage \u00e0 percussion Pro&rsquo;sKit CP-3141 pour bornes<\/p>\n<p>* Convient pour le raccordement de c\u00e2bles, modules et r\u00e9partiteurs \u00e9lectrique<\/p>\n<p>* T\u00eate d&rsquo;outil sp\u00e9cialement con\u00e7ue pour une durabilit\u00e9 accrue<\/p>\n<p>* Combinaison des fonctions de couple, de percussion et d&rsquo;outil \u00e0 percussion<\/p>\n<p>* Longueur totale\u00a0: 175\u00a0mm<\/p>\n","protected":false},"excerpt":{"rendered":"<ul>\n<li id=\"tab-title-description\" class=\"description_tab active\" role=\"presentation\" aria-controls=\"tab-description\"><span style=\"color: #000000\"><a class=\"wd-nav-link\" style=\"color: #000000\" role=\"tab\" href=\"https:\/\/adcelectronique.com\/index.php\/product\/pince-a-sertir-proskit-cp-376tr-8p8c-rj45-6p2c-6p4c-6p6c-rj11-rj12\/#tab-description\"><span class=\"nav-link-text wd-tabs-title\">DESCRIPTION<\/span><\/a><\/span><\/li>\n<\/ul>\n<p>Outil de sertissage \u00e0 percussion Pro&rsquo;sKit CP-3141 pour bornes<\/p>\n<p>* Convient pour le raccordement de c\u00e2bles, modules et r\u00e9partiteurs \u00e9lectrique<\/p>\n<p>* T\u00eate d&rsquo;outil sp\u00e9cialement con\u00e7ue pour une durabilit\u00e9 accrue<\/p>\n<p>* Combinaison des fonctions de couple, de percussion et d&rsquo;outil \u00e0 percussion<\/p>\n<p>* Longueur totale\u00a0: 175\u00a0mm<\/p>\n","protected":false},"featured_media":10559,"comment_status":"open","ping_status":"closed","template":"","meta":[],"product_brand":[121],"product_cat":[63,135],"product_tag":[],"class_list":{"0":"post-10554","1":"product","2":"type-product","3":"status-publish","4":"has-post-thumbnail","6":"product_brand-pros-kit","7":"product_cat-accessories","8":"product_cat-pince-coupante","10":"first","11":"instock","12":"shipping-taxable","13":"purchasable","14":"product-type-simple"},"yoast_head":"<!-- This site is optimized with the Yoast SEO Premium plugin v26.2 (Yoast SEO v26.2) - https:\/\/yoast.com\/wordpress\/plugins\/seo\/ -->\n<title>PINCE A SERTIR A PERCUSSION PRO&#039;SKIT CP-3141 - ADC Electronique<\/title>\n<meta name=\"description\" content=\"DESCRIPTIONOutil de sertissage \u00e0 percussion Pro&#039;sKit CP-3141 pour bornes* Convient pour le raccordement de c\u00e2bles, modules et r\u00e9partiteurs \u00e9lectrique* T\u00eate d&#039;outil sp\u00e9cialement con\u00e7ue pour une durabilit\u00e9 accrue* Combinaison des fonctions de couple, de percussion et d&#039;outil \u00e0 percussion* Longueur totale\u00a0: 175\u00a0mm\" \/>\n<meta name=\"robots\" content=\"index, follow, max-snippet:-1, max-image-preview:large, max-video-preview:-1\" \/>\n<link rel=\"canonical\" href=\"https:\/\/adcelectronique.com\/index.php\/product\/pince-a-sertir-a-percussion-proskit-cp-3141\/\" \/>\n<meta property=\"og:locale\" content=\"fr_FR\" \/>\n<meta property=\"og:type\" content=\"article\" \/>\n<meta property=\"og:title\" content=\"PINCE A SERTIR A PERCUSSION PRO&#039;SKIT CP-3141\" \/>\n<meta property=\"og:description\" content=\"DESCRIPTIONOutil de sertissage \u00e0 percussion Pro&#039;sKit CP-3141 pour bornes* Convient pour le raccordement de c\u00e2bles, modules et r\u00e9partiteurs \u00e9lectrique* T\u00eate d&#039;outil sp\u00e9cialement con\u00e7ue pour une durabilit\u00e9 accrue* Combinaison des fonctions de couple, de percussion et d&#039;outil \u00e0 percussion* Longueur totale\u00a0: 175\u00a0mm\" \/>\n<meta property=\"og:url\" content=\"https:\/\/adcelectronique.com\/index.php\/product\/pince-a-sertir-a-percussion-proskit-cp-3141\/\" \/>\n<meta property=\"og:site_name\" content=\"ADC Electronique\" \/>\n<meta property=\"article:modified_time\" content=\"2026-02-08T14:35:53+00:00\" \/>\n<meta property=\"og:image\" content=\"https:\/\/adcelectronique.com\/wp-content\/uploads\/2026\/02\/xlarge_20221208135909_proskit_cp_3141_ergaleio_syrmatosis_typou_krone_mikos_180mm_01_123_0002.jpeg\" \/>\n\t<meta property=\"og:image:width\" content=\"540\" \/>\n\t<meta property=\"og:image:height\" content=\"540\" \/>\n\t<meta property=\"og:image:type\" content=\"image\/jpeg\" \/>\n<meta name=\"twitter:card\" content=\"summary_large_image\" \/>\n<meta name=\"twitter:label1\" content=\"Dur\u00e9e de lecture estim\u00e9e\" \/>\n\t<meta name=\"twitter:data1\" content=\"1 minute\" \/>\n<script type=\"application\/ld+json\" class=\"yoast-schema-graph\">{\"@context\":\"https:\/\/schema.org\",\"@graph\":[{\"@type\":\"WebPage\",\"@id\":\"https:\/\/adcelectronique.com\/index.php\/product\/pince-a-sertir-a-percussion-proskit-cp-3141\/\",\"url\":\"https:\/\/adcelectronique.com\/index.php\/product\/pince-a-sertir-a-percussion-proskit-cp-3141\/\",\"name\":\"PINCE A SERTIR A PERCUSSION PRO'SKIT CP-3141 - ADC Electronique\",\"isPartOf\":{\"@id\":\"https:\/\/adcelectronique.com\/#website\"},\"primaryImageOfPage\":{\"@id\":\"https:\/\/adcelectronique.com\/index.php\/product\/pince-a-sertir-a-percussion-proskit-cp-3141\/#primaryimage\"},\"image\":{\"@id\":\"https:\/\/adcelectronique.com\/index.php\/product\/pince-a-sertir-a-percussion-proskit-cp-3141\/#primaryimage\"},\"thumbnailUrl\":\"https:\/\/adcelectronique.com\/wp-content\/uploads\/2026\/02\/xlarge_20221208135909_proskit_cp_3141_ergaleio_syrmatosis_typou_krone_mikos_180mm_01_123_0002.jpeg\",\"datePublished\":\"2026-02-02T10:37:18+00:00\",\"dateModified\":\"2026-02-08T14:35:53+00:00\",\"description\":\"DESCRIPTIONOutil de sertissage \u00e0 percussion Pro'sKit CP-3141 pour bornes* Convient pour le raccordement de c\u00e2bles, modules et r\u00e9partiteurs \u00e9lectrique* T\u00eate d'outil sp\u00e9cialement con\u00e7ue pour une durabilit\u00e9 accrue* Combinaison des fonctions de couple, de percussion et d'outil \u00e0 percussion* Longueur totale\u00a0: 175\u00a0mm\",\"breadcrumb\":{\"@id\":\"https:\/\/adcelectronique.com\/index.php\/product\/pince-a-sertir-a-percussion-proskit-cp-3141\/#breadcrumb\"},\"inLanguage\":\"fr-FR\",\"potentialAction\":[{\"@type\":\"ReadAction\",\"target\":[\"https:\/\/adcelectronique.com\/index.php\/product\/pince-a-sertir-a-percussion-proskit-cp-3141\/\"]}]},{\"@type\":\"ImageObject\",\"inLanguage\":\"fr-FR\",\"@id\":\"https:\/\/adcelectronique.com\/index.php\/product\/pince-a-sertir-a-percussion-proskit-cp-3141\/#primaryimage\",\"url\":\"https:\/\/adcelectronique.com\/wp-content\/uploads\/2026\/02\/xlarge_20221208135909_proskit_cp_3141_ergaleio_syrmatosis_typou_krone_mikos_180mm_01_123_0002.jpeg\",\"contentUrl\":\"https:\/\/adcelectronique.com\/wp-content\/uploads\/2026\/02\/xlarge_20221208135909_proskit_cp_3141_ergaleio_syrmatosis_typou_krone_mikos_180mm_01_123_0002.jpeg\",\"width\":540,\"height\":540},{\"@type\":\"BreadcrumbList\",\"@id\":\"https:\/\/adcelectronique.com\/index.php\/product\/pince-a-sertir-a-percussion-proskit-cp-3141\/#breadcrumb\",\"itemListElement\":[{\"@type\":\"ListItem\",\"position\":1,\"name\":\"Home\",\"item\":\"https:\/\/adcelectronique.com\/\"},{\"@type\":\"ListItem\",\"position\":2,\"name\":\"Shop\",\"item\":\"https:\/\/adcelectronique.com\/index.php\/shop\/\"},{\"@type\":\"ListItem\",\"position\":3,\"name\":\"PINCE A SERTIR A PERCUSSION PRO&rsquo;SKIT CP-3141\"}]},{\"@type\":\"WebSite\",\"@id\":\"https:\/\/adcelectronique.com\/#website\",\"url\":\"https:\/\/adcelectronique.com\/\",\"name\":\"ADC Electronique\",\"description\":\"\",\"potentialAction\":[{\"@type\":\"SearchAction\",\"target\":{\"@type\":\"EntryPoint\",\"urlTemplate\":\"https:\/\/adcelectronique.com\/?s={search_term_string}\"},\"query-input\":{\"@type\":\"PropertyValueSpecification\",\"valueRequired\":true,\"valueName\":\"search_term_string\"}}],\"inLanguage\":\"fr-FR\"}]}<\/script>\n<!-- \/ Yoast SEO Premium plugin. -->","yoast_head_json":{"title":"PINCE A SERTIR A PERCUSSION PRO'SKIT CP-3141 - ADC Electronique","description":"DESCRIPTIONOutil de sertissage \u00e0 percussion Pro'sKit CP-3141 pour bornes* Convient pour le raccordement de c\u00e2bles, modules et r\u00e9partiteurs \u00e9lectrique* T\u00eate d'outil sp\u00e9cialement con\u00e7ue pour une durabilit\u00e9 accrue* Combinaison des fonctions de couple, de percussion et d'outil \u00e0 percussion* Longueur totale\u00a0: 175\u00a0mm","robots":{"index":"index","follow":"follow","max-snippet":"max-snippet:-1","max-image-preview":"max-image-preview:large","max-video-preview":"max-video-preview:-1"},"canonical":"https:\/\/adcelectronique.com\/index.php\/product\/pince-a-sertir-a-percussion-proskit-cp-3141\/","og_locale":"fr_FR","og_type":"article","og_title":"PINCE A SERTIR A PERCUSSION PRO'SKIT CP-3141","og_description":"DESCRIPTIONOutil de sertissage \u00e0 percussion Pro'sKit CP-3141 pour bornes* Convient pour le raccordement de c\u00e2bles, modules et r\u00e9partiteurs \u00e9lectrique* T\u00eate d'outil sp\u00e9cialement con\u00e7ue pour une durabilit\u00e9 accrue* Combinaison des fonctions de couple, de percussion et d'outil \u00e0 percussion* Longueur totale\u00a0: 175\u00a0mm","og_url":"https:\/\/adcelectronique.com\/index.php\/product\/pince-a-sertir-a-percussion-proskit-cp-3141\/","og_site_name":"ADC Electronique","article_modified_time":"2026-02-08T14:35:53+00:00","og_image":[{"width":540,"height":540,"url":"https:\/\/adcelectronique.com\/wp-content\/uploads\/2026\/02\/xlarge_20221208135909_proskit_cp_3141_ergaleio_syrmatosis_typou_krone_mikos_180mm_01_123_0002.jpeg","type":"image\/jpeg"}],"twitter_card":"summary_large_image","twitter_misc":{"Dur\u00e9e de lecture estim\u00e9e":"1 minute"},"schema":{"@context":"https:\/\/schema.org","@graph":[{"@type":"WebPage","@id":"https:\/\/adcelectronique.com\/index.php\/product\/pince-a-sertir-a-percussion-proskit-cp-3141\/","url":"https:\/\/adcelectronique.com\/index.php\/product\/pince-a-sertir-a-percussion-proskit-cp-3141\/","name":"PINCE A SERTIR A PERCUSSION PRO'SKIT CP-3141 - ADC Electronique","isPartOf":{"@id":"https:\/\/adcelectronique.com\/#website"},"primaryImageOfPage":{"@id":"https:\/\/adcelectronique.com\/index.php\/product\/pince-a-sertir-a-percussion-proskit-cp-3141\/#primaryimage"},"image":{"@id":"https:\/\/adcelectronique.com\/index.php\/product\/pince-a-sertir-a-percussion-proskit-cp-3141\/#primaryimage"},"thumbnailUrl":"https:\/\/adcelectronique.com\/wp-content\/uploads\/2026\/02\/xlarge_20221208135909_proskit_cp_3141_ergaleio_syrmatosis_typou_krone_mikos_180mm_01_123_0002.jpeg","datePublished":"2026-02-02T10:37:18+00:00","dateModified":"2026-02-08T14:35:53+00:00","description":"DESCRIPTIONOutil de sertissage \u00e0 percussion Pro'sKit CP-3141 pour bornes* Convient pour le raccordement de c\u00e2bles, modules et r\u00e9partiteurs \u00e9lectrique* T\u00eate d'outil sp\u00e9cialement con\u00e7ue pour une durabilit\u00e9 accrue* Combinaison des fonctions de couple, de percussion et d'outil \u00e0 percussion* Longueur totale\u00a0: 175\u00a0mm","breadcrumb":{"@id":"https:\/\/adcelectronique.com\/index.php\/product\/pince-a-sertir-a-percussion-proskit-cp-3141\/#breadcrumb"},"inLanguage":"fr-FR","potentialAction":[{"@type":"ReadAction","target":["https:\/\/adcelectronique.com\/index.php\/product\/pince-a-sertir-a-percussion-proskit-cp-3141\/"]}]},{"@type":"ImageObject","inLanguage":"fr-FR","@id":"https:\/\/adcelectronique.com\/index.php\/product\/pince-a-sertir-a-percussion-proskit-cp-3141\/#primaryimage","url":"https:\/\/adcelectronique.com\/wp-content\/uploads\/2026\/02\/xlarge_20221208135909_proskit_cp_3141_ergaleio_syrmatosis_typou_krone_mikos_180mm_01_123_0002.jpeg","contentUrl":"https:\/\/adcelectronique.com\/wp-content\/uploads\/2026\/02\/xlarge_20221208135909_proskit_cp_3141_ergaleio_syrmatosis_typou_krone_mikos_180mm_01_123_0002.jpeg","width":540,"height":540},{"@type":"BreadcrumbList","@id":"https:\/\/adcelectronique.com\/index.php\/product\/pince-a-sertir-a-percussion-proskit-cp-3141\/#breadcrumb","itemListElement":[{"@type":"ListItem","position":1,"name":"Home","item":"https:\/\/adcelectronique.com\/"},{"@type":"ListItem","position":2,"name":"Shop","item":"https:\/\/adcelectronique.com\/index.php\/shop\/"},{"@type":"ListItem","position":3,"name":"PINCE A SERTIR A PERCUSSION PRO&rsquo;SKIT CP-3141"}]},{"@type":"WebSite","@id":"https:\/\/adcelectronique.com\/#website","url":"https:\/\/adcelectronique.com\/","name":"ADC Electronique","description":"","potentialAction":[{"@type":"SearchAction","target":{"@type":"EntryPoint","urlTemplate":"https:\/\/adcelectronique.com\/?s={search_term_string}"},"query-input":{"@type":"PropertyValueSpecification","valueRequired":true,"valueName":"search_term_string"}}],"inLanguage":"fr-FR"}]}},"_links":{"self":[{"href":"https:\/\/adcelectronique.com\/index.php\/wp-json\/wp\/v2\/product\/10554","targetHints":{"allow":["GET"]}}],"collection":[{"href":"https:\/\/adcelectronique.com\/index.php\/wp-json\/wp\/v2\/product"}],"about":[{"href":"https:\/\/adcelectronique.com\/index.php\/wp-json\/wp\/v2\/types\/product"}],"replies":[{"embeddable":true,"href":"https:\/\/adcelectronique.com\/index.php\/wp-json\/wp\/v2\/comments?post=10554"}],"version-history":[{"count":0,"href":"https:\/\/adcelectronique.com\/index.php\/wp-json\/wp\/v2\/product\/10554\/revisions"}],"wp:featuredmedia":[{"embeddable":true,"href":"https:\/\/adcelectronique.com\/index.php\/wp-json\/wp\/v2\/media\/10559"}],"wp:attachment":[{"href":"https:\/\/adcelectronique.com\/index.php\/wp-json\/wp\/v2\/media?parent=10554"}],"wp:term":[{"taxonomy":"product_brand","embeddable":true,"href":"https:\/\/adcelectronique.com\/index.php\/wp-json\/wp\/v2\/product_brand?post=10554"},{"taxonomy":"product_cat","embeddable":true,"href":"https:\/\/adcelectronique.com\/index.php\/wp-json\/wp\/v2\/product_cat?post=10554"},{"taxonomy":"product_tag","embeddable":true,"href":"https:\/\/adcelectronique.com\/index.php\/wp-json\/wp\/v2\/product_tag?post=10554"}],"curies":[{"name":"wp","href":"https:\/\/api.w.org\/{rel}","templated":true}]}}