{"id":10562,"date":"2026-02-02T10:50:30","date_gmt":"2026-02-02T10:50:30","guid":{"rendered":"https:\/\/adcelectronique.com\/?post_type=product&#038;p=10562"},"modified":"2026-02-02T10:50:32","modified_gmt":"2026-02-02T10:50:32","slug":"kit-tournevis-proskit-sd081a","status":"publish","type":"product","link":"https:\/\/adcelectronique.com\/index.php\/product\/kit-tournevis-proskit-sd081a\/","title":{"rendered":"KIT TOURNEVIS PRO&rsquo;SKIT SD081A"},"content":{"rendered":"<h4>\u00a0 \u00a0 \u00a0 \u00a0 \u00a0 \u00a0 \u00a0 \u00a0 \u00a0 \u00a0 \u00a0 \u00a0 \u00a0 \u00a0 \u00a0 \u00a0 \u00a0 \u00a0 \u00a0 \u00a0 \u00a0 \u00a0 \u00a0 \u00a0 \u00a0 \u00a0 \u00a0 \u00a0 \u00a0 \u00a0KIT TOURNEVIS PRO&rsquo;SKIT SD081A<\/h4>\n<h2 class=\"default\">Description du produit<\/h2>\n<p>Pro&rsquo;sKit SD-081A 7Pcs \u00c9lectronique Haute Qualit\u00e9 Jeu De Tournevis De Pr\u00e9cision Multifonction \u00c9lectronique R\u00e9paration T\u00e9l\u00e9phone Horloge et Montre.<span style=\"color: #333333;font-size: 16px\">Ce kit d&rsquo;outils de r\u00e9paration comprend 7 tournevis diff\u00e9rents afin qu&rsquo;il puisse r\u00e9pondre \u00e0 diff\u00e9rents besoins. Acier au chrome-molybd\u00e8ne vanadium AISI 8660 avec finition satin\u00e9e, haute duret\u00e9 et durable. Caract\u00e9ristiques : ensemble de tournevis de poche multifonction facile \u00e0 utiliser et \u00e0 transporter. Acier au chrome-molybd\u00e8ne vanadium AISI 8660 avec finition satin\u00e9e, haute duret\u00e9 et durable. Design pr\u00e9cis, n&rsquo;endommagera pas les vis. Poign\u00e9e antid\u00e9rapante TPR avec design ergonomique, confortable \u00e0 utiliser. Capuchon pivotant \u00e0 rotation rapide, fonctionne intelligemment avec le dessus rotatif. Comprend 7 pi\u00e8ces diff\u00e9rentes tournevis<\/span><\/p>\n<h5>Caract\u00e9ristiques<\/h5>\n<p>Mini,D\u00e9montable,isoler,Multifonctionnel,Antid\u00e9flagrant,Antid\u00e9rapant<\/p>\n<p>Type\u00a0:ensemble de tournevis<\/p>\n<p>Taille de la t\u00eate de vis\u00a0:1.6*50,2.0*50,2.4*50,3.0*50,00*50,0*50,1*50<\/p>\n<p>&nbsp;<\/p>\n","protected":false},"excerpt":{"rendered":"<h2 class=\"default\">Description du produit<\/h2>\n<p>Pro&rsquo;sKit SD-081A 7Pcs \u00c9lectronique Haute Qualit\u00e9 Jeu De Tournevis De Pr\u00e9cision Multifonction \u00c9lectronique R\u00e9paration T\u00e9l\u00e9phone Horloge et Montre.<span style=\"color: #333333;font-size: 16px\">Ce kit d&rsquo;outils de r\u00e9paration comprend 7 tournevis diff\u00e9rents afin qu&rsquo;il puisse r\u00e9pondre \u00e0 diff\u00e9rents besoins. Acier au chrome-molybd\u00e8ne vanadium AISI 8660 avec finition satin\u00e9e, haute duret\u00e9 et durable. Caract\u00e9ristiques : ensemble de tournevis de poche multifonction facile \u00e0 utiliser et \u00e0 transporter. Acier au chrome-molybd\u00e8ne vanadium AISI 8660 avec finition satin\u00e9e, haute duret\u00e9 et durable. Design pr\u00e9cis, n&rsquo;endommagera pas les vis. Poign\u00e9e antid\u00e9rapante TPR avec design ergonomique, confortable \u00e0 utiliser. Capuchon pivotant \u00e0 rotation rapide, fonctionne intelligemment avec le dessus rotatif. Comprend 7 pi\u00e8ces diff\u00e9rentes tournevis<\/span><\/p>\n","protected":false},"featured_media":10565,"comment_status":"open","ping_status":"closed","template":"","meta":[],"product_brand":[121],"product_cat":[140],"product_tag":[],"class_list":{"0":"post-10562","1":"product","2":"type-product","3":"status-publish","4":"has-post-thumbnail","6":"product_brand-pros-kit","7":"product_cat-kit-tournevis","9":"first","10":"instock","11":"shipping-taxable","12":"purchasable","13":"product-type-simple"},"yoast_head":"<!-- This site is optimized with the Yoast SEO Premium plugin v26.2 (Yoast SEO v26.2) - https:\/\/yoast.com\/wordpress\/plugins\/seo\/ -->\n<title>KIT TOURNEVIS PRO&#039;SKIT SD081A - ADC Electronique<\/title>\n<meta name=\"description\" content=\"Description du produitPro&#039;sKit SD-081A 7Pcs \u00c9lectronique Haute Qualit\u00e9 Jeu De Tournevis De Pr\u00e9cision Multifonction \u00c9lectronique R\u00e9paration T\u00e9l\u00e9phone Horloge et Montre.Ce kit d&#039;outils de r\u00e9paration comprend 7 tournevis diff\u00e9rents afin qu&#039;il puisse r\u00e9pondre \u00e0 diff\u00e9rents besoins. Acier au chrome-molybd\u00e8ne vanadium AISI 8660 avec finition satin\u00e9e, haute duret\u00e9 et durable. Caract\u00e9ristiques : ensemble de tournevis de poche multifonction facile \u00e0 utiliser et \u00e0 transporter. Acier au chrome-molybd\u00e8ne vanadium AISI 8660 avec finition satin\u00e9e, haute duret\u00e9 et durable. Design pr\u00e9cis, n&#039;endommagera pas les vis. Poign\u00e9e antid\u00e9rapante TPR avec design ergonomique, confortable \u00e0 utiliser. Capuchon pivotant \u00e0 rotation rapide, fonctionne intelligemment avec le dessus rotatif. Comprend 7 pi\u00e8ces diff\u00e9rentes tournevis\" \/>\n<meta name=\"robots\" content=\"index, follow, max-snippet:-1, max-image-preview:large, max-video-preview:-1\" \/>\n<link rel=\"canonical\" href=\"https:\/\/adcelectronique.com\/index.php\/product\/kit-tournevis-proskit-sd081a\/\" \/>\n<meta property=\"og:locale\" content=\"fr_FR\" \/>\n<meta property=\"og:type\" content=\"article\" \/>\n<meta property=\"og:title\" content=\"KIT TOURNEVIS PRO&#039;SKIT SD081A\" \/>\n<meta property=\"og:description\" content=\"Description du produitPro&#039;sKit SD-081A 7Pcs \u00c9lectronique Haute Qualit\u00e9 Jeu De Tournevis De Pr\u00e9cision Multifonction \u00c9lectronique R\u00e9paration T\u00e9l\u00e9phone Horloge et Montre.Ce kit d&#039;outils de r\u00e9paration comprend 7 tournevis diff\u00e9rents afin qu&#039;il puisse r\u00e9pondre \u00e0 diff\u00e9rents besoins. Acier au chrome-molybd\u00e8ne vanadium AISI 8660 avec finition satin\u00e9e, haute duret\u00e9 et durable. Caract\u00e9ristiques : ensemble de tournevis de poche multifonction facile \u00e0 utiliser et \u00e0 transporter. Acier au chrome-molybd\u00e8ne vanadium AISI 8660 avec finition satin\u00e9e, haute duret\u00e9 et durable. Design pr\u00e9cis, n&#039;endommagera pas les vis. Poign\u00e9e antid\u00e9rapante TPR avec design ergonomique, confortable \u00e0 utiliser. Capuchon pivotant \u00e0 rotation rapide, fonctionne intelligemment avec le dessus rotatif. Comprend 7 pi\u00e8ces diff\u00e9rentes tournevis\" \/>\n<meta property=\"og:url\" content=\"https:\/\/adcelectronique.com\/index.php\/product\/kit-tournevis-proskit-sd081a\/\" \/>\n<meta property=\"og:site_name\" content=\"ADC Electronique\" \/>\n<meta property=\"article:modified_time\" content=\"2026-02-02T10:50:32+00:00\" \/>\n<meta property=\"og:image\" content=\"https:\/\/adcelectronique.com\/wp-content\/uploads\/2026\/02\/61njlCZma5L._AC_SL1000_.jpg\" \/>\n\t<meta property=\"og:image:width\" content=\"790\" \/>\n\t<meta property=\"og:image:height\" content=\"818\" \/>\n\t<meta property=\"og:image:type\" content=\"image\/jpeg\" \/>\n<meta name=\"twitter:card\" content=\"summary_large_image\" \/>\n<meta name=\"twitter:label1\" content=\"Dur\u00e9e de lecture estim\u00e9e\" \/>\n\t<meta name=\"twitter:data1\" content=\"1 minute\" \/>\n<script type=\"application\/ld+json\" class=\"yoast-schema-graph\">{\"@context\":\"https:\/\/schema.org\",\"@graph\":[{\"@type\":\"WebPage\",\"@id\":\"https:\/\/adcelectronique.com\/index.php\/product\/kit-tournevis-proskit-sd081a\/\",\"url\":\"https:\/\/adcelectronique.com\/index.php\/product\/kit-tournevis-proskit-sd081a\/\",\"name\":\"KIT TOURNEVIS PRO'SKIT SD081A - ADC Electronique\",\"isPartOf\":{\"@id\":\"https:\/\/adcelectronique.com\/#website\"},\"primaryImageOfPage\":{\"@id\":\"https:\/\/adcelectronique.com\/index.php\/product\/kit-tournevis-proskit-sd081a\/#primaryimage\"},\"image\":{\"@id\":\"https:\/\/adcelectronique.com\/index.php\/product\/kit-tournevis-proskit-sd081a\/#primaryimage\"},\"thumbnailUrl\":\"https:\/\/adcelectronique.com\/wp-content\/uploads\/2026\/02\/61njlCZma5L._AC_SL1000_.jpg\",\"datePublished\":\"2026-02-02T10:50:30+00:00\",\"dateModified\":\"2026-02-02T10:50:32+00:00\",\"description\":\"Description du produitPro'sKit SD-081A 7Pcs \u00c9lectronique Haute Qualit\u00e9 Jeu De Tournevis De Pr\u00e9cision Multifonction \u00c9lectronique R\u00e9paration T\u00e9l\u00e9phone Horloge et Montre.Ce kit d'outils de r\u00e9paration comprend 7 tournevis diff\u00e9rents afin qu'il puisse r\u00e9pondre \u00e0 diff\u00e9rents besoins. Acier au chrome-molybd\u00e8ne vanadium AISI 8660 avec finition satin\u00e9e, haute duret\u00e9 et durable. Caract\u00e9ristiques : ensemble de tournevis de poche multifonction facile \u00e0 utiliser et \u00e0 transporter. Acier au chrome-molybd\u00e8ne vanadium AISI 8660 avec finition satin\u00e9e, haute duret\u00e9 et durable. Design pr\u00e9cis, n'endommagera pas les vis. Poign\u00e9e antid\u00e9rapante TPR avec design ergonomique, confortable \u00e0 utiliser. Capuchon pivotant \u00e0 rotation rapide, fonctionne intelligemment avec le dessus rotatif. Comprend 7 pi\u00e8ces diff\u00e9rentes tournevis\",\"breadcrumb\":{\"@id\":\"https:\/\/adcelectronique.com\/index.php\/product\/kit-tournevis-proskit-sd081a\/#breadcrumb\"},\"inLanguage\":\"fr-FR\",\"potentialAction\":[{\"@type\":\"ReadAction\",\"target\":[\"https:\/\/adcelectronique.com\/index.php\/product\/kit-tournevis-proskit-sd081a\/\"]}]},{\"@type\":\"ImageObject\",\"inLanguage\":\"fr-FR\",\"@id\":\"https:\/\/adcelectronique.com\/index.php\/product\/kit-tournevis-proskit-sd081a\/#primaryimage\",\"url\":\"https:\/\/adcelectronique.com\/wp-content\/uploads\/2026\/02\/61njlCZma5L._AC_SL1000_.jpg\",\"contentUrl\":\"https:\/\/adcelectronique.com\/wp-content\/uploads\/2026\/02\/61njlCZma5L._AC_SL1000_.jpg\",\"width\":790,\"height\":818},{\"@type\":\"BreadcrumbList\",\"@id\":\"https:\/\/adcelectronique.com\/index.php\/product\/kit-tournevis-proskit-sd081a\/#breadcrumb\",\"itemListElement\":[{\"@type\":\"ListItem\",\"position\":1,\"name\":\"Home\",\"item\":\"https:\/\/adcelectronique.com\/\"},{\"@type\":\"ListItem\",\"position\":2,\"name\":\"Shop\",\"item\":\"https:\/\/adcelectronique.com\/index.php\/shop\/\"},{\"@type\":\"ListItem\",\"position\":3,\"name\":\"KIT TOURNEVIS PRO&rsquo;SKIT SD081A\"}]},{\"@type\":\"WebSite\",\"@id\":\"https:\/\/adcelectronique.com\/#website\",\"url\":\"https:\/\/adcelectronique.com\/\",\"name\":\"ADC Electronique\",\"description\":\"\",\"potentialAction\":[{\"@type\":\"SearchAction\",\"target\":{\"@type\":\"EntryPoint\",\"urlTemplate\":\"https:\/\/adcelectronique.com\/?s={search_term_string}\"},\"query-input\":{\"@type\":\"PropertyValueSpecification\",\"valueRequired\":true,\"valueName\":\"search_term_string\"}}],\"inLanguage\":\"fr-FR\"}]}<\/script>\n<!-- \/ Yoast SEO Premium plugin. -->","yoast_head_json":{"title":"KIT TOURNEVIS PRO'SKIT SD081A - ADC Electronique","description":"Description du produitPro'sKit SD-081A 7Pcs \u00c9lectronique Haute Qualit\u00e9 Jeu De Tournevis De Pr\u00e9cision Multifonction \u00c9lectronique R\u00e9paration T\u00e9l\u00e9phone Horloge et Montre.Ce kit d'outils de r\u00e9paration comprend 7 tournevis diff\u00e9rents afin qu'il puisse r\u00e9pondre \u00e0 diff\u00e9rents besoins. Acier au chrome-molybd\u00e8ne vanadium AISI 8660 avec finition satin\u00e9e, haute duret\u00e9 et durable. Caract\u00e9ristiques : ensemble de tournevis de poche multifonction facile \u00e0 utiliser et \u00e0 transporter. Acier au chrome-molybd\u00e8ne vanadium AISI 8660 avec finition satin\u00e9e, haute duret\u00e9 et durable. Design pr\u00e9cis, n'endommagera pas les vis. Poign\u00e9e antid\u00e9rapante TPR avec design ergonomique, confortable \u00e0 utiliser. Capuchon pivotant \u00e0 rotation rapide, fonctionne intelligemment avec le dessus rotatif. Comprend 7 pi\u00e8ces diff\u00e9rentes tournevis","robots":{"index":"index","follow":"follow","max-snippet":"max-snippet:-1","max-image-preview":"max-image-preview:large","max-video-preview":"max-video-preview:-1"},"canonical":"https:\/\/adcelectronique.com\/index.php\/product\/kit-tournevis-proskit-sd081a\/","og_locale":"fr_FR","og_type":"article","og_title":"KIT TOURNEVIS PRO'SKIT SD081A","og_description":"Description du produitPro'sKit SD-081A 7Pcs \u00c9lectronique Haute Qualit\u00e9 Jeu De Tournevis De Pr\u00e9cision Multifonction \u00c9lectronique R\u00e9paration T\u00e9l\u00e9phone Horloge et Montre.Ce kit d'outils de r\u00e9paration comprend 7 tournevis diff\u00e9rents afin qu'il puisse r\u00e9pondre \u00e0 diff\u00e9rents besoins. Acier au chrome-molybd\u00e8ne vanadium AISI 8660 avec finition satin\u00e9e, haute duret\u00e9 et durable. Caract\u00e9ristiques : ensemble de tournevis de poche multifonction facile \u00e0 utiliser et \u00e0 transporter. Acier au chrome-molybd\u00e8ne vanadium AISI 8660 avec finition satin\u00e9e, haute duret\u00e9 et durable. Design pr\u00e9cis, n'endommagera pas les vis. Poign\u00e9e antid\u00e9rapante TPR avec design ergonomique, confortable \u00e0 utiliser. Capuchon pivotant \u00e0 rotation rapide, fonctionne intelligemment avec le dessus rotatif. Comprend 7 pi\u00e8ces diff\u00e9rentes tournevis","og_url":"https:\/\/adcelectronique.com\/index.php\/product\/kit-tournevis-proskit-sd081a\/","og_site_name":"ADC Electronique","article_modified_time":"2026-02-02T10:50:32+00:00","og_image":[{"width":790,"height":818,"url":"https:\/\/adcelectronique.com\/wp-content\/uploads\/2026\/02\/61njlCZma5L._AC_SL1000_.jpg","type":"image\/jpeg"}],"twitter_card":"summary_large_image","twitter_misc":{"Dur\u00e9e de lecture estim\u00e9e":"1 minute"},"schema":{"@context":"https:\/\/schema.org","@graph":[{"@type":"WebPage","@id":"https:\/\/adcelectronique.com\/index.php\/product\/kit-tournevis-proskit-sd081a\/","url":"https:\/\/adcelectronique.com\/index.php\/product\/kit-tournevis-proskit-sd081a\/","name":"KIT TOURNEVIS PRO'SKIT SD081A - ADC Electronique","isPartOf":{"@id":"https:\/\/adcelectronique.com\/#website"},"primaryImageOfPage":{"@id":"https:\/\/adcelectronique.com\/index.php\/product\/kit-tournevis-proskit-sd081a\/#primaryimage"},"image":{"@id":"https:\/\/adcelectronique.com\/index.php\/product\/kit-tournevis-proskit-sd081a\/#primaryimage"},"thumbnailUrl":"https:\/\/adcelectronique.com\/wp-content\/uploads\/2026\/02\/61njlCZma5L._AC_SL1000_.jpg","datePublished":"2026-02-02T10:50:30+00:00","dateModified":"2026-02-02T10:50:32+00:00","description":"Description du produitPro'sKit SD-081A 7Pcs \u00c9lectronique Haute Qualit\u00e9 Jeu De Tournevis De Pr\u00e9cision Multifonction \u00c9lectronique R\u00e9paration T\u00e9l\u00e9phone Horloge et Montre.Ce kit d'outils de r\u00e9paration comprend 7 tournevis diff\u00e9rents afin qu'il puisse r\u00e9pondre \u00e0 diff\u00e9rents besoins. Acier au chrome-molybd\u00e8ne vanadium AISI 8660 avec finition satin\u00e9e, haute duret\u00e9 et durable. Caract\u00e9ristiques : ensemble de tournevis de poche multifonction facile \u00e0 utiliser et \u00e0 transporter. Acier au chrome-molybd\u00e8ne vanadium AISI 8660 avec finition satin\u00e9e, haute duret\u00e9 et durable. Design pr\u00e9cis, n'endommagera pas les vis. Poign\u00e9e antid\u00e9rapante TPR avec design ergonomique, confortable \u00e0 utiliser. Capuchon pivotant \u00e0 rotation rapide, fonctionne intelligemment avec le dessus rotatif. Comprend 7 pi\u00e8ces diff\u00e9rentes tournevis","breadcrumb":{"@id":"https:\/\/adcelectronique.com\/index.php\/product\/kit-tournevis-proskit-sd081a\/#breadcrumb"},"inLanguage":"fr-FR","potentialAction":[{"@type":"ReadAction","target":["https:\/\/adcelectronique.com\/index.php\/product\/kit-tournevis-proskit-sd081a\/"]}]},{"@type":"ImageObject","inLanguage":"fr-FR","@id":"https:\/\/adcelectronique.com\/index.php\/product\/kit-tournevis-proskit-sd081a\/#primaryimage","url":"https:\/\/adcelectronique.com\/wp-content\/uploads\/2026\/02\/61njlCZma5L._AC_SL1000_.jpg","contentUrl":"https:\/\/adcelectronique.com\/wp-content\/uploads\/2026\/02\/61njlCZma5L._AC_SL1000_.jpg","width":790,"height":818},{"@type":"BreadcrumbList","@id":"https:\/\/adcelectronique.com\/index.php\/product\/kit-tournevis-proskit-sd081a\/#breadcrumb","itemListElement":[{"@type":"ListItem","position":1,"name":"Home","item":"https:\/\/adcelectronique.com\/"},{"@type":"ListItem","position":2,"name":"Shop","item":"https:\/\/adcelectronique.com\/index.php\/shop\/"},{"@type":"ListItem","position":3,"name":"KIT TOURNEVIS PRO&rsquo;SKIT SD081A"}]},{"@type":"WebSite","@id":"https:\/\/adcelectronique.com\/#website","url":"https:\/\/adcelectronique.com\/","name":"ADC Electronique","description":"","potentialAction":[{"@type":"SearchAction","target":{"@type":"EntryPoint","urlTemplate":"https:\/\/adcelectronique.com\/?s={search_term_string}"},"query-input":{"@type":"PropertyValueSpecification","valueRequired":true,"valueName":"search_term_string"}}],"inLanguage":"fr-FR"}]}},"_links":{"self":[{"href":"https:\/\/adcelectronique.com\/index.php\/wp-json\/wp\/v2\/product\/10562","targetHints":{"allow":["GET"]}}],"collection":[{"href":"https:\/\/adcelectronique.com\/index.php\/wp-json\/wp\/v2\/product"}],"about":[{"href":"https:\/\/adcelectronique.com\/index.php\/wp-json\/wp\/v2\/types\/product"}],"replies":[{"embeddable":true,"href":"https:\/\/adcelectronique.com\/index.php\/wp-json\/wp\/v2\/comments?post=10562"}],"version-history":[{"count":0,"href":"https:\/\/adcelectronique.com\/index.php\/wp-json\/wp\/v2\/product\/10562\/revisions"}],"wp:featuredmedia":[{"embeddable":true,"href":"https:\/\/adcelectronique.com\/index.php\/wp-json\/wp\/v2\/media\/10565"}],"wp:attachment":[{"href":"https:\/\/adcelectronique.com\/index.php\/wp-json\/wp\/v2\/media?parent=10562"}],"wp:term":[{"taxonomy":"product_brand","embeddable":true,"href":"https:\/\/adcelectronique.com\/index.php\/wp-json\/wp\/v2\/product_brand?post=10562"},{"taxonomy":"product_cat","embeddable":true,"href":"https:\/\/adcelectronique.com\/index.php\/wp-json\/wp\/v2\/product_cat?post=10562"},{"taxonomy":"product_tag","embeddable":true,"href":"https:\/\/adcelectronique.com\/index.php\/wp-json\/wp\/v2\/product_tag?post=10562"}],"curies":[{"name":"wp","href":"https:\/\/api.w.org\/{rel}","templated":true}]}}