{"id":10694,"date":"2026-02-04T15:06:54","date_gmt":"2026-02-04T15:06:54","guid":{"rendered":"https:\/\/adcelectronique.com\/?post_type=product&#038;p=10694"},"modified":"2026-02-04T15:06:55","modified_gmt":"2026-02-04T15:06:55","slug":"arduino-mega-rev3-dip","status":"publish","type":"product","link":"https:\/\/adcelectronique.com\/index.php\/product\/arduino-mega-rev3-dip\/","title":{"rendered":"Arduino Mega REV3 DIP"},"content":{"rendered":"<h2 data-start=\"0\" data-end=\"104\"><strong data-start=\"0\" data-end=\"25\">\u00a0 \u00a0 \u00a0 \u00a0 \u00a0 \u00a0 \u00a0 \u00a0 \u00a0 \u00a0 \u00a0 \u00a0 \u00a0 \u00a0 \u00a0 \u00a0 \u00a0 \u00a0 Arduino Mega REV3 DIP<\/strong><\/h2>\n<p data-start=\"0\" data-end=\"104\">\n<p data-start=\"0\" data-end=\"104\">-C\u2019est une carte de d\u00e9veloppement tr\u00e8s puissante, id\u00e9ale pour les grands projets.<\/p>\n<p data-start=\"0\" data-end=\"104\">-C\u2019est une carte bas\u00e9e sur le microcontr\u00f4leur <strong data-start=\"179\" data-end=\"193\">ATmega2560<\/strong>, utilis\u00e9e pour l\u2019apprentissage de la programmation et le contr\u00f4le de syst\u00e8mes \u00e9lectroniques (robots, capteurs, \u00e9crans, etc.).<\/p>\n<p data-start=\"321\" data-end=\"355\"><strong data-start=\"321\" data-end=\"355\">Caract\u00e9ristiques principales :<\/strong><\/p>\n<ul data-start=\"356\" data-end=\"567\">\n<li data-start=\"356\" data-end=\"405\">\n<p data-start=\"358\" data-end=\"405\"><strong data-start=\"358\" data-end=\"391\">54 entr\u00e9es\/sorties num\u00e9riques<\/strong> (dont 15 PWM)<\/p>\n<\/li>\n<li data-start=\"406\" data-end=\"434\">\n<p data-start=\"408\" data-end=\"434\"><strong data-start=\"408\" data-end=\"434\">16 entr\u00e9es analogiques<\/strong><\/p>\n<\/li>\n<li data-start=\"435\" data-end=\"504\">\n<p data-start=\"437\" data-end=\"457\"><strong data-start=\"437\" data-end=\"455\">Grande m\u00e9moire<\/strong> :<\/p>\n<ul data-start=\"460\" data-end=\"504\">\n<li data-start=\"460\" data-end=\"487\">\n<p data-start=\"462\" data-end=\"487\">256 KB de m\u00e9moire Flash<\/p>\n<\/li>\n<li data-start=\"490\" data-end=\"504\">\n<p data-start=\"492\" data-end=\"504\">8 KB de SRAM<\/p>\n<\/li>\n<\/ul>\n<\/li>\n<li data-start=\"505\" data-end=\"542\">\n<p data-start=\"507\" data-end=\"542\">Tension de fonctionnement : <strong data-start=\"535\" data-end=\"542\">5 V<\/strong><\/p>\n<\/li>\n<li data-start=\"543\" data-end=\"567\">\n<p data-start=\"545\" data-end=\"567\">Fr\u00e9quence : <strong data-start=\"557\" data-end=\"567\">16 MHz<\/strong><\/p>\n<\/li>\n<\/ul>\n<p data-start=\"766\" data-end=\"845\">On l\u2019utilise pour des projets n\u00e9cessitant :<\/p>\n<ul data-start=\"846\" data-end=\"972\">\n<li data-start=\"846\" data-end=\"883\">\n<p data-start=\"848\" data-end=\"883\">Beaucoup de broches d\u2019entr\u00e9e\/sortie<\/p>\n<\/li>\n<li data-start=\"884\" data-end=\"915\">\n<p data-start=\"886\" data-end=\"915\">Plusieurs capteurs ou moteurs<\/p>\n<\/li>\n<li data-start=\"916\" data-end=\"972\">\n<p data-start=\"918\" data-end=\"972\">Des communications multiples (Serial, \u00e9crans, modules)<\/p>\n<\/li>\n<\/ul>\n","protected":false},"excerpt":{"rendered":"<p>C\u2019est une carte bas\u00e9e sur le microcontr\u00f4leur <strong data-start=\"179\" data-end=\"193\">ATmega2560<\/strong>, utilis\u00e9e pour l\u2019apprentissage de la programmation et le contr\u00f4le de syst\u00e8mes \u00e9lectroniques (robots, capteurs, \u00e9crans, etc.).<\/p>\n","protected":false},"featured_media":10695,"comment_status":"open","ping_status":"closed","template":"","meta":[],"product_brand":[144],"product_cat":[31],"product_tag":[],"class_list":{"0":"post-10694","1":"product","2":"type-product","3":"status-publish","4":"has-post-thumbnail","6":"product_brand-arduino","7":"product_cat-cartes-microcontroleurs","9":"first","10":"instock","11":"shipping-taxable","12":"purchasable","13":"product-type-simple"},"yoast_head":"<!-- This site is optimized with the Yoast SEO Premium plugin v26.2 (Yoast SEO v26.2) - https:\/\/yoast.com\/wordpress\/plugins\/seo\/ -->\n<title>Arduino Mega REV3 DIP - ADC Electronique<\/title>\n<meta name=\"robots\" content=\"index, follow, max-snippet:-1, max-image-preview:large, max-video-preview:-1\" \/>\n<link rel=\"canonical\" href=\"https:\/\/adcelectronique.com\/index.php\/product\/arduino-mega-rev3-dip\/\" \/>\n<meta property=\"og:locale\" content=\"fr_FR\" \/>\n<meta property=\"og:type\" content=\"article\" \/>\n<meta property=\"og:title\" content=\"Arduino Mega REV3 DIP\" \/>\n<meta property=\"og:description\" content=\"C\u2019est une carte bas\u00e9e sur le microcontr\u00f4leur ATmega2560, utilis\u00e9e pour l\u2019apprentissage de la programmation et le contr\u00f4le de syst\u00e8mes \u00e9lectroniques (robots, capteurs, \u00e9crans, etc.).\" \/>\n<meta property=\"og:url\" content=\"https:\/\/adcelectronique.com\/index.php\/product\/arduino-mega-rev3-dip\/\" \/>\n<meta property=\"og:site_name\" content=\"ADC Electronique\" \/>\n<meta property=\"article:modified_time\" content=\"2026-02-04T15:06:55+00:00\" \/>\n<meta property=\"og:image\" content=\"https:\/\/adcelectronique.com\/wp-content\/uploads\/2026\/02\/AR-MEGA.png\" \/>\n\t<meta property=\"og:image:width\" content=\"933\" \/>\n\t<meta property=\"og:image:height\" content=\"700\" \/>\n\t<meta property=\"og:image:type\" content=\"image\/png\" \/>\n<meta name=\"twitter:card\" content=\"summary_large_image\" \/>\n<meta name=\"twitter:label1\" content=\"Dur\u00e9e de lecture estim\u00e9e\" \/>\n\t<meta name=\"twitter:data1\" content=\"1 minute\" \/>\n<script type=\"application\/ld+json\" class=\"yoast-schema-graph\">{\"@context\":\"https:\/\/schema.org\",\"@graph\":[{\"@type\":\"WebPage\",\"@id\":\"https:\/\/adcelectronique.com\/index.php\/product\/arduino-mega-rev3-dip\/\",\"url\":\"https:\/\/adcelectronique.com\/index.php\/product\/arduino-mega-rev3-dip\/\",\"name\":\"Arduino Mega REV3 DIP - ADC Electronique\",\"isPartOf\":{\"@id\":\"https:\/\/adcelectronique.com\/#website\"},\"primaryImageOfPage\":{\"@id\":\"https:\/\/adcelectronique.com\/index.php\/product\/arduino-mega-rev3-dip\/#primaryimage\"},\"image\":{\"@id\":\"https:\/\/adcelectronique.com\/index.php\/product\/arduino-mega-rev3-dip\/#primaryimage\"},\"thumbnailUrl\":\"https:\/\/adcelectronique.com\/wp-content\/uploads\/2026\/02\/AR-MEGA.png\",\"datePublished\":\"2026-02-04T15:06:54+00:00\",\"dateModified\":\"2026-02-04T15:06:55+00:00\",\"breadcrumb\":{\"@id\":\"https:\/\/adcelectronique.com\/index.php\/product\/arduino-mega-rev3-dip\/#breadcrumb\"},\"inLanguage\":\"fr-FR\",\"potentialAction\":[{\"@type\":\"ReadAction\",\"target\":[\"https:\/\/adcelectronique.com\/index.php\/product\/arduino-mega-rev3-dip\/\"]}]},{\"@type\":\"ImageObject\",\"inLanguage\":\"fr-FR\",\"@id\":\"https:\/\/adcelectronique.com\/index.php\/product\/arduino-mega-rev3-dip\/#primaryimage\",\"url\":\"https:\/\/adcelectronique.com\/wp-content\/uploads\/2026\/02\/AR-MEGA.png\",\"contentUrl\":\"https:\/\/adcelectronique.com\/wp-content\/uploads\/2026\/02\/AR-MEGA.png\",\"width\":933,\"height\":700},{\"@type\":\"BreadcrumbList\",\"@id\":\"https:\/\/adcelectronique.com\/index.php\/product\/arduino-mega-rev3-dip\/#breadcrumb\",\"itemListElement\":[{\"@type\":\"ListItem\",\"position\":1,\"name\":\"Home\",\"item\":\"https:\/\/adcelectronique.com\/\"},{\"@type\":\"ListItem\",\"position\":2,\"name\":\"Shop\",\"item\":\"https:\/\/adcelectronique.com\/index.php\/shop\/\"},{\"@type\":\"ListItem\",\"position\":3,\"name\":\"Arduino Mega REV3 DIP\"}]},{\"@type\":\"WebSite\",\"@id\":\"https:\/\/adcelectronique.com\/#website\",\"url\":\"https:\/\/adcelectronique.com\/\",\"name\":\"ADC Electronique\",\"description\":\"\",\"potentialAction\":[{\"@type\":\"SearchAction\",\"target\":{\"@type\":\"EntryPoint\",\"urlTemplate\":\"https:\/\/adcelectronique.com\/?s={search_term_string}\"},\"query-input\":{\"@type\":\"PropertyValueSpecification\",\"valueRequired\":true,\"valueName\":\"search_term_string\"}}],\"inLanguage\":\"fr-FR\"}]}<\/script>\n<!-- \/ Yoast SEO Premium plugin. -->","yoast_head_json":{"title":"Arduino Mega REV3 DIP - ADC Electronique","robots":{"index":"index","follow":"follow","max-snippet":"max-snippet:-1","max-image-preview":"max-image-preview:large","max-video-preview":"max-video-preview:-1"},"canonical":"https:\/\/adcelectronique.com\/index.php\/product\/arduino-mega-rev3-dip\/","og_locale":"fr_FR","og_type":"article","og_title":"Arduino Mega REV3 DIP","og_description":"C\u2019est une carte bas\u00e9e sur le microcontr\u00f4leur ATmega2560, utilis\u00e9e pour l\u2019apprentissage de la programmation et le contr\u00f4le de syst\u00e8mes \u00e9lectroniques (robots, capteurs, \u00e9crans, etc.).","og_url":"https:\/\/adcelectronique.com\/index.php\/product\/arduino-mega-rev3-dip\/","og_site_name":"ADC Electronique","article_modified_time":"2026-02-04T15:06:55+00:00","og_image":[{"width":933,"height":700,"url":"https:\/\/adcelectronique.com\/wp-content\/uploads\/2026\/02\/AR-MEGA.png","type":"image\/png"}],"twitter_card":"summary_large_image","twitter_misc":{"Dur\u00e9e de lecture estim\u00e9e":"1 minute"},"schema":{"@context":"https:\/\/schema.org","@graph":[{"@type":"WebPage","@id":"https:\/\/adcelectronique.com\/index.php\/product\/arduino-mega-rev3-dip\/","url":"https:\/\/adcelectronique.com\/index.php\/product\/arduino-mega-rev3-dip\/","name":"Arduino Mega REV3 DIP - ADC Electronique","isPartOf":{"@id":"https:\/\/adcelectronique.com\/#website"},"primaryImageOfPage":{"@id":"https:\/\/adcelectronique.com\/index.php\/product\/arduino-mega-rev3-dip\/#primaryimage"},"image":{"@id":"https:\/\/adcelectronique.com\/index.php\/product\/arduino-mega-rev3-dip\/#primaryimage"},"thumbnailUrl":"https:\/\/adcelectronique.com\/wp-content\/uploads\/2026\/02\/AR-MEGA.png","datePublished":"2026-02-04T15:06:54+00:00","dateModified":"2026-02-04T15:06:55+00:00","breadcrumb":{"@id":"https:\/\/adcelectronique.com\/index.php\/product\/arduino-mega-rev3-dip\/#breadcrumb"},"inLanguage":"fr-FR","potentialAction":[{"@type":"ReadAction","target":["https:\/\/adcelectronique.com\/index.php\/product\/arduino-mega-rev3-dip\/"]}]},{"@type":"ImageObject","inLanguage":"fr-FR","@id":"https:\/\/adcelectronique.com\/index.php\/product\/arduino-mega-rev3-dip\/#primaryimage","url":"https:\/\/adcelectronique.com\/wp-content\/uploads\/2026\/02\/AR-MEGA.png","contentUrl":"https:\/\/adcelectronique.com\/wp-content\/uploads\/2026\/02\/AR-MEGA.png","width":933,"height":700},{"@type":"BreadcrumbList","@id":"https:\/\/adcelectronique.com\/index.php\/product\/arduino-mega-rev3-dip\/#breadcrumb","itemListElement":[{"@type":"ListItem","position":1,"name":"Home","item":"https:\/\/adcelectronique.com\/"},{"@type":"ListItem","position":2,"name":"Shop","item":"https:\/\/adcelectronique.com\/index.php\/shop\/"},{"@type":"ListItem","position":3,"name":"Arduino Mega REV3 DIP"}]},{"@type":"WebSite","@id":"https:\/\/adcelectronique.com\/#website","url":"https:\/\/adcelectronique.com\/","name":"ADC Electronique","description":"","potentialAction":[{"@type":"SearchAction","target":{"@type":"EntryPoint","urlTemplate":"https:\/\/adcelectronique.com\/?s={search_term_string}"},"query-input":{"@type":"PropertyValueSpecification","valueRequired":true,"valueName":"search_term_string"}}],"inLanguage":"fr-FR"}]}},"_links":{"self":[{"href":"https:\/\/adcelectronique.com\/index.php\/wp-json\/wp\/v2\/product\/10694","targetHints":{"allow":["GET"]}}],"collection":[{"href":"https:\/\/adcelectronique.com\/index.php\/wp-json\/wp\/v2\/product"}],"about":[{"href":"https:\/\/adcelectronique.com\/index.php\/wp-json\/wp\/v2\/types\/product"}],"replies":[{"embeddable":true,"href":"https:\/\/adcelectronique.com\/index.php\/wp-json\/wp\/v2\/comments?post=10694"}],"version-history":[{"count":0,"href":"https:\/\/adcelectronique.com\/index.php\/wp-json\/wp\/v2\/product\/10694\/revisions"}],"wp:featuredmedia":[{"embeddable":true,"href":"https:\/\/adcelectronique.com\/index.php\/wp-json\/wp\/v2\/media\/10695"}],"wp:attachment":[{"href":"https:\/\/adcelectronique.com\/index.php\/wp-json\/wp\/v2\/media?parent=10694"}],"wp:term":[{"taxonomy":"product_brand","embeddable":true,"href":"https:\/\/adcelectronique.com\/index.php\/wp-json\/wp\/v2\/product_brand?post=10694"},{"taxonomy":"product_cat","embeddable":true,"href":"https:\/\/adcelectronique.com\/index.php\/wp-json\/wp\/v2\/product_cat?post=10694"},{"taxonomy":"product_tag","embeddable":true,"href":"https:\/\/adcelectronique.com\/index.php\/wp-json\/wp\/v2\/product_tag?post=10694"}],"curies":[{"name":"wp","href":"https:\/\/api.w.org\/{rel}","templated":true}]}}