{"id":10699,"date":"2026-02-04T15:16:38","date_gmt":"2026-02-04T15:16:38","guid":{"rendered":"https:\/\/adcelectronique.com\/?post_type=product&#038;p=10699"},"modified":"2026-02-04T15:16:40","modified_gmt":"2026-02-04T15:16:40","slug":"carte-de-developpement-wemos-d1-r2","status":"publish","type":"product","link":"https:\/\/adcelectronique.com\/index.php\/product\/carte-de-developpement-wemos-d1-r2\/","title":{"rendered":"Carte de D\u00e9veloppement Wemos D1 R2"},"content":{"rendered":"<p data-start=\"40\" data-end=\"178\">La <strong data-start=\"43\" data-end=\"58\">Wemos D1 R2<\/strong> est une carte de d\u00e9veloppement bas\u00e9e sur le <strong data-start=\"103\" data-end=\"114\">ESP8266<\/strong>, tr\u00e8s populaire pour les projets <strong data-start=\"148\" data-end=\"177\">IoT (Internet des objets)<\/strong>.<\/p>\n<ul data-start=\"208\" data-end=\"346\">\n<li data-start=\"208\" data-end=\"243\">\n<p data-start=\"210\" data-end=\"243\">Compatible avec l\u2019<strong data-start=\"228\" data-end=\"243\">IDE Arduino<\/strong><\/p>\n<\/li>\n<li data-start=\"244\" data-end=\"280\">\n<p data-start=\"246\" data-end=\"280\">Format proche de l\u2019<strong data-start=\"265\" data-end=\"280\">Arduino Uno<\/strong><\/p>\n<\/li>\n<li data-start=\"281\" data-end=\"346\">\n<p data-start=\"283\" data-end=\"346\">Int\u00e8gre le <strong data-start=\"294\" data-end=\"303\">Wi-Fi<\/strong> directement (pas besoin de module externe)<\/p>\n<\/li>\n<\/ul>\n<p data-start=\"348\" data-end=\"382\"><strong data-start=\"348\" data-end=\"382\">Caract\u00e9ristiques principales :<\/strong><\/p>\n<ul data-start=\"383\" data-end=\"639\">\n<li data-start=\"383\" data-end=\"414\">\n<p data-start=\"385\" data-end=\"414\">Microcontr\u00f4leur : <strong data-start=\"403\" data-end=\"414\">ESP8266<\/strong><\/p>\n<\/li>\n<li data-start=\"415\" data-end=\"449\">\n<p data-start=\"417\" data-end=\"449\">Connexion <strong data-start=\"427\" data-end=\"449\">Wi-Fi 802.11 b\/g\/n<\/strong><\/p>\n<\/li>\n<li data-start=\"450\" data-end=\"489\">\n<p data-start=\"452\" data-end=\"489\">Tension de fonctionnement : <strong data-start=\"480\" data-end=\"489\">3,3 V<\/strong><\/p>\n<\/li>\n<li data-start=\"490\" data-end=\"538\">\n<p data-start=\"492\" data-end=\"538\">Alimentation via <strong data-start=\"509\" data-end=\"516\">USB<\/strong> ou <strong data-start=\"520\" data-end=\"538\">broche externe<\/strong><\/p>\n<\/li>\n<li data-start=\"539\" data-end=\"573\">\n<p data-start=\"541\" data-end=\"573\"><strong data-start=\"541\" data-end=\"573\">11 broches num\u00e9riques (GPIO)<\/strong><\/p>\n<\/li>\n<li data-start=\"574\" data-end=\"599\">\n<p data-start=\"576\" data-end=\"599\"><strong data-start=\"576\" data-end=\"599\">1 entr\u00e9e analogique<\/strong><\/p>\n<\/li>\n<li data-start=\"600\" data-end=\"639\">\n<p data-start=\"602\" data-end=\"639\">M\u00e9moire plus grande que l\u2019Arduino Uno<\/p>\n<\/li>\n<\/ul>\n","protected":false},"excerpt":{"rendered":"<p data-start=\"40\" data-end=\"178\">La <strong data-start=\"43\" data-end=\"58\">Wemos D1 R2<\/strong> est une carte de d\u00e9veloppement bas\u00e9e sur le <strong data-start=\"103\" data-end=\"114\">ESP8266<\/strong>, tr\u00e8s populaire pour les projets <strong data-start=\"148\" data-end=\"177\">IoT (Internet des objets)<\/strong>.<\/p>\n<ul data-start=\"208\" data-end=\"346\">\n<li data-start=\"208\" data-end=\"243\">\n<p data-start=\"210\" data-end=\"243\">Compatible avec l\u2019<strong data-start=\"228\" data-end=\"243\">IDE Arduino<\/strong><\/p>\n<\/li>\n<li data-start=\"244\" data-end=\"280\">\n<p data-start=\"246\" data-end=\"280\">Format proche de l\u2019<strong data-start=\"265\" data-end=\"280\">Arduino Uno<\/strong><\/p>\n<\/li>\n<li data-start=\"281\" data-end=\"346\">\n<p data-start=\"283\" data-end=\"346\">Int\u00e8gre le <strong data-start=\"294\" data-end=\"303\">Wi-Fi<\/strong> directement (pas besoin de module externe)<\/p>\n<\/li>\n<\/ul>\n","protected":false},"featured_media":10702,"comment_status":"open","ping_status":"closed","template":"","meta":[],"product_brand":[144],"product_cat":[31],"product_tag":[],"class_list":{"0":"post-10699","1":"product","2":"type-product","3":"status-publish","4":"has-post-thumbnail","6":"product_brand-arduino","7":"product_cat-cartes-microcontroleurs","9":"first","10":"instock","11":"shipping-taxable","12":"purchasable","13":"product-type-simple"},"yoast_head":"<!-- This site is optimized with the Yoast SEO Premium plugin v26.2 (Yoast SEO v26.2) - https:\/\/yoast.com\/wordpress\/plugins\/seo\/ -->\n<title>Carte de D\u00e9veloppement Wemos D1 R2 - ADC Electronique<\/title>\n<meta name=\"description\" content=\"La Wemos D1 R2 est une carte de d\u00e9veloppement bas\u00e9e sur le ESP8266, tr\u00e8s populaire pour les projets IoT (Internet des objets).Compatible avec l\u2019IDE ArduinoFormat proche de l\u2019Arduino UnoInt\u00e8gre le Wi-Fi directement (pas besoin de module externe)\" \/>\n<meta name=\"robots\" content=\"index, follow, max-snippet:-1, max-image-preview:large, max-video-preview:-1\" \/>\n<link rel=\"canonical\" href=\"https:\/\/adcelectronique.com\/index.php\/product\/carte-de-developpement-wemos-d1-r2\/\" \/>\n<meta property=\"og:locale\" content=\"fr_FR\" \/>\n<meta property=\"og:type\" content=\"article\" \/>\n<meta property=\"og:title\" content=\"Carte de D\u00e9veloppement Wemos D1 R2\" \/>\n<meta property=\"og:description\" content=\"La Wemos D1 R2 est une carte de d\u00e9veloppement bas\u00e9e sur le ESP8266, tr\u00e8s populaire pour les projets IoT (Internet des objets).Compatible avec l\u2019IDE ArduinoFormat proche de l\u2019Arduino UnoInt\u00e8gre le Wi-Fi directement (pas besoin de module externe)\" \/>\n<meta property=\"og:url\" content=\"https:\/\/adcelectronique.com\/index.php\/product\/carte-de-developpement-wemos-d1-r2\/\" \/>\n<meta property=\"og:site_name\" content=\"ADC Electronique\" \/>\n<meta property=\"article:modified_time\" content=\"2026-02-04T15:16:40+00:00\" \/>\n<meta property=\"og:image\" content=\"https:\/\/adcelectronique.com\/wp-content\/uploads\/2026\/02\/TA0297.jpg\" \/>\n\t<meta property=\"og:image:width\" content=\"1024\" \/>\n\t<meta property=\"og:image:height\" content=\"1024\" \/>\n\t<meta property=\"og:image:type\" content=\"image\/jpeg\" \/>\n<meta name=\"twitter:card\" content=\"summary_large_image\" \/>\n<meta name=\"twitter:label1\" content=\"Dur\u00e9e de lecture estim\u00e9e\" \/>\n\t<meta name=\"twitter:data1\" content=\"1 minute\" \/>\n<script type=\"application\/ld+json\" class=\"yoast-schema-graph\">{\"@context\":\"https:\/\/schema.org\",\"@graph\":[{\"@type\":\"WebPage\",\"@id\":\"https:\/\/adcelectronique.com\/index.php\/product\/carte-de-developpement-wemos-d1-r2\/\",\"url\":\"https:\/\/adcelectronique.com\/index.php\/product\/carte-de-developpement-wemos-d1-r2\/\",\"name\":\"Carte de D\u00e9veloppement Wemos D1 R2 - ADC Electronique\",\"isPartOf\":{\"@id\":\"https:\/\/adcelectronique.com\/#website\"},\"primaryImageOfPage\":{\"@id\":\"https:\/\/adcelectronique.com\/index.php\/product\/carte-de-developpement-wemos-d1-r2\/#primaryimage\"},\"image\":{\"@id\":\"https:\/\/adcelectronique.com\/index.php\/product\/carte-de-developpement-wemos-d1-r2\/#primaryimage\"},\"thumbnailUrl\":\"https:\/\/adcelectronique.com\/wp-content\/uploads\/2026\/02\/TA0297.jpg\",\"datePublished\":\"2026-02-04T15:16:38+00:00\",\"dateModified\":\"2026-02-04T15:16:40+00:00\",\"description\":\"La Wemos D1 R2 est une carte de d\u00e9veloppement bas\u00e9e sur le ESP8266, tr\u00e8s populaire pour les projets IoT (Internet des objets).Compatible avec l\u2019IDE ArduinoFormat proche de l\u2019Arduino UnoInt\u00e8gre le Wi-Fi directement (pas besoin de module externe)\",\"breadcrumb\":{\"@id\":\"https:\/\/adcelectronique.com\/index.php\/product\/carte-de-developpement-wemos-d1-r2\/#breadcrumb\"},\"inLanguage\":\"fr-FR\",\"potentialAction\":[{\"@type\":\"ReadAction\",\"target\":[\"https:\/\/adcelectronique.com\/index.php\/product\/carte-de-developpement-wemos-d1-r2\/\"]}]},{\"@type\":\"ImageObject\",\"inLanguage\":\"fr-FR\",\"@id\":\"https:\/\/adcelectronique.com\/index.php\/product\/carte-de-developpement-wemos-d1-r2\/#primaryimage\",\"url\":\"https:\/\/adcelectronique.com\/wp-content\/uploads\/2026\/02\/TA0297.jpg\",\"contentUrl\":\"https:\/\/adcelectronique.com\/wp-content\/uploads\/2026\/02\/TA0297.jpg\",\"width\":1024,\"height\":1024},{\"@type\":\"BreadcrumbList\",\"@id\":\"https:\/\/adcelectronique.com\/index.php\/product\/carte-de-developpement-wemos-d1-r2\/#breadcrumb\",\"itemListElement\":[{\"@type\":\"ListItem\",\"position\":1,\"name\":\"Home\",\"item\":\"https:\/\/adcelectronique.com\/\"},{\"@type\":\"ListItem\",\"position\":2,\"name\":\"Shop\",\"item\":\"https:\/\/adcelectronique.com\/index.php\/shop\/\"},{\"@type\":\"ListItem\",\"position\":3,\"name\":\"Carte de D\u00e9veloppement Wemos D1 R2\"}]},{\"@type\":\"WebSite\",\"@id\":\"https:\/\/adcelectronique.com\/#website\",\"url\":\"https:\/\/adcelectronique.com\/\",\"name\":\"ADC Electronique\",\"description\":\"\",\"potentialAction\":[{\"@type\":\"SearchAction\",\"target\":{\"@type\":\"EntryPoint\",\"urlTemplate\":\"https:\/\/adcelectronique.com\/?s={search_term_string}\"},\"query-input\":{\"@type\":\"PropertyValueSpecification\",\"valueRequired\":true,\"valueName\":\"search_term_string\"}}],\"inLanguage\":\"fr-FR\"}]}<\/script>\n<!-- \/ Yoast SEO Premium plugin. -->","yoast_head_json":{"title":"Carte de D\u00e9veloppement Wemos D1 R2 - ADC Electronique","description":"La Wemos D1 R2 est une carte de d\u00e9veloppement bas\u00e9e sur le ESP8266, tr\u00e8s populaire pour les projets IoT (Internet des objets).Compatible avec l\u2019IDE ArduinoFormat proche de l\u2019Arduino UnoInt\u00e8gre le Wi-Fi directement (pas besoin de module externe)","robots":{"index":"index","follow":"follow","max-snippet":"max-snippet:-1","max-image-preview":"max-image-preview:large","max-video-preview":"max-video-preview:-1"},"canonical":"https:\/\/adcelectronique.com\/index.php\/product\/carte-de-developpement-wemos-d1-r2\/","og_locale":"fr_FR","og_type":"article","og_title":"Carte de D\u00e9veloppement Wemos D1 R2","og_description":"La Wemos D1 R2 est une carte de d\u00e9veloppement bas\u00e9e sur le ESP8266, tr\u00e8s populaire pour les projets IoT (Internet des objets).Compatible avec l\u2019IDE ArduinoFormat proche de l\u2019Arduino UnoInt\u00e8gre le Wi-Fi directement (pas besoin de module externe)","og_url":"https:\/\/adcelectronique.com\/index.php\/product\/carte-de-developpement-wemos-d1-r2\/","og_site_name":"ADC Electronique","article_modified_time":"2026-02-04T15:16:40+00:00","og_image":[{"width":1024,"height":1024,"url":"https:\/\/adcelectronique.com\/wp-content\/uploads\/2026\/02\/TA0297.jpg","type":"image\/jpeg"}],"twitter_card":"summary_large_image","twitter_misc":{"Dur\u00e9e de lecture estim\u00e9e":"1 minute"},"schema":{"@context":"https:\/\/schema.org","@graph":[{"@type":"WebPage","@id":"https:\/\/adcelectronique.com\/index.php\/product\/carte-de-developpement-wemos-d1-r2\/","url":"https:\/\/adcelectronique.com\/index.php\/product\/carte-de-developpement-wemos-d1-r2\/","name":"Carte de D\u00e9veloppement Wemos D1 R2 - ADC Electronique","isPartOf":{"@id":"https:\/\/adcelectronique.com\/#website"},"primaryImageOfPage":{"@id":"https:\/\/adcelectronique.com\/index.php\/product\/carte-de-developpement-wemos-d1-r2\/#primaryimage"},"image":{"@id":"https:\/\/adcelectronique.com\/index.php\/product\/carte-de-developpement-wemos-d1-r2\/#primaryimage"},"thumbnailUrl":"https:\/\/adcelectronique.com\/wp-content\/uploads\/2026\/02\/TA0297.jpg","datePublished":"2026-02-04T15:16:38+00:00","dateModified":"2026-02-04T15:16:40+00:00","description":"La Wemos D1 R2 est une carte de d\u00e9veloppement bas\u00e9e sur le ESP8266, tr\u00e8s populaire pour les projets IoT (Internet des objets).Compatible avec l\u2019IDE ArduinoFormat proche de l\u2019Arduino UnoInt\u00e8gre le Wi-Fi directement (pas besoin de module externe)","breadcrumb":{"@id":"https:\/\/adcelectronique.com\/index.php\/product\/carte-de-developpement-wemos-d1-r2\/#breadcrumb"},"inLanguage":"fr-FR","potentialAction":[{"@type":"ReadAction","target":["https:\/\/adcelectronique.com\/index.php\/product\/carte-de-developpement-wemos-d1-r2\/"]}]},{"@type":"ImageObject","inLanguage":"fr-FR","@id":"https:\/\/adcelectronique.com\/index.php\/product\/carte-de-developpement-wemos-d1-r2\/#primaryimage","url":"https:\/\/adcelectronique.com\/wp-content\/uploads\/2026\/02\/TA0297.jpg","contentUrl":"https:\/\/adcelectronique.com\/wp-content\/uploads\/2026\/02\/TA0297.jpg","width":1024,"height":1024},{"@type":"BreadcrumbList","@id":"https:\/\/adcelectronique.com\/index.php\/product\/carte-de-developpement-wemos-d1-r2\/#breadcrumb","itemListElement":[{"@type":"ListItem","position":1,"name":"Home","item":"https:\/\/adcelectronique.com\/"},{"@type":"ListItem","position":2,"name":"Shop","item":"https:\/\/adcelectronique.com\/index.php\/shop\/"},{"@type":"ListItem","position":3,"name":"Carte de D\u00e9veloppement Wemos D1 R2"}]},{"@type":"WebSite","@id":"https:\/\/adcelectronique.com\/#website","url":"https:\/\/adcelectronique.com\/","name":"ADC Electronique","description":"","potentialAction":[{"@type":"SearchAction","target":{"@type":"EntryPoint","urlTemplate":"https:\/\/adcelectronique.com\/?s={search_term_string}"},"query-input":{"@type":"PropertyValueSpecification","valueRequired":true,"valueName":"search_term_string"}}],"inLanguage":"fr-FR"}]}},"_links":{"self":[{"href":"https:\/\/adcelectronique.com\/index.php\/wp-json\/wp\/v2\/product\/10699","targetHints":{"allow":["GET"]}}],"collection":[{"href":"https:\/\/adcelectronique.com\/index.php\/wp-json\/wp\/v2\/product"}],"about":[{"href":"https:\/\/adcelectronique.com\/index.php\/wp-json\/wp\/v2\/types\/product"}],"replies":[{"embeddable":true,"href":"https:\/\/adcelectronique.com\/index.php\/wp-json\/wp\/v2\/comments?post=10699"}],"version-history":[{"count":0,"href":"https:\/\/adcelectronique.com\/index.php\/wp-json\/wp\/v2\/product\/10699\/revisions"}],"wp:featuredmedia":[{"embeddable":true,"href":"https:\/\/adcelectronique.com\/index.php\/wp-json\/wp\/v2\/media\/10702"}],"wp:attachment":[{"href":"https:\/\/adcelectronique.com\/index.php\/wp-json\/wp\/v2\/media?parent=10699"}],"wp:term":[{"taxonomy":"product_brand","embeddable":true,"href":"https:\/\/adcelectronique.com\/index.php\/wp-json\/wp\/v2\/product_brand?post=10699"},{"taxonomy":"product_cat","embeddable":true,"href":"https:\/\/adcelectronique.com\/index.php\/wp-json\/wp\/v2\/product_cat?post=10699"},{"taxonomy":"product_tag","embeddable":true,"href":"https:\/\/adcelectronique.com\/index.php\/wp-json\/wp\/v2\/product_tag?post=10699"}],"curies":[{"name":"wp","href":"https:\/\/api.w.org\/{rel}","templated":true}]}}