{"id":10853,"date":"2026-03-04T09:02:00","date_gmt":"2026-03-04T09:02:00","guid":{"rendered":"https:\/\/adcelectronique.com\/?post_type=product&#038;p=10853"},"modified":"2026-03-04T09:02:01","modified_gmt":"2026-03-04T09:02:01","slug":"3player-round-shape-2wsd-smart-car-chassis-traking-car-robot-car","status":"publish","type":"product","link":"https:\/\/adcelectronique.com\/index.php\/product\/3player-round-shape-2wsd-smart-car-chassis-traking-car-robot-car\/","title":{"rendered":"3PLAYER ROUND SHAPE 2WSD SMART CAR CHASSIS\/TRAKING CAR\/ROBOT CAR"},"content":{"rendered":"<h5>\u00a0 \u00a0 \u00a0 \u00a0 \u00a0 \u00a0 \u00a0 \u00a0 \u00a0 \u00a0 \u00a0 \u00a03PLAYER ROUND SHAPE 2WSD SMART CAR CHASSIS\/TRAKING CAR\/ROBOT CAR<\/h5>\n<p>&nbsp;<\/p>\n<p>est une <strong data-start=\"222\" data-end=\"259\">plateforme mobile ronde \u00e0 3 roues<\/strong>, souvent utilis\u00e9e pour faire des robots suiveurs de lignes, robots t\u00e9l\u00e9command\u00e9s ou petits robots autonomes.<\/p>\n<h2 data-start=\"375\" data-end=\"409\">\ud83d\udccc Caract\u00e9ristiques principales<\/h2>\n<h3 data-start=\"411\" data-end=\"427\">\u2699\ufe0f Structure<\/h3>\n<ul data-start=\"428\" data-end=\"749\">\n<li data-start=\"428\" data-end=\"487\">\n<p data-start=\"430\" data-end=\"487\">\ud83d\udfe2 <strong data-start=\"433\" data-end=\"448\">Forme ronde<\/strong> \u2013 ch\u00e2ssis circulaire, facile \u00e0 \u00e9quiper<\/p>\n<\/li>\n<li data-start=\"488\" data-end=\"617\">\n<p data-start=\"490\" data-end=\"504\">\ud83d\udd01 <strong data-start=\"493\" data-end=\"504\">3 roues<\/strong><\/p>\n<ul data-start=\"507\" data-end=\"617\">\n<li data-start=\"507\" data-end=\"552\">\n<p data-start=\"509\" data-end=\"552\">2 roues motrices (g\u00e9n\u00e9ralement \u00e0 l\u2019arri\u00e8re)<\/p>\n<\/li>\n<li data-start=\"555\" data-end=\"617\">\n<p data-start=\"557\" data-end=\"617\">1 roue <strong data-start=\"564\" data-end=\"577\">pivotante<\/strong> (roulette libre) \u00e0 l\u2019avant ou au centre<\/p>\n<\/li>\n<\/ul>\n<\/li>\n<li data-start=\"618\" data-end=\"682\">\n<p data-start=\"620\" data-end=\"682\">\ud83d\udd0b Support pour batterie (souvent piles AA ou batterie Li-ion)<\/p>\n<\/li>\n<li data-start=\"683\" data-end=\"712\">\n<p data-start=\"685\" data-end=\"712\">\u26a1 2 moteurs DC avec pignons<\/p>\n<\/li>\n<li data-start=\"713\" data-end=\"749\">\n<p data-start=\"715\" data-end=\"749\">\ud83d\udee0\ufe0f Aluminium ou plastique robuste<\/p>\n<\/li>\n<\/ul>\n","protected":false},"excerpt":{"rendered":"<p>est une <strong data-start=\"222\" data-end=\"259\">plateforme mobile ronde \u00e0 3 roues<\/strong>, souvent utilis\u00e9e pour faire des robots suiveurs de lignes, robots t\u00e9l\u00e9command\u00e9s ou petits robots autonomes.<\/p>\n<h2 data-start=\"375\" data-end=\"409\">\ud83d\udccc Caract\u00e9ristiques principales<\/h2>\n<h3 data-start=\"411\" data-end=\"427\">\u2699\ufe0f Structure<\/h3>\n<ul data-start=\"428\" data-end=\"749\">\n<li data-start=\"428\" data-end=\"487\">\n<p data-start=\"430\" data-end=\"487\">\ud83d\udfe2 <strong data-start=\"433\" data-end=\"448\">Forme ronde<\/strong> \u2013 ch\u00e2ssis circulaire, facile \u00e0 \u00e9quiper<\/p>\n<\/li>\n<li data-start=\"488\" data-end=\"617\">\n<p data-start=\"490\" data-end=\"504\">\ud83d\udd01 <strong data-start=\"493\" data-end=\"504\">3 roues<\/strong><\/p>\n<ul data-start=\"507\" data-end=\"617\">\n<li data-start=\"507\" data-end=\"552\">\n<p data-start=\"509\" data-end=\"552\">2 roues motrices (g\u00e9n\u00e9ralement \u00e0 l\u2019arri\u00e8re)<\/p>\n<\/li>\n<li data-start=\"555\" data-end=\"617\">\n<p data-start=\"557\" data-end=\"617\">1 roue <strong data-start=\"564\" data-end=\"577\">pivotante<\/strong> (roulette libre) \u00e0 l\u2019avant ou au centre<\/p>\n<\/li>\n<\/ul>\n<\/li>\n<li data-start=\"618\" data-end=\"682\">\n<p data-start=\"620\" data-end=\"682\">\ud83d\udd0b Support pour batterie (souvent piles AA ou batterie Li-ion)<\/p>\n<\/li>\n<li data-start=\"683\" data-end=\"712\">\n<p data-start=\"685\" data-end=\"712\">\u26a1 2 moteurs DC avec pignons<\/p>\n<\/li>\n<li data-start=\"713\" data-end=\"749\">\n<p data-start=\"715\" data-end=\"749\">\ud83d\udee0\ufe0f Aluminium ou plastique robuste<\/p>\n<\/li>\n<\/ul>\n","protected":false},"featured_media":10854,"comment_status":"open","ping_status":"closed","template":"","meta":[],"product_brand":[144],"product_cat":[31],"product_tag":[],"class_list":{"0":"post-10853","1":"product","2":"type-product","3":"status-publish","4":"has-post-thumbnail","6":"product_brand-arduino","7":"product_cat-cartes-microcontroleurs","9":"first","10":"instock","11":"shipping-taxable","12":"purchasable","13":"product-type-simple"},"yoast_head":"<!-- This site is optimized with the Yoast SEO Premium plugin v26.2 (Yoast SEO v26.2) - https:\/\/yoast.com\/wordpress\/plugins\/seo\/ -->\n<title>3PLAYER ROUND SHAPE 2WSD SMART CAR CHASSIS\/TRAKING CAR\/ROBOT CAR - ADC Electronique<\/title>\n<meta name=\"robots\" content=\"index, follow, max-snippet:-1, max-image-preview:large, max-video-preview:-1\" \/>\n<link rel=\"canonical\" href=\"https:\/\/adcelectronique.com\/index.php\/product\/3player-round-shape-2wsd-smart-car-chassis-traking-car-robot-car\/\" \/>\n<meta property=\"og:locale\" content=\"fr_FR\" \/>\n<meta property=\"og:type\" content=\"article\" \/>\n<meta property=\"og:title\" content=\"3PLAYER ROUND SHAPE 2WSD SMART CAR CHASSIS\/TRAKING CAR\/ROBOT CAR\" \/>\n<meta property=\"og:description\" content=\"est une plateforme mobile ronde \u00e0 3 roues, souvent utilis\u00e9e pour faire des robots suiveurs de lignes, robots t\u00e9l\u00e9command\u00e9s ou petits robots autonomes. \ud83d\udccc Caract\u00e9ristiques principales \u2699\ufe0f Structure    \ud83d\udfe2 Forme ronde \u2013 ch\u00e2ssis circulaire, facile \u00e0 \u00e9quiper    \ud83d\udd01 3 roues     2 roues motrices (g\u00e9n\u00e9ralement \u00e0 l\u2019arri\u00e8re)    1 roue pivotante (roulette libre) \u00e0 l\u2019avant ou au centre      \ud83d\udd0b Support pour batterie (souvent piles AA ou batterie Li-ion)    \u26a1 2 moteurs DC avec pignons    \ud83d\udee0\ufe0f Aluminium ou plastique robuste\" \/>\n<meta property=\"og:url\" content=\"https:\/\/adcelectronique.com\/index.php\/product\/3player-round-shape-2wsd-smart-car-chassis-traking-car-robot-car\/\" \/>\n<meta property=\"og:site_name\" content=\"ADC Electronique\" \/>\n<meta property=\"article:modified_time\" content=\"2026-03-04T09:02:01+00:00\" \/>\n<meta property=\"og:image\" content=\"https:\/\/adcelectronique.com\/wp-content\/uploads\/2026\/03\/image_2026-03-04_100058937.png\" \/>\n\t<meta property=\"og:image:width\" content=\"700\" \/>\n\t<meta property=\"og:image:height\" content=\"700\" \/>\n\t<meta property=\"og:image:type\" content=\"image\/png\" \/>\n<meta name=\"twitter:card\" content=\"summary_large_image\" \/>\n<meta name=\"twitter:label1\" content=\"Dur\u00e9e de lecture estim\u00e9e\" \/>\n\t<meta name=\"twitter:data1\" content=\"1 minute\" \/>\n<script type=\"application\/ld+json\" class=\"yoast-schema-graph\">{\"@context\":\"https:\/\/schema.org\",\"@graph\":[{\"@type\":\"WebPage\",\"@id\":\"https:\/\/adcelectronique.com\/index.php\/product\/3player-round-shape-2wsd-smart-car-chassis-traking-car-robot-car\/\",\"url\":\"https:\/\/adcelectronique.com\/index.php\/product\/3player-round-shape-2wsd-smart-car-chassis-traking-car-robot-car\/\",\"name\":\"3PLAYER ROUND SHAPE 2WSD SMART CAR CHASSIS\/TRAKING CAR\/ROBOT CAR - ADC Electronique\",\"isPartOf\":{\"@id\":\"https:\/\/adcelectronique.com\/#website\"},\"primaryImageOfPage\":{\"@id\":\"https:\/\/adcelectronique.com\/index.php\/product\/3player-round-shape-2wsd-smart-car-chassis-traking-car-robot-car\/#primaryimage\"},\"image\":{\"@id\":\"https:\/\/adcelectronique.com\/index.php\/product\/3player-round-shape-2wsd-smart-car-chassis-traking-car-robot-car\/#primaryimage\"},\"thumbnailUrl\":\"https:\/\/adcelectronique.com\/wp-content\/uploads\/2026\/03\/image_2026-03-04_100058937.png\",\"datePublished\":\"2026-03-04T09:02:00+00:00\",\"dateModified\":\"2026-03-04T09:02:01+00:00\",\"breadcrumb\":{\"@id\":\"https:\/\/adcelectronique.com\/index.php\/product\/3player-round-shape-2wsd-smart-car-chassis-traking-car-robot-car\/#breadcrumb\"},\"inLanguage\":\"fr-FR\",\"potentialAction\":[{\"@type\":\"ReadAction\",\"target\":[\"https:\/\/adcelectronique.com\/index.php\/product\/3player-round-shape-2wsd-smart-car-chassis-traking-car-robot-car\/\"]}]},{\"@type\":\"ImageObject\",\"inLanguage\":\"fr-FR\",\"@id\":\"https:\/\/adcelectronique.com\/index.php\/product\/3player-round-shape-2wsd-smart-car-chassis-traking-car-robot-car\/#primaryimage\",\"url\":\"https:\/\/adcelectronique.com\/wp-content\/uploads\/2026\/03\/image_2026-03-04_100058937.png\",\"contentUrl\":\"https:\/\/adcelectronique.com\/wp-content\/uploads\/2026\/03\/image_2026-03-04_100058937.png\",\"width\":700,\"height\":700},{\"@type\":\"BreadcrumbList\",\"@id\":\"https:\/\/adcelectronique.com\/index.php\/product\/3player-round-shape-2wsd-smart-car-chassis-traking-car-robot-car\/#breadcrumb\",\"itemListElement\":[{\"@type\":\"ListItem\",\"position\":1,\"name\":\"Home\",\"item\":\"https:\/\/adcelectronique.com\/\"},{\"@type\":\"ListItem\",\"position\":2,\"name\":\"Shop\",\"item\":\"https:\/\/adcelectronique.com\/index.php\/shop\/\"},{\"@type\":\"ListItem\",\"position\":3,\"name\":\"3PLAYER ROUND SHAPE 2WSD SMART CAR CHASSIS\/TRAKING CAR\/ROBOT CAR\"}]},{\"@type\":\"WebSite\",\"@id\":\"https:\/\/adcelectronique.com\/#website\",\"url\":\"https:\/\/adcelectronique.com\/\",\"name\":\"ADC Electronique\",\"description\":\"\",\"potentialAction\":[{\"@type\":\"SearchAction\",\"target\":{\"@type\":\"EntryPoint\",\"urlTemplate\":\"https:\/\/adcelectronique.com\/?s={search_term_string}\"},\"query-input\":{\"@type\":\"PropertyValueSpecification\",\"valueRequired\":true,\"valueName\":\"search_term_string\"}}],\"inLanguage\":\"fr-FR\"}]}<\/script>\n<!-- \/ Yoast SEO Premium plugin. -->","yoast_head_json":{"title":"3PLAYER ROUND SHAPE 2WSD SMART CAR CHASSIS\/TRAKING CAR\/ROBOT CAR - ADC Electronique","robots":{"index":"index","follow":"follow","max-snippet":"max-snippet:-1","max-image-preview":"max-image-preview:large","max-video-preview":"max-video-preview:-1"},"canonical":"https:\/\/adcelectronique.com\/index.php\/product\/3player-round-shape-2wsd-smart-car-chassis-traking-car-robot-car\/","og_locale":"fr_FR","og_type":"article","og_title":"3PLAYER ROUND SHAPE 2WSD SMART CAR CHASSIS\/TRAKING CAR\/ROBOT CAR","og_description":"est une plateforme mobile ronde \u00e0 3 roues, souvent utilis\u00e9e pour faire des robots suiveurs de lignes, robots t\u00e9l\u00e9command\u00e9s ou petits robots autonomes. \ud83d\udccc Caract\u00e9ristiques principales \u2699\ufe0f Structure    \ud83d\udfe2 Forme ronde \u2013 ch\u00e2ssis circulaire, facile \u00e0 \u00e9quiper    \ud83d\udd01 3 roues     2 roues motrices (g\u00e9n\u00e9ralement \u00e0 l\u2019arri\u00e8re)    1 roue pivotante (roulette libre) \u00e0 l\u2019avant ou au centre      \ud83d\udd0b Support pour batterie (souvent piles AA ou batterie Li-ion)    \u26a1 2 moteurs DC avec pignons    \ud83d\udee0\ufe0f Aluminium ou plastique robuste","og_url":"https:\/\/adcelectronique.com\/index.php\/product\/3player-round-shape-2wsd-smart-car-chassis-traking-car-robot-car\/","og_site_name":"ADC Electronique","article_modified_time":"2026-03-04T09:02:01+00:00","og_image":[{"width":700,"height":700,"url":"https:\/\/adcelectronique.com\/wp-content\/uploads\/2026\/03\/image_2026-03-04_100058937.png","type":"image\/png"}],"twitter_card":"summary_large_image","twitter_misc":{"Dur\u00e9e de lecture estim\u00e9e":"1 minute"},"schema":{"@context":"https:\/\/schema.org","@graph":[{"@type":"WebPage","@id":"https:\/\/adcelectronique.com\/index.php\/product\/3player-round-shape-2wsd-smart-car-chassis-traking-car-robot-car\/","url":"https:\/\/adcelectronique.com\/index.php\/product\/3player-round-shape-2wsd-smart-car-chassis-traking-car-robot-car\/","name":"3PLAYER ROUND SHAPE 2WSD SMART CAR CHASSIS\/TRAKING CAR\/ROBOT CAR - ADC Electronique","isPartOf":{"@id":"https:\/\/adcelectronique.com\/#website"},"primaryImageOfPage":{"@id":"https:\/\/adcelectronique.com\/index.php\/product\/3player-round-shape-2wsd-smart-car-chassis-traking-car-robot-car\/#primaryimage"},"image":{"@id":"https:\/\/adcelectronique.com\/index.php\/product\/3player-round-shape-2wsd-smart-car-chassis-traking-car-robot-car\/#primaryimage"},"thumbnailUrl":"https:\/\/adcelectronique.com\/wp-content\/uploads\/2026\/03\/image_2026-03-04_100058937.png","datePublished":"2026-03-04T09:02:00+00:00","dateModified":"2026-03-04T09:02:01+00:00","breadcrumb":{"@id":"https:\/\/adcelectronique.com\/index.php\/product\/3player-round-shape-2wsd-smart-car-chassis-traking-car-robot-car\/#breadcrumb"},"inLanguage":"fr-FR","potentialAction":[{"@type":"ReadAction","target":["https:\/\/adcelectronique.com\/index.php\/product\/3player-round-shape-2wsd-smart-car-chassis-traking-car-robot-car\/"]}]},{"@type":"ImageObject","inLanguage":"fr-FR","@id":"https:\/\/adcelectronique.com\/index.php\/product\/3player-round-shape-2wsd-smart-car-chassis-traking-car-robot-car\/#primaryimage","url":"https:\/\/adcelectronique.com\/wp-content\/uploads\/2026\/03\/image_2026-03-04_100058937.png","contentUrl":"https:\/\/adcelectronique.com\/wp-content\/uploads\/2026\/03\/image_2026-03-04_100058937.png","width":700,"height":700},{"@type":"BreadcrumbList","@id":"https:\/\/adcelectronique.com\/index.php\/product\/3player-round-shape-2wsd-smart-car-chassis-traking-car-robot-car\/#breadcrumb","itemListElement":[{"@type":"ListItem","position":1,"name":"Home","item":"https:\/\/adcelectronique.com\/"},{"@type":"ListItem","position":2,"name":"Shop","item":"https:\/\/adcelectronique.com\/index.php\/shop\/"},{"@type":"ListItem","position":3,"name":"3PLAYER ROUND SHAPE 2WSD SMART CAR CHASSIS\/TRAKING CAR\/ROBOT CAR"}]},{"@type":"WebSite","@id":"https:\/\/adcelectronique.com\/#website","url":"https:\/\/adcelectronique.com\/","name":"ADC Electronique","description":"","potentialAction":[{"@type":"SearchAction","target":{"@type":"EntryPoint","urlTemplate":"https:\/\/adcelectronique.com\/?s={search_term_string}"},"query-input":{"@type":"PropertyValueSpecification","valueRequired":true,"valueName":"search_term_string"}}],"inLanguage":"fr-FR"}]}},"_links":{"self":[{"href":"https:\/\/adcelectronique.com\/index.php\/wp-json\/wp\/v2\/product\/10853","targetHints":{"allow":["GET"]}}],"collection":[{"href":"https:\/\/adcelectronique.com\/index.php\/wp-json\/wp\/v2\/product"}],"about":[{"href":"https:\/\/adcelectronique.com\/index.php\/wp-json\/wp\/v2\/types\/product"}],"replies":[{"embeddable":true,"href":"https:\/\/adcelectronique.com\/index.php\/wp-json\/wp\/v2\/comments?post=10853"}],"version-history":[{"count":0,"href":"https:\/\/adcelectronique.com\/index.php\/wp-json\/wp\/v2\/product\/10853\/revisions"}],"wp:featuredmedia":[{"embeddable":true,"href":"https:\/\/adcelectronique.com\/index.php\/wp-json\/wp\/v2\/media\/10854"}],"wp:attachment":[{"href":"https:\/\/adcelectronique.com\/index.php\/wp-json\/wp\/v2\/media?parent=10853"}],"wp:term":[{"taxonomy":"product_brand","embeddable":true,"href":"https:\/\/adcelectronique.com\/index.php\/wp-json\/wp\/v2\/product_brand?post=10853"},{"taxonomy":"product_cat","embeddable":true,"href":"https:\/\/adcelectronique.com\/index.php\/wp-json\/wp\/v2\/product_cat?post=10853"},{"taxonomy":"product_tag","embeddable":true,"href":"https:\/\/adcelectronique.com\/index.php\/wp-json\/wp\/v2\/product_tag?post=10853"}],"curies":[{"name":"wp","href":"https:\/\/api.w.org\/{rel}","templated":true}]}}