{"id":10876,"date":"2026-03-04T09:21:53","date_gmt":"2026-03-04T09:21:53","guid":{"rendered":"https:\/\/adcelectronique.com\/?post_type=product&#038;p=10876"},"modified":"2026-03-04T09:21:54","modified_gmt":"2026-03-04T09:21:54","slug":"shield-bornier-arduino-uno","status":"publish","type":"product","link":"https:\/\/adcelectronique.com\/index.php\/product\/shield-bornier-arduino-uno\/","title":{"rendered":"SHIELD BORNIER ARDUINO UNO"},"content":{"rendered":"<h4>\u00a0 \u00a0 \u00a0 \u00a0 \u00a0 \u00a0 \u00a0 \u00a0 \u00a0 \u00a0 \u00a0 \u00a0 \u00a0 \u00a0 \u00a0 \u00a0 \u00a0 \u00a0 \u00a0 \u00a0 \u00a0 \u00a0 \u00a0 \u00a0 \u00a0 \u00a0 \u00a0 \u00a0 \u00a0 \u00a0SHIELD BORNIER ARDUINO UNO<\/h4>\n<h3 data-start=\"185\" data-end=\"204\"><strong data-start=\"189\" data-end=\"204\">Description:<\/strong><\/h3>\n<ul data-start=\"205\" data-end=\"509\">\n<li data-start=\"254\" data-end=\"390\">\n<p data-start=\"256\" data-end=\"390\"><strong data-start=\"256\" data-end=\"279\">Fonction principale<\/strong> : Permet de brancher facilement des composants, capteurs ou modules \u00e0 un Arduino Uno via des borniers \u00e0 vis.<\/p>\n<\/li>\n<li data-start=\"391\" data-end=\"509\">\n<p data-start=\"393\" data-end=\"509\"><strong data-start=\"393\" data-end=\"410\">Compatibilit\u00e9<\/strong> : Arduino Uno (peut aussi marcher sur Arduino Nano via adaptateur, mais surtout con\u00e7u pour Uno).<\/p>\n<\/li>\n<\/ul>\n<h3 data-start=\"516\" data-end=\"552\"><strong data-start=\"520\" data-end=\"552\">Caract\u00e9ristiques principales<\/strong><\/h3>\n<ol data-start=\"553\" data-end=\"964\">\n<li data-start=\"553\" data-end=\"680\">\n<p data-start=\"556\" data-end=\"575\"><strong data-start=\"556\" data-end=\"573\">Bornier \u00e0 vis<\/strong><\/p>\n<ul data-start=\"579\" data-end=\"680\">\n<li data-start=\"579\" data-end=\"642\">\n<p data-start=\"581\" data-end=\"642\">Plusieurs points de connexion pour fils rigides ou souples.<\/p>\n<\/li>\n<li data-start=\"646\" data-end=\"680\">\n<p data-start=\"648\" data-end=\"680\">Id\u00e9al pour prototypage rapide.<\/p>\n<\/li>\n<\/ul>\n<\/li>\n<li data-start=\"681\" data-end=\"765\">\n<p data-start=\"684\" data-end=\"700\"><strong data-start=\"684\" data-end=\"698\">Protection<\/strong><\/p>\n<ul data-start=\"704\" data-end=\"765\">\n<li data-start=\"704\" data-end=\"765\">\n<p data-start=\"706\" data-end=\"765\">Evite de souder directement sur les broches de l\u2019Arduino.<\/p>\n<\/li>\n<\/ul>\n<\/li>\n<li data-start=\"766\" data-end=\"859\">\n<p data-start=\"769\" data-end=\"799\"><strong data-start=\"769\" data-end=\"797\">Acc\u00e8s facile aux broches<\/strong><\/p>\n<ul data-start=\"803\" data-end=\"859\">\n<li data-start=\"803\" data-end=\"859\">\n<p data-start=\"805\" data-end=\"859\">Toutes les broches de l\u2019Arduino restent accessibles.<\/p>\n<\/li>\n<\/ul>\n<\/li>\n<li data-start=\"860\" data-end=\"964\">\n<p data-start=\"863\" data-end=\"879\"><strong data-start=\"863\" data-end=\"877\">Dimensions<\/strong><\/p>\n<ul data-start=\"883\" data-end=\"964\">\n<li data-start=\"883\" data-end=\"964\">\n<p data-start=\"885\" data-end=\"964\">Correspond exactement \u00e0 la taille d\u2019un Arduino Uno pour s\u2019empiler facilement.<\/p>\n<\/li>\n<\/ul>\n<\/li>\n<\/ol>\n","protected":false},"excerpt":{"rendered":"<h3 data-start=\"185\" data-end=\"204\"><strong data-start=\"189\" data-end=\"204\">Description:<\/strong><\/h3>\n<ul data-start=\"205\" data-end=\"509\">\n<li data-start=\"254\" data-end=\"390\">\n<p data-start=\"256\" data-end=\"390\"><strong data-start=\"256\" data-end=\"279\">Fonction principale<\/strong> : Permet de brancher facilement des composants, capteurs ou modules \u00e0 un Arduino Uno via des borniers \u00e0 vis.<\/p>\n<\/li>\n<li data-start=\"391\" data-end=\"509\">\n<p data-start=\"393\" data-end=\"509\"><strong data-start=\"393\" data-end=\"410\">Compatibilit\u00e9<\/strong> : Arduino Uno (peut aussi marcher sur Arduino Nano via adaptateur, mais surtout con\u00e7u pour Uno).<\/p>\n<\/li>\n<\/ul>\n","protected":false},"featured_media":10877,"comment_status":"open","ping_status":"closed","template":"","meta":[],"product_brand":[144],"product_cat":[31],"product_tag":[],"class_list":{"0":"post-10876","1":"product","2":"type-product","3":"status-publish","4":"has-post-thumbnail","6":"product_brand-arduino","7":"product_cat-cartes-microcontroleurs","9":"first","10":"instock","11":"shipping-taxable","12":"purchasable","13":"product-type-simple"},"yoast_head":"<!-- This site is optimized with the Yoast SEO Premium plugin v26.2 (Yoast SEO v26.2) - https:\/\/yoast.com\/wordpress\/plugins\/seo\/ -->\n<title>SHIELD BORNIER ARDUINO UNO - ADC Electronique<\/title>\n<meta name=\"robots\" content=\"index, follow, max-snippet:-1, max-image-preview:large, max-video-preview:-1\" \/>\n<link rel=\"canonical\" href=\"https:\/\/adcelectronique.com\/index.php\/product\/shield-bornier-arduino-uno\/\" \/>\n<meta property=\"og:locale\" content=\"fr_FR\" \/>\n<meta property=\"og:type\" content=\"article\" \/>\n<meta property=\"og:title\" content=\"SHIELD BORNIER ARDUINO UNO\" \/>\n<meta property=\"og:description\" content=\"Description:    Fonction principale : Permet de brancher facilement des composants, capteurs ou modules \u00e0 un Arduino Uno via des borniers \u00e0 vis.    Compatibilit\u00e9 : Arduino Uno (peut aussi marcher sur Arduino Nano via adaptateur, mais surtout con\u00e7u pour Uno).\" \/>\n<meta property=\"og:url\" content=\"https:\/\/adcelectronique.com\/index.php\/product\/shield-bornier-arduino-uno\/\" \/>\n<meta property=\"og:site_name\" content=\"ADC Electronique\" \/>\n<meta property=\"article:modified_time\" content=\"2026-03-04T09:21:54+00:00\" \/>\n<meta property=\"og:image\" content=\"https:\/\/adcelectronique.com\/wp-content\/uploads\/2026\/03\/images-7.jpg\" \/>\n\t<meta property=\"og:image:width\" content=\"225\" \/>\n\t<meta property=\"og:image:height\" content=\"225\" \/>\n\t<meta property=\"og:image:type\" content=\"image\/jpeg\" \/>\n<meta name=\"twitter:card\" content=\"summary_large_image\" \/>\n<meta name=\"twitter:label1\" content=\"Dur\u00e9e de lecture estim\u00e9e\" \/>\n\t<meta name=\"twitter:data1\" content=\"1 minute\" \/>\n<script type=\"application\/ld+json\" class=\"yoast-schema-graph\">{\"@context\":\"https:\/\/schema.org\",\"@graph\":[{\"@type\":\"WebPage\",\"@id\":\"https:\/\/adcelectronique.com\/index.php\/product\/shield-bornier-arduino-uno\/\",\"url\":\"https:\/\/adcelectronique.com\/index.php\/product\/shield-bornier-arduino-uno\/\",\"name\":\"SHIELD BORNIER ARDUINO UNO - ADC Electronique\",\"isPartOf\":{\"@id\":\"https:\/\/adcelectronique.com\/#website\"},\"primaryImageOfPage\":{\"@id\":\"https:\/\/adcelectronique.com\/index.php\/product\/shield-bornier-arduino-uno\/#primaryimage\"},\"image\":{\"@id\":\"https:\/\/adcelectronique.com\/index.php\/product\/shield-bornier-arduino-uno\/#primaryimage\"},\"thumbnailUrl\":\"https:\/\/adcelectronique.com\/wp-content\/uploads\/2026\/03\/images-7.jpg\",\"datePublished\":\"2026-03-04T09:21:53+00:00\",\"dateModified\":\"2026-03-04T09:21:54+00:00\",\"breadcrumb\":{\"@id\":\"https:\/\/adcelectronique.com\/index.php\/product\/shield-bornier-arduino-uno\/#breadcrumb\"},\"inLanguage\":\"fr-FR\",\"potentialAction\":[{\"@type\":\"ReadAction\",\"target\":[\"https:\/\/adcelectronique.com\/index.php\/product\/shield-bornier-arduino-uno\/\"]}]},{\"@type\":\"ImageObject\",\"inLanguage\":\"fr-FR\",\"@id\":\"https:\/\/adcelectronique.com\/index.php\/product\/shield-bornier-arduino-uno\/#primaryimage\",\"url\":\"https:\/\/adcelectronique.com\/wp-content\/uploads\/2026\/03\/images-7.jpg\",\"contentUrl\":\"https:\/\/adcelectronique.com\/wp-content\/uploads\/2026\/03\/images-7.jpg\",\"width\":225,\"height\":225},{\"@type\":\"BreadcrumbList\",\"@id\":\"https:\/\/adcelectronique.com\/index.php\/product\/shield-bornier-arduino-uno\/#breadcrumb\",\"itemListElement\":[{\"@type\":\"ListItem\",\"position\":1,\"name\":\"Home\",\"item\":\"https:\/\/adcelectronique.com\/\"},{\"@type\":\"ListItem\",\"position\":2,\"name\":\"Shop\",\"item\":\"https:\/\/adcelectronique.com\/index.php\/shop\/\"},{\"@type\":\"ListItem\",\"position\":3,\"name\":\"SHIELD BORNIER ARDUINO UNO\"}]},{\"@type\":\"WebSite\",\"@id\":\"https:\/\/adcelectronique.com\/#website\",\"url\":\"https:\/\/adcelectronique.com\/\",\"name\":\"ADC Electronique\",\"description\":\"\",\"potentialAction\":[{\"@type\":\"SearchAction\",\"target\":{\"@type\":\"EntryPoint\",\"urlTemplate\":\"https:\/\/adcelectronique.com\/?s={search_term_string}\"},\"query-input\":{\"@type\":\"PropertyValueSpecification\",\"valueRequired\":true,\"valueName\":\"search_term_string\"}}],\"inLanguage\":\"fr-FR\"}]}<\/script>\n<!-- \/ Yoast SEO Premium plugin. -->","yoast_head_json":{"title":"SHIELD BORNIER ARDUINO UNO - ADC Electronique","robots":{"index":"index","follow":"follow","max-snippet":"max-snippet:-1","max-image-preview":"max-image-preview:large","max-video-preview":"max-video-preview:-1"},"canonical":"https:\/\/adcelectronique.com\/index.php\/product\/shield-bornier-arduino-uno\/","og_locale":"fr_FR","og_type":"article","og_title":"SHIELD BORNIER ARDUINO UNO","og_description":"Description:    Fonction principale : Permet de brancher facilement des composants, capteurs ou modules \u00e0 un Arduino Uno via des borniers \u00e0 vis.    Compatibilit\u00e9 : Arduino Uno (peut aussi marcher sur Arduino Nano via adaptateur, mais surtout con\u00e7u pour Uno).","og_url":"https:\/\/adcelectronique.com\/index.php\/product\/shield-bornier-arduino-uno\/","og_site_name":"ADC Electronique","article_modified_time":"2026-03-04T09:21:54+00:00","og_image":[{"width":225,"height":225,"url":"https:\/\/adcelectronique.com\/wp-content\/uploads\/2026\/03\/images-7.jpg","type":"image\/jpeg"}],"twitter_card":"summary_large_image","twitter_misc":{"Dur\u00e9e de lecture estim\u00e9e":"1 minute"},"schema":{"@context":"https:\/\/schema.org","@graph":[{"@type":"WebPage","@id":"https:\/\/adcelectronique.com\/index.php\/product\/shield-bornier-arduino-uno\/","url":"https:\/\/adcelectronique.com\/index.php\/product\/shield-bornier-arduino-uno\/","name":"SHIELD BORNIER ARDUINO UNO - ADC Electronique","isPartOf":{"@id":"https:\/\/adcelectronique.com\/#website"},"primaryImageOfPage":{"@id":"https:\/\/adcelectronique.com\/index.php\/product\/shield-bornier-arduino-uno\/#primaryimage"},"image":{"@id":"https:\/\/adcelectronique.com\/index.php\/product\/shield-bornier-arduino-uno\/#primaryimage"},"thumbnailUrl":"https:\/\/adcelectronique.com\/wp-content\/uploads\/2026\/03\/images-7.jpg","datePublished":"2026-03-04T09:21:53+00:00","dateModified":"2026-03-04T09:21:54+00:00","breadcrumb":{"@id":"https:\/\/adcelectronique.com\/index.php\/product\/shield-bornier-arduino-uno\/#breadcrumb"},"inLanguage":"fr-FR","potentialAction":[{"@type":"ReadAction","target":["https:\/\/adcelectronique.com\/index.php\/product\/shield-bornier-arduino-uno\/"]}]},{"@type":"ImageObject","inLanguage":"fr-FR","@id":"https:\/\/adcelectronique.com\/index.php\/product\/shield-bornier-arduino-uno\/#primaryimage","url":"https:\/\/adcelectronique.com\/wp-content\/uploads\/2026\/03\/images-7.jpg","contentUrl":"https:\/\/adcelectronique.com\/wp-content\/uploads\/2026\/03\/images-7.jpg","width":225,"height":225},{"@type":"BreadcrumbList","@id":"https:\/\/adcelectronique.com\/index.php\/product\/shield-bornier-arduino-uno\/#breadcrumb","itemListElement":[{"@type":"ListItem","position":1,"name":"Home","item":"https:\/\/adcelectronique.com\/"},{"@type":"ListItem","position":2,"name":"Shop","item":"https:\/\/adcelectronique.com\/index.php\/shop\/"},{"@type":"ListItem","position":3,"name":"SHIELD BORNIER ARDUINO UNO"}]},{"@type":"WebSite","@id":"https:\/\/adcelectronique.com\/#website","url":"https:\/\/adcelectronique.com\/","name":"ADC Electronique","description":"","potentialAction":[{"@type":"SearchAction","target":{"@type":"EntryPoint","urlTemplate":"https:\/\/adcelectronique.com\/?s={search_term_string}"},"query-input":{"@type":"PropertyValueSpecification","valueRequired":true,"valueName":"search_term_string"}}],"inLanguage":"fr-FR"}]}},"_links":{"self":[{"href":"https:\/\/adcelectronique.com\/index.php\/wp-json\/wp\/v2\/product\/10876","targetHints":{"allow":["GET"]}}],"collection":[{"href":"https:\/\/adcelectronique.com\/index.php\/wp-json\/wp\/v2\/product"}],"about":[{"href":"https:\/\/adcelectronique.com\/index.php\/wp-json\/wp\/v2\/types\/product"}],"replies":[{"embeddable":true,"href":"https:\/\/adcelectronique.com\/index.php\/wp-json\/wp\/v2\/comments?post=10876"}],"version-history":[{"count":0,"href":"https:\/\/adcelectronique.com\/index.php\/wp-json\/wp\/v2\/product\/10876\/revisions"}],"wp:featuredmedia":[{"embeddable":true,"href":"https:\/\/adcelectronique.com\/index.php\/wp-json\/wp\/v2\/media\/10877"}],"wp:attachment":[{"href":"https:\/\/adcelectronique.com\/index.php\/wp-json\/wp\/v2\/media?parent=10876"}],"wp:term":[{"taxonomy":"product_brand","embeddable":true,"href":"https:\/\/adcelectronique.com\/index.php\/wp-json\/wp\/v2\/product_brand?post=10876"},{"taxonomy":"product_cat","embeddable":true,"href":"https:\/\/adcelectronique.com\/index.php\/wp-json\/wp\/v2\/product_cat?post=10876"},{"taxonomy":"product_tag","embeddable":true,"href":"https:\/\/adcelectronique.com\/index.php\/wp-json\/wp\/v2\/product_tag?post=10876"}],"curies":[{"name":"wp","href":"https:\/\/api.w.org\/{rel}","templated":true}]}}