{"id":10906,"date":"2026-03-04T10:08:28","date_gmt":"2026-03-04T10:08:28","guid":{"rendered":"https:\/\/adcelectronique.com\/?post_type=product&#038;p=10906"},"modified":"2026-03-04T10:08:29","modified_gmt":"2026-03-04T10:08:29","slug":"module-sim800l-gsm-gprs","status":"publish","type":"product","link":"https:\/\/adcelectronique.com\/index.php\/product\/module-sim800l-gsm-gprs\/","title":{"rendered":"MODULE SIM800L GSM\/GPRS"},"content":{"rendered":"<h2>\u00a0 \u00a0 \u00a0 \u00a0 \u00a0 \u00a0 \u00a0 \u00a0 \u00a0 \u00a0 \u00a0 \u00a0 \u00a0 \u00a0 \u00a0 \u00a0 \u00a0 \u00a0 \u00a0 \u00a0 \u00a0 \u00a0 MODULE SIM800L GSM\/GPRS<\/h2>\n<p>est un petit module tr\u00e8s populaire pour les projets \u00e9lectroniques et Arduino. Il permet \u00e0 vos microcontr\u00f4leurs (comme Arduino, ESP32, etc.) d\u2019envoyer et recevoir des messages SMS, passer des appels et se connecter \u00e0 Internet via le r\u00e9seau GPRS (2G).<\/p>\n<h2 data-start=\"315\" data-end=\"355\"><strong data-start=\"318\" data-end=\"355\">1. Caract\u00e9ristiques principales :<\/strong><\/h2>\n<ul data-start=\"356\" data-end=\"842\">\n<li data-start=\"356\" data-end=\"412\">\n<p data-start=\"358\" data-end=\"412\"><strong data-start=\"358\" data-end=\"381\">R\u00e9seaux support\u00e9s :<\/strong> GSM 850\/900\/1800\/1900 MHz (2G)<\/p>\n<\/li>\n<li data-start=\"413\" data-end=\"496\">\n<p data-start=\"415\" data-end=\"496\"><strong data-start=\"415\" data-end=\"446\">Tension de fonctionnement :<\/strong> 3.7V \u00e0 4.2V (tr\u00e8s sensible aux chutes de tension)<\/p>\n<\/li>\n<li data-start=\"497\" data-end=\"557\">\n<p data-start=\"499\" data-end=\"557\"><strong data-start=\"499\" data-end=\"522\">Courant de pointe :<\/strong> 2A lors de l\u2019envoi de SMS ou appel<\/p>\n<\/li>\n<li data-start=\"558\" data-end=\"599\">\n<p data-start=\"560\" data-end=\"599\"><strong data-start=\"560\" data-end=\"579\">Communication :<\/strong> UART s\u00e9rie (TX, RX)<\/p>\n<\/li>\n<li data-start=\"600\" data-end=\"703\">\n<p data-start=\"602\" data-end=\"629\"><strong data-start=\"602\" data-end=\"629\">Fonctions principales :<\/strong><\/p>\n<ul data-start=\"632\" data-end=\"703\">\n<li data-start=\"632\" data-end=\"653\">\n<p data-start=\"634\" data-end=\"653\">SMS entrant\/sortant<\/p>\n<\/li>\n<li data-start=\"656\" data-end=\"671\">\n<p data-start=\"658\" data-end=\"671\">Appels vocaux<\/p>\n<\/li>\n<li data-start=\"674\" data-end=\"703\">\n<p data-start=\"676\" data-end=\"703\">Connexion Internet via GPRS<\/p>\n<\/li>\n<\/ul>\n<\/li>\n<li data-start=\"704\" data-end=\"741\">\n<p data-start=\"706\" data-end=\"741\"><strong data-start=\"706\" data-end=\"721\">Interface :<\/strong> SIM carte micro SIM<\/p>\n<\/li>\n<li data-start=\"742\" data-end=\"842\">\n<p data-start=\"744\" data-end=\"842\"><strong data-start=\"744\" data-end=\"762\">Consommation :<\/strong> tr\u00e8s faible en veille (~1 mA), mais peut atteindre 2A pendant la transmission<\/p>\n<\/li>\n<\/ul>\n","protected":false},"excerpt":{"rendered":"<p>est un petit module tr\u00e8s populaire pour les projets \u00e9lectroniques et Arduino. Il permet \u00e0 vos microcontr\u00f4leurs (comme Arduino, ESP32, etc.) d\u2019envoyer et recevoir des messages SMS, passer des appels et se connecter \u00e0 Internet via le r\u00e9seau GPRS (2G).<\/p>\n","protected":false},"featured_media":10907,"comment_status":"open","ping_status":"closed","template":"","meta":[],"product_brand":[144],"product_cat":[31],"product_tag":[],"class_list":{"0":"post-10906","1":"product","2":"type-product","3":"status-publish","4":"has-post-thumbnail","6":"product_brand-arduino","7":"product_cat-cartes-microcontroleurs","9":"first","10":"instock","11":"shipping-taxable","12":"purchasable","13":"product-type-simple"},"yoast_head":"<!-- This site is optimized with the Yoast SEO Premium plugin v26.2 (Yoast SEO v26.2) - https:\/\/yoast.com\/wordpress\/plugins\/seo\/ -->\n<title>MODULE SIM800L GSM\/GPRS - ADC Electronique<\/title>\n<meta name=\"robots\" content=\"index, follow, max-snippet:-1, max-image-preview:large, max-video-preview:-1\" \/>\n<link rel=\"canonical\" href=\"https:\/\/adcelectronique.com\/index.php\/product\/module-sim800l-gsm-gprs\/\" \/>\n<meta property=\"og:locale\" content=\"fr_FR\" \/>\n<meta property=\"og:type\" content=\"article\" \/>\n<meta property=\"og:title\" content=\"MODULE SIM800L GSM\/GPRS\" \/>\n<meta property=\"og:description\" content=\"est un petit module tr\u00e8s populaire pour les projets \u00e9lectroniques et Arduino. Il permet \u00e0 vos microcontr\u00f4leurs (comme Arduino, ESP32, etc.) d\u2019envoyer et recevoir des messages SMS, passer des appels et se connecter \u00e0 Internet via le r\u00e9seau GPRS (2G).\" \/>\n<meta property=\"og:url\" content=\"https:\/\/adcelectronique.com\/index.php\/product\/module-sim800l-gsm-gprs\/\" \/>\n<meta property=\"og:site_name\" content=\"ADC Electronique\" \/>\n<meta property=\"article:modified_time\" content=\"2026-03-04T10:08:29+00:00\" \/>\n<meta property=\"og:image\" content=\"https:\/\/adcelectronique.com\/wp-content\/uploads\/2026\/03\/61x6vUslhzL._AC_UF8941000_QL80_.jpg\" \/>\n\t<meta property=\"og:image:width\" content=\"894\" \/>\n\t<meta property=\"og:image:height\" content=\"749\" \/>\n\t<meta property=\"og:image:type\" content=\"image\/jpeg\" \/>\n<meta name=\"twitter:card\" content=\"summary_large_image\" \/>\n<meta name=\"twitter:label1\" content=\"Dur\u00e9e de lecture estim\u00e9e\" \/>\n\t<meta name=\"twitter:data1\" content=\"1 minute\" \/>\n<script type=\"application\/ld+json\" class=\"yoast-schema-graph\">{\"@context\":\"https:\/\/schema.org\",\"@graph\":[{\"@type\":\"WebPage\",\"@id\":\"https:\/\/adcelectronique.com\/index.php\/product\/module-sim800l-gsm-gprs\/\",\"url\":\"https:\/\/adcelectronique.com\/index.php\/product\/module-sim800l-gsm-gprs\/\",\"name\":\"MODULE SIM800L GSM\/GPRS - ADC Electronique\",\"isPartOf\":{\"@id\":\"https:\/\/adcelectronique.com\/#website\"},\"primaryImageOfPage\":{\"@id\":\"https:\/\/adcelectronique.com\/index.php\/product\/module-sim800l-gsm-gprs\/#primaryimage\"},\"image\":{\"@id\":\"https:\/\/adcelectronique.com\/index.php\/product\/module-sim800l-gsm-gprs\/#primaryimage\"},\"thumbnailUrl\":\"https:\/\/adcelectronique.com\/wp-content\/uploads\/2026\/03\/61x6vUslhzL._AC_UF8941000_QL80_.jpg\",\"datePublished\":\"2026-03-04T10:08:28+00:00\",\"dateModified\":\"2026-03-04T10:08:29+00:00\",\"breadcrumb\":{\"@id\":\"https:\/\/adcelectronique.com\/index.php\/product\/module-sim800l-gsm-gprs\/#breadcrumb\"},\"inLanguage\":\"fr-FR\",\"potentialAction\":[{\"@type\":\"ReadAction\",\"target\":[\"https:\/\/adcelectronique.com\/index.php\/product\/module-sim800l-gsm-gprs\/\"]}]},{\"@type\":\"ImageObject\",\"inLanguage\":\"fr-FR\",\"@id\":\"https:\/\/adcelectronique.com\/index.php\/product\/module-sim800l-gsm-gprs\/#primaryimage\",\"url\":\"https:\/\/adcelectronique.com\/wp-content\/uploads\/2026\/03\/61x6vUslhzL._AC_UF8941000_QL80_.jpg\",\"contentUrl\":\"https:\/\/adcelectronique.com\/wp-content\/uploads\/2026\/03\/61x6vUslhzL._AC_UF8941000_QL80_.jpg\",\"width\":894,\"height\":749},{\"@type\":\"BreadcrumbList\",\"@id\":\"https:\/\/adcelectronique.com\/index.php\/product\/module-sim800l-gsm-gprs\/#breadcrumb\",\"itemListElement\":[{\"@type\":\"ListItem\",\"position\":1,\"name\":\"Home\",\"item\":\"https:\/\/adcelectronique.com\/\"},{\"@type\":\"ListItem\",\"position\":2,\"name\":\"Shop\",\"item\":\"https:\/\/adcelectronique.com\/index.php\/shop\/\"},{\"@type\":\"ListItem\",\"position\":3,\"name\":\"MODULE SIM800L GSM\/GPRS\"}]},{\"@type\":\"WebSite\",\"@id\":\"https:\/\/adcelectronique.com\/#website\",\"url\":\"https:\/\/adcelectronique.com\/\",\"name\":\"ADC Electronique\",\"description\":\"\",\"potentialAction\":[{\"@type\":\"SearchAction\",\"target\":{\"@type\":\"EntryPoint\",\"urlTemplate\":\"https:\/\/adcelectronique.com\/?s={search_term_string}\"},\"query-input\":{\"@type\":\"PropertyValueSpecification\",\"valueRequired\":true,\"valueName\":\"search_term_string\"}}],\"inLanguage\":\"fr-FR\"}]}<\/script>\n<!-- \/ Yoast SEO Premium plugin. -->","yoast_head_json":{"title":"MODULE SIM800L GSM\/GPRS - ADC Electronique","robots":{"index":"index","follow":"follow","max-snippet":"max-snippet:-1","max-image-preview":"max-image-preview:large","max-video-preview":"max-video-preview:-1"},"canonical":"https:\/\/adcelectronique.com\/index.php\/product\/module-sim800l-gsm-gprs\/","og_locale":"fr_FR","og_type":"article","og_title":"MODULE SIM800L GSM\/GPRS","og_description":"est un petit module tr\u00e8s populaire pour les projets \u00e9lectroniques et Arduino. Il permet \u00e0 vos microcontr\u00f4leurs (comme Arduino, ESP32, etc.) d\u2019envoyer et recevoir des messages SMS, passer des appels et se connecter \u00e0 Internet via le r\u00e9seau GPRS (2G).","og_url":"https:\/\/adcelectronique.com\/index.php\/product\/module-sim800l-gsm-gprs\/","og_site_name":"ADC Electronique","article_modified_time":"2026-03-04T10:08:29+00:00","og_image":[{"width":894,"height":749,"url":"https:\/\/adcelectronique.com\/wp-content\/uploads\/2026\/03\/61x6vUslhzL._AC_UF8941000_QL80_.jpg","type":"image\/jpeg"}],"twitter_card":"summary_large_image","twitter_misc":{"Dur\u00e9e de lecture estim\u00e9e":"1 minute"},"schema":{"@context":"https:\/\/schema.org","@graph":[{"@type":"WebPage","@id":"https:\/\/adcelectronique.com\/index.php\/product\/module-sim800l-gsm-gprs\/","url":"https:\/\/adcelectronique.com\/index.php\/product\/module-sim800l-gsm-gprs\/","name":"MODULE SIM800L GSM\/GPRS - ADC Electronique","isPartOf":{"@id":"https:\/\/adcelectronique.com\/#website"},"primaryImageOfPage":{"@id":"https:\/\/adcelectronique.com\/index.php\/product\/module-sim800l-gsm-gprs\/#primaryimage"},"image":{"@id":"https:\/\/adcelectronique.com\/index.php\/product\/module-sim800l-gsm-gprs\/#primaryimage"},"thumbnailUrl":"https:\/\/adcelectronique.com\/wp-content\/uploads\/2026\/03\/61x6vUslhzL._AC_UF8941000_QL80_.jpg","datePublished":"2026-03-04T10:08:28+00:00","dateModified":"2026-03-04T10:08:29+00:00","breadcrumb":{"@id":"https:\/\/adcelectronique.com\/index.php\/product\/module-sim800l-gsm-gprs\/#breadcrumb"},"inLanguage":"fr-FR","potentialAction":[{"@type":"ReadAction","target":["https:\/\/adcelectronique.com\/index.php\/product\/module-sim800l-gsm-gprs\/"]}]},{"@type":"ImageObject","inLanguage":"fr-FR","@id":"https:\/\/adcelectronique.com\/index.php\/product\/module-sim800l-gsm-gprs\/#primaryimage","url":"https:\/\/adcelectronique.com\/wp-content\/uploads\/2026\/03\/61x6vUslhzL._AC_UF8941000_QL80_.jpg","contentUrl":"https:\/\/adcelectronique.com\/wp-content\/uploads\/2026\/03\/61x6vUslhzL._AC_UF8941000_QL80_.jpg","width":894,"height":749},{"@type":"BreadcrumbList","@id":"https:\/\/adcelectronique.com\/index.php\/product\/module-sim800l-gsm-gprs\/#breadcrumb","itemListElement":[{"@type":"ListItem","position":1,"name":"Home","item":"https:\/\/adcelectronique.com\/"},{"@type":"ListItem","position":2,"name":"Shop","item":"https:\/\/adcelectronique.com\/index.php\/shop\/"},{"@type":"ListItem","position":3,"name":"MODULE SIM800L GSM\/GPRS"}]},{"@type":"WebSite","@id":"https:\/\/adcelectronique.com\/#website","url":"https:\/\/adcelectronique.com\/","name":"ADC Electronique","description":"","potentialAction":[{"@type":"SearchAction","target":{"@type":"EntryPoint","urlTemplate":"https:\/\/adcelectronique.com\/?s={search_term_string}"},"query-input":{"@type":"PropertyValueSpecification","valueRequired":true,"valueName":"search_term_string"}}],"inLanguage":"fr-FR"}]}},"_links":{"self":[{"href":"https:\/\/adcelectronique.com\/index.php\/wp-json\/wp\/v2\/product\/10906","targetHints":{"allow":["GET"]}}],"collection":[{"href":"https:\/\/adcelectronique.com\/index.php\/wp-json\/wp\/v2\/product"}],"about":[{"href":"https:\/\/adcelectronique.com\/index.php\/wp-json\/wp\/v2\/types\/product"}],"replies":[{"embeddable":true,"href":"https:\/\/adcelectronique.com\/index.php\/wp-json\/wp\/v2\/comments?post=10906"}],"version-history":[{"count":0,"href":"https:\/\/adcelectronique.com\/index.php\/wp-json\/wp\/v2\/product\/10906\/revisions"}],"wp:featuredmedia":[{"embeddable":true,"href":"https:\/\/adcelectronique.com\/index.php\/wp-json\/wp\/v2\/media\/10907"}],"wp:attachment":[{"href":"https:\/\/adcelectronique.com\/index.php\/wp-json\/wp\/v2\/media?parent=10906"}],"wp:term":[{"taxonomy":"product_brand","embeddable":true,"href":"https:\/\/adcelectronique.com\/index.php\/wp-json\/wp\/v2\/product_brand?post=10906"},{"taxonomy":"product_cat","embeddable":true,"href":"https:\/\/adcelectronique.com\/index.php\/wp-json\/wp\/v2\/product_cat?post=10906"},{"taxonomy":"product_tag","embeddable":true,"href":"https:\/\/adcelectronique.com\/index.php\/wp-json\/wp\/v2\/product_tag?post=10906"}],"curies":[{"name":"wp","href":"https:\/\/api.w.org\/{rel}","templated":true}]}}