{"id":10977,"date":"2026-03-04T11:18:09","date_gmt":"2026-03-04T11:18:09","guid":{"rendered":"https:\/\/adcelectronique.com\/?post_type=product&#038;p=10977"},"modified":"2026-03-04T11:18:10","modified_gmt":"2026-03-04T11:18:10","slug":"node-mcu-v2-esp8266","status":"publish","type":"product","link":"https:\/\/adcelectronique.com\/index.php\/product\/node-mcu-v2-esp8266\/","title":{"rendered":"NODE MCU V2 ESP8266"},"content":{"rendered":"<h3>\u00a0 \u00a0 \u00a0 \u00a0 \u00a0 \u00a0 \u00a0 \u00a0 \u00a0 \u00a0 \u00a0 \u00a0 \u00a0 \u00a0 \u00a0 \u00a0 \u00a0 \u00a0 \u00a0 \u00a0 \u00a0 \u00a0 \u00a0 \u00a0 \u00a0 \u00a0 \u00a0 \u00a0 \u00a0 \u00a0 \u00a0NODE MCU V2 ESP8266<\/h3>\n<p>Le NodeMCU V2 est une <strong data-start=\"188\" data-end=\"226\">carte de d\u00e9veloppement open-source<\/strong> qui utilise le <strong data-start=\"242\" data-end=\"260\">module ESP8266<\/strong>, un microcontr\u00f4leur avec <strong data-start=\"286\" data-end=\"303\">Wi-Fi int\u00e9gr\u00e9<\/strong>. Elle est tr\u00e8s populaire pour cr\u00e9er des projets IoT (Internet of Things), comme des objets connect\u00e9s, capteurs sans fil, ou domotique.<\/p>\n<h2 data-start=\"445\" data-end=\"483\"><strong data-start=\"448\" data-end=\"483\">2. Caract\u00e9ristiques principales<\/strong><\/h2>\n<div class=\"TyagGW_tableContainer\">\n<div class=\"group TyagGW_tableWrapper flex flex-col-reverse w-fit\">\n<table class=\"w-fit min-w-(--thread-content-width)\" data-start=\"485\" data-end=\"978\">\n<thead data-start=\"485\" data-end=\"506\">\n<tr data-start=\"485\" data-end=\"506\">\n<th class=\"\" data-start=\"485\" data-end=\"496\" data-col-size=\"sm\">Fonction<\/th>\n<th class=\"\" data-start=\"496\" data-end=\"506\" data-col-size=\"md\">D\u00e9tail<\/th>\n<\/tr>\n<\/thead>\n<tbody data-start=\"529\" data-end=\"978\">\n<tr data-start=\"529\" data-end=\"581\">\n<td data-start=\"529\" data-end=\"547\" data-col-size=\"sm\">Microcontr\u00f4leur<\/td>\n<td data-col-size=\"md\" data-start=\"547\" data-end=\"581\">ESP8266, Tensilica L106 32-bit<\/td>\n<\/tr>\n<tr data-start=\"582\" data-end=\"632\">\n<td data-start=\"582\" data-end=\"598\" data-col-size=\"sm\">Fr\u00e9quence CPU<\/td>\n<td data-col-size=\"md\" data-start=\"598\" data-end=\"632\">80 MHz (max 160 MHz overclock)<\/td>\n<\/tr>\n<tr data-start=\"633\" data-end=\"679\">\n<td data-start=\"633\" data-end=\"649\" data-col-size=\"sm\">M\u00e9moire Flash<\/td>\n<td data-col-size=\"md\" data-start=\"649\" data-end=\"679\">4 MB (varie selon version)<\/td>\n<\/tr>\n<tr data-start=\"680\" data-end=\"697\">\n<td data-start=\"680\" data-end=\"686\" data-col-size=\"sm\">RAM<\/td>\n<td data-col-size=\"md\" data-start=\"686\" data-end=\"697\">~160 KB<\/td>\n<\/tr>\n<tr data-start=\"698\" data-end=\"730\">\n<td data-start=\"698\" data-end=\"706\" data-col-size=\"sm\">Wi-Fi<\/td>\n<td data-col-size=\"md\" data-start=\"706\" data-end=\"730\">802.11 b\/g\/n int\u00e9gr\u00e9<\/td>\n<\/tr>\n<tr data-start=\"731\" data-end=\"806\">\n<td data-start=\"731\" data-end=\"738\" data-col-size=\"sm\">GPIO<\/td>\n<td data-col-size=\"md\" data-start=\"738\" data-end=\"806\">11 broches utilisables (certains pins partag\u00e9s avec SPI\/I2C\/ADC)<\/td>\n<\/tr>\n<tr data-start=\"807\" data-end=\"831\">\n<td data-start=\"807\" data-end=\"813\" data-col-size=\"sm\">ADC<\/td>\n<td data-col-size=\"md\" data-start=\"813\" data-end=\"831\">10 bits (0-1V)<\/td>\n<\/tr>\n<tr data-start=\"832\" data-end=\"877\">\n<td data-start=\"832\" data-end=\"839\" data-col-size=\"sm\">UART<\/td>\n<td data-col-size=\"md\" data-start=\"839\" data-end=\"877\">1 port pour programmation et debug<\/td>\n<\/tr>\n<tr data-start=\"878\" data-end=\"926\">\n<td data-start=\"878\" data-end=\"893\" data-col-size=\"sm\">Alimentation<\/td>\n<td data-col-size=\"md\" data-start=\"893\" data-end=\"926\">5V via USB ou 3.3V via broche<\/td>\n<\/tr>\n<tr data-start=\"927\" data-end=\"978\">\n<td data-start=\"927\" data-end=\"939\" data-col-size=\"sm\">Interface<\/td>\n<td data-col-size=\"md\" data-start=\"939\" data-end=\"978\">USB micro-B (V2) pour programmation<\/td>\n<\/tr>\n<\/tbody>\n<\/table>\n<\/div>\n<\/div>\n","protected":false},"excerpt":{"rendered":"<p>Le NodeMCU V2 est une <strong data-start=\"188\" data-end=\"226\">carte de d\u00e9veloppement open-source<\/strong> qui utilise le <strong data-start=\"242\" data-end=\"260\">module ESP8266<\/strong>, un microcontr\u00f4leur avec <strong data-start=\"286\" data-end=\"303\">Wi-Fi int\u00e9gr\u00e9<\/strong>. Elle est tr\u00e8s populaire pour cr\u00e9er des projets IoT (Internet of Things), comme des objets connect\u00e9s, capteurs sans fil, ou domotique.<\/p>\n","protected":false},"featured_media":10978,"comment_status":"open","ping_status":"closed","template":"","meta":[],"product_brand":[144],"product_cat":[31],"product_tag":[],"class_list":{"0":"post-10977","1":"product","2":"type-product","3":"status-publish","4":"has-post-thumbnail","6":"product_brand-arduino","7":"product_cat-cartes-microcontroleurs","9":"first","10":"instock","11":"shipping-taxable","12":"purchasable","13":"product-type-simple"},"yoast_head":"<!-- This site is optimized with the Yoast SEO Premium plugin v26.2 (Yoast SEO v26.2) - https:\/\/yoast.com\/wordpress\/plugins\/seo\/ -->\n<title>NODE MCU V2 ESP8266 - ADC Electronique<\/title>\n<meta name=\"robots\" content=\"index, follow, max-snippet:-1, max-image-preview:large, max-video-preview:-1\" \/>\n<link rel=\"canonical\" href=\"https:\/\/adcelectronique.com\/index.php\/product\/node-mcu-v2-esp8266\/\" \/>\n<meta property=\"og:locale\" content=\"fr_FR\" \/>\n<meta property=\"og:type\" content=\"article\" \/>\n<meta property=\"og:title\" content=\"NODE MCU V2 ESP8266\" \/>\n<meta property=\"og:description\" content=\"Le NodeMCU V2 est une carte de d\u00e9veloppement open-source qui utilise le module ESP8266, un microcontr\u00f4leur avec Wi-Fi int\u00e9gr\u00e9. Elle est tr\u00e8s populaire pour cr\u00e9er des projets IoT (Internet of Things), comme des objets connect\u00e9s, capteurs sans fil, ou domotique.\" \/>\n<meta property=\"og:url\" content=\"https:\/\/adcelectronique.com\/index.php\/product\/node-mcu-v2-esp8266\/\" \/>\n<meta property=\"og:site_name\" content=\"ADC Electronique\" \/>\n<meta property=\"article:modified_time\" content=\"2026-03-04T11:18:10+00:00\" \/>\n<meta property=\"og:image\" content=\"https:\/\/adcelectronique.com\/wp-content\/uploads\/2026\/03\/NodeMcu-V2-CP2102-Lua-ESP8266-pinout-mischianti-high-resolution.png\" \/>\n\t<meta property=\"og:image:width\" content=\"1722\" \/>\n\t<meta property=\"og:image:height\" content=\"1033\" \/>\n\t<meta property=\"og:image:type\" content=\"image\/png\" \/>\n<meta name=\"twitter:card\" content=\"summary_large_image\" \/>\n<meta name=\"twitter:label1\" content=\"Dur\u00e9e de lecture estim\u00e9e\" \/>\n\t<meta name=\"twitter:data1\" content=\"1 minute\" \/>\n<script type=\"application\/ld+json\" class=\"yoast-schema-graph\">{\"@context\":\"https:\/\/schema.org\",\"@graph\":[{\"@type\":\"WebPage\",\"@id\":\"https:\/\/adcelectronique.com\/index.php\/product\/node-mcu-v2-esp8266\/\",\"url\":\"https:\/\/adcelectronique.com\/index.php\/product\/node-mcu-v2-esp8266\/\",\"name\":\"NODE MCU V2 ESP8266 - ADC Electronique\",\"isPartOf\":{\"@id\":\"https:\/\/adcelectronique.com\/#website\"},\"primaryImageOfPage\":{\"@id\":\"https:\/\/adcelectronique.com\/index.php\/product\/node-mcu-v2-esp8266\/#primaryimage\"},\"image\":{\"@id\":\"https:\/\/adcelectronique.com\/index.php\/product\/node-mcu-v2-esp8266\/#primaryimage\"},\"thumbnailUrl\":\"https:\/\/adcelectronique.com\/wp-content\/uploads\/2026\/03\/NodeMcu-V2-CP2102-Lua-ESP8266-pinout-mischianti-high-resolution.png\",\"datePublished\":\"2026-03-04T11:18:09+00:00\",\"dateModified\":\"2026-03-04T11:18:10+00:00\",\"breadcrumb\":{\"@id\":\"https:\/\/adcelectronique.com\/index.php\/product\/node-mcu-v2-esp8266\/#breadcrumb\"},\"inLanguage\":\"fr-FR\",\"potentialAction\":[{\"@type\":\"ReadAction\",\"target\":[\"https:\/\/adcelectronique.com\/index.php\/product\/node-mcu-v2-esp8266\/\"]}]},{\"@type\":\"ImageObject\",\"inLanguage\":\"fr-FR\",\"@id\":\"https:\/\/adcelectronique.com\/index.php\/product\/node-mcu-v2-esp8266\/#primaryimage\",\"url\":\"https:\/\/adcelectronique.com\/wp-content\/uploads\/2026\/03\/NodeMcu-V2-CP2102-Lua-ESP8266-pinout-mischianti-high-resolution.png\",\"contentUrl\":\"https:\/\/adcelectronique.com\/wp-content\/uploads\/2026\/03\/NodeMcu-V2-CP2102-Lua-ESP8266-pinout-mischianti-high-resolution.png\",\"width\":1722,\"height\":1033},{\"@type\":\"BreadcrumbList\",\"@id\":\"https:\/\/adcelectronique.com\/index.php\/product\/node-mcu-v2-esp8266\/#breadcrumb\",\"itemListElement\":[{\"@type\":\"ListItem\",\"position\":1,\"name\":\"Home\",\"item\":\"https:\/\/adcelectronique.com\/\"},{\"@type\":\"ListItem\",\"position\":2,\"name\":\"Shop\",\"item\":\"https:\/\/adcelectronique.com\/index.php\/shop\/\"},{\"@type\":\"ListItem\",\"position\":3,\"name\":\"NODE MCU V2 ESP8266\"}]},{\"@type\":\"WebSite\",\"@id\":\"https:\/\/adcelectronique.com\/#website\",\"url\":\"https:\/\/adcelectronique.com\/\",\"name\":\"ADC Electronique\",\"description\":\"\",\"potentialAction\":[{\"@type\":\"SearchAction\",\"target\":{\"@type\":\"EntryPoint\",\"urlTemplate\":\"https:\/\/adcelectronique.com\/?s={search_term_string}\"},\"query-input\":{\"@type\":\"PropertyValueSpecification\",\"valueRequired\":true,\"valueName\":\"search_term_string\"}}],\"inLanguage\":\"fr-FR\"}]}<\/script>\n<!-- \/ Yoast SEO Premium plugin. -->","yoast_head_json":{"title":"NODE MCU V2 ESP8266 - ADC Electronique","robots":{"index":"index","follow":"follow","max-snippet":"max-snippet:-1","max-image-preview":"max-image-preview:large","max-video-preview":"max-video-preview:-1"},"canonical":"https:\/\/adcelectronique.com\/index.php\/product\/node-mcu-v2-esp8266\/","og_locale":"fr_FR","og_type":"article","og_title":"NODE MCU V2 ESP8266","og_description":"Le NodeMCU V2 est une carte de d\u00e9veloppement open-source qui utilise le module ESP8266, un microcontr\u00f4leur avec Wi-Fi int\u00e9gr\u00e9. Elle est tr\u00e8s populaire pour cr\u00e9er des projets IoT (Internet of Things), comme des objets connect\u00e9s, capteurs sans fil, ou domotique.","og_url":"https:\/\/adcelectronique.com\/index.php\/product\/node-mcu-v2-esp8266\/","og_site_name":"ADC Electronique","article_modified_time":"2026-03-04T11:18:10+00:00","og_image":[{"width":1722,"height":1033,"url":"https:\/\/adcelectronique.com\/wp-content\/uploads\/2026\/03\/NodeMcu-V2-CP2102-Lua-ESP8266-pinout-mischianti-high-resolution.png","type":"image\/png"}],"twitter_card":"summary_large_image","twitter_misc":{"Dur\u00e9e de lecture estim\u00e9e":"1 minute"},"schema":{"@context":"https:\/\/schema.org","@graph":[{"@type":"WebPage","@id":"https:\/\/adcelectronique.com\/index.php\/product\/node-mcu-v2-esp8266\/","url":"https:\/\/adcelectronique.com\/index.php\/product\/node-mcu-v2-esp8266\/","name":"NODE MCU V2 ESP8266 - ADC Electronique","isPartOf":{"@id":"https:\/\/adcelectronique.com\/#website"},"primaryImageOfPage":{"@id":"https:\/\/adcelectronique.com\/index.php\/product\/node-mcu-v2-esp8266\/#primaryimage"},"image":{"@id":"https:\/\/adcelectronique.com\/index.php\/product\/node-mcu-v2-esp8266\/#primaryimage"},"thumbnailUrl":"https:\/\/adcelectronique.com\/wp-content\/uploads\/2026\/03\/NodeMcu-V2-CP2102-Lua-ESP8266-pinout-mischianti-high-resolution.png","datePublished":"2026-03-04T11:18:09+00:00","dateModified":"2026-03-04T11:18:10+00:00","breadcrumb":{"@id":"https:\/\/adcelectronique.com\/index.php\/product\/node-mcu-v2-esp8266\/#breadcrumb"},"inLanguage":"fr-FR","potentialAction":[{"@type":"ReadAction","target":["https:\/\/adcelectronique.com\/index.php\/product\/node-mcu-v2-esp8266\/"]}]},{"@type":"ImageObject","inLanguage":"fr-FR","@id":"https:\/\/adcelectronique.com\/index.php\/product\/node-mcu-v2-esp8266\/#primaryimage","url":"https:\/\/adcelectronique.com\/wp-content\/uploads\/2026\/03\/NodeMcu-V2-CP2102-Lua-ESP8266-pinout-mischianti-high-resolution.png","contentUrl":"https:\/\/adcelectronique.com\/wp-content\/uploads\/2026\/03\/NodeMcu-V2-CP2102-Lua-ESP8266-pinout-mischianti-high-resolution.png","width":1722,"height":1033},{"@type":"BreadcrumbList","@id":"https:\/\/adcelectronique.com\/index.php\/product\/node-mcu-v2-esp8266\/#breadcrumb","itemListElement":[{"@type":"ListItem","position":1,"name":"Home","item":"https:\/\/adcelectronique.com\/"},{"@type":"ListItem","position":2,"name":"Shop","item":"https:\/\/adcelectronique.com\/index.php\/shop\/"},{"@type":"ListItem","position":3,"name":"NODE MCU V2 ESP8266"}]},{"@type":"WebSite","@id":"https:\/\/adcelectronique.com\/#website","url":"https:\/\/adcelectronique.com\/","name":"ADC Electronique","description":"","potentialAction":[{"@type":"SearchAction","target":{"@type":"EntryPoint","urlTemplate":"https:\/\/adcelectronique.com\/?s={search_term_string}"},"query-input":{"@type":"PropertyValueSpecification","valueRequired":true,"valueName":"search_term_string"}}],"inLanguage":"fr-FR"}]}},"_links":{"self":[{"href":"https:\/\/adcelectronique.com\/index.php\/wp-json\/wp\/v2\/product\/10977","targetHints":{"allow":["GET"]}}],"collection":[{"href":"https:\/\/adcelectronique.com\/index.php\/wp-json\/wp\/v2\/product"}],"about":[{"href":"https:\/\/adcelectronique.com\/index.php\/wp-json\/wp\/v2\/types\/product"}],"replies":[{"embeddable":true,"href":"https:\/\/adcelectronique.com\/index.php\/wp-json\/wp\/v2\/comments?post=10977"}],"version-history":[{"count":0,"href":"https:\/\/adcelectronique.com\/index.php\/wp-json\/wp\/v2\/product\/10977\/revisions"}],"wp:featuredmedia":[{"embeddable":true,"href":"https:\/\/adcelectronique.com\/index.php\/wp-json\/wp\/v2\/media\/10978"}],"wp:attachment":[{"href":"https:\/\/adcelectronique.com\/index.php\/wp-json\/wp\/v2\/media?parent=10977"}],"wp:term":[{"taxonomy":"product_brand","embeddable":true,"href":"https:\/\/adcelectronique.com\/index.php\/wp-json\/wp\/v2\/product_brand?post=10977"},{"taxonomy":"product_cat","embeddable":true,"href":"https:\/\/adcelectronique.com\/index.php\/wp-json\/wp\/v2\/product_cat?post=10977"},{"taxonomy":"product_tag","embeddable":true,"href":"https:\/\/adcelectronique.com\/index.php\/wp-json\/wp\/v2\/product_tag?post=10977"}],"curies":[{"name":"wp","href":"https:\/\/api.w.org\/{rel}","templated":true}]}}