{"id":10993,"date":"2026-03-04T11:37:07","date_gmt":"2026-03-04T11:37:07","guid":{"rendered":"https:\/\/adcelectronique.com\/?post_type=product&#038;p=10993"},"modified":"2026-03-04T11:37:08","modified_gmt":"2026-03-04T11:37:08","slug":"carte-de-basse-esp32","status":"publish","type":"product","link":"https:\/\/adcelectronique.com\/index.php\/product\/carte-de-basse-esp32\/","title":{"rendered":"CARTE DE BASSE ESP32"},"content":{"rendered":"<h3>\u00a0 \u00a0 \u00a0 \u00a0 \u00a0 \u00a0 \u00a0 \u00a0 \u00a0 \u00a0 \u00a0 \u00a0 \u00a0 \u00a0 \u00a0 \u00a0 \u00a0 \u00a0 \u00a0 \u00a0 \u00a0 \u00a0 \u00a0 \u00a0 \u00a0 \u00a0 \u00a0 \u00a0 \u00a0 \u00a0 \u00a0 \u00a0 \u00a0 \u00a0 \u00a0CARTE DE BASSE ESP32<\/h3>\n<p>une carte de base qui inclut le microcontr\u00f4leur ESP32 (Wi-Fi + Bluetooth int\u00e9gr\u00e9) et un port USB pour programmer et alimenter la carte et des broches GPIO pour connecter LEDs, moteurs, capteurs, etc; avec LED d\u2019\u00e9tat, bouton RESET et bouton BOOT pour flasher le programme.<\/p>\n<h2 data-start=\"1205\" data-end=\"1248\">Caract\u00e9ristiques techniques courantes<\/h2>\n<ul data-start=\"1249\" data-end=\"1502\">\n<li data-start=\"1249\" data-end=\"1300\">\n<p data-start=\"1251\" data-end=\"1300\">Tension d\u2019alimentation : 3,3V (VIN 5V possible)<\/p>\n<\/li>\n<li data-start=\"1301\" data-end=\"1340\">\n<p data-start=\"1303\" data-end=\"1340\">GPIO : 25 \u00e0 39 pins selon le mod\u00e8le<\/p>\n<\/li>\n<li data-start=\"1341\" data-end=\"1377\">\n<p data-start=\"1343\" data-end=\"1377\">ADC : 12 bits, jusqu\u2019\u00e0 18 canaux<\/p>\n<\/li>\n<li data-start=\"1378\" data-end=\"1416\">\n<p data-start=\"1380\" data-end=\"1416\">PWM : pour piloter moteurs et LEDs<\/p>\n<\/li>\n<li data-start=\"1417\" data-end=\"1466\">\n<p data-start=\"1419\" data-end=\"1466\">Communication : UART, I2C, SPI, CAN, PWM, DAC<\/p>\n<\/li>\n<li data-start=\"1467\" data-end=\"1502\">\n<p data-start=\"1469\" data-end=\"1502\">Fr\u00e9quence CPU : jusqu\u2019\u00e0 240 MHz<\/p>\n<\/li>\n<\/ul>\n","protected":false},"excerpt":{"rendered":"<p>une carte de base qui inclut le microcontr\u00f4leur ESP32 (Wi-Fi + Bluetooth int\u00e9gr\u00e9) et un port USB pour programmer et alimenter la carte et des broches GPIO pour connecter LEDs, moteurs, capteurs, etc; avec LED d\u2019\u00e9tat, bouton RESET et bouton BOOT pour flasher le programme.<\/p>\n","protected":false},"featured_media":10994,"comment_status":"open","ping_status":"closed","template":"","meta":[],"product_brand":[144],"product_cat":[31],"product_tag":[],"class_list":{"0":"post-10993","1":"product","2":"type-product","3":"status-publish","4":"has-post-thumbnail","6":"product_brand-arduino","7":"product_cat-cartes-microcontroleurs","9":"first","10":"instock","11":"shipping-taxable","12":"purchasable","13":"product-type-simple"},"yoast_head":"<!-- This site is optimized with the Yoast SEO Premium plugin v26.2 (Yoast SEO v26.2) - https:\/\/yoast.com\/wordpress\/plugins\/seo\/ -->\n<title>CARTE DE BASSE ESP32 - ADC Electronique<\/title>\n<meta name=\"robots\" content=\"index, follow, max-snippet:-1, max-image-preview:large, max-video-preview:-1\" \/>\n<link rel=\"canonical\" href=\"https:\/\/adcelectronique.com\/index.php\/product\/carte-de-basse-esp32\/\" \/>\n<meta property=\"og:locale\" content=\"fr_FR\" \/>\n<meta property=\"og:type\" content=\"article\" \/>\n<meta property=\"og:title\" content=\"CARTE DE BASSE ESP32\" \/>\n<meta property=\"og:description\" content=\"une carte de base qui inclut le microcontr\u00f4leur ESP32 (Wi-Fi + Bluetooth int\u00e9gr\u00e9) et un port USB pour programmer et alimenter la carte et des broches GPIO pour connecter LEDs, moteurs, capteurs, etc; avec LED d\u2019\u00e9tat, bouton RESET et bouton BOOT pour flasher le programme.\" \/>\n<meta property=\"og:url\" content=\"https:\/\/adcelectronique.com\/index.php\/product\/carte-de-basse-esp32\/\" \/>\n<meta property=\"og:site_name\" content=\"ADC Electronique\" \/>\n<meta property=\"article:modified_time\" content=\"2026-03-04T11:37:08+00:00\" \/>\n<meta property=\"og:image\" content=\"https:\/\/adcelectronique.com\/wp-content\/uploads\/2026\/03\/images-24.jpg\" \/>\n\t<meta property=\"og:image:width\" content=\"240\" \/>\n\t<meta property=\"og:image:height\" content=\"210\" \/>\n\t<meta property=\"og:image:type\" content=\"image\/jpeg\" \/>\n<meta name=\"twitter:card\" content=\"summary_large_image\" \/>\n<meta name=\"twitter:label1\" content=\"Dur\u00e9e de lecture estim\u00e9e\" \/>\n\t<meta name=\"twitter:data1\" content=\"1 minute\" \/>\n<script type=\"application\/ld+json\" class=\"yoast-schema-graph\">{\"@context\":\"https:\/\/schema.org\",\"@graph\":[{\"@type\":\"WebPage\",\"@id\":\"https:\/\/adcelectronique.com\/index.php\/product\/carte-de-basse-esp32\/\",\"url\":\"https:\/\/adcelectronique.com\/index.php\/product\/carte-de-basse-esp32\/\",\"name\":\"CARTE DE BASSE ESP32 - ADC Electronique\",\"isPartOf\":{\"@id\":\"https:\/\/adcelectronique.com\/#website\"},\"primaryImageOfPage\":{\"@id\":\"https:\/\/adcelectronique.com\/index.php\/product\/carte-de-basse-esp32\/#primaryimage\"},\"image\":{\"@id\":\"https:\/\/adcelectronique.com\/index.php\/product\/carte-de-basse-esp32\/#primaryimage\"},\"thumbnailUrl\":\"https:\/\/adcelectronique.com\/wp-content\/uploads\/2026\/03\/images-24.jpg\",\"datePublished\":\"2026-03-04T11:37:07+00:00\",\"dateModified\":\"2026-03-04T11:37:08+00:00\",\"breadcrumb\":{\"@id\":\"https:\/\/adcelectronique.com\/index.php\/product\/carte-de-basse-esp32\/#breadcrumb\"},\"inLanguage\":\"fr-FR\",\"potentialAction\":[{\"@type\":\"ReadAction\",\"target\":[\"https:\/\/adcelectronique.com\/index.php\/product\/carte-de-basse-esp32\/\"]}]},{\"@type\":\"ImageObject\",\"inLanguage\":\"fr-FR\",\"@id\":\"https:\/\/adcelectronique.com\/index.php\/product\/carte-de-basse-esp32\/#primaryimage\",\"url\":\"https:\/\/adcelectronique.com\/wp-content\/uploads\/2026\/03\/images-24.jpg\",\"contentUrl\":\"https:\/\/adcelectronique.com\/wp-content\/uploads\/2026\/03\/images-24.jpg\",\"width\":240,\"height\":210},{\"@type\":\"BreadcrumbList\",\"@id\":\"https:\/\/adcelectronique.com\/index.php\/product\/carte-de-basse-esp32\/#breadcrumb\",\"itemListElement\":[{\"@type\":\"ListItem\",\"position\":1,\"name\":\"Home\",\"item\":\"https:\/\/adcelectronique.com\/\"},{\"@type\":\"ListItem\",\"position\":2,\"name\":\"Shop\",\"item\":\"https:\/\/adcelectronique.com\/index.php\/shop\/\"},{\"@type\":\"ListItem\",\"position\":3,\"name\":\"CARTE DE BASSE ESP32\"}]},{\"@type\":\"WebSite\",\"@id\":\"https:\/\/adcelectronique.com\/#website\",\"url\":\"https:\/\/adcelectronique.com\/\",\"name\":\"ADC Electronique\",\"description\":\"\",\"potentialAction\":[{\"@type\":\"SearchAction\",\"target\":{\"@type\":\"EntryPoint\",\"urlTemplate\":\"https:\/\/adcelectronique.com\/?s={search_term_string}\"},\"query-input\":{\"@type\":\"PropertyValueSpecification\",\"valueRequired\":true,\"valueName\":\"search_term_string\"}}],\"inLanguage\":\"fr-FR\"}]}<\/script>\n<!-- \/ Yoast SEO Premium plugin. -->","yoast_head_json":{"title":"CARTE DE BASSE ESP32 - ADC Electronique","robots":{"index":"index","follow":"follow","max-snippet":"max-snippet:-1","max-image-preview":"max-image-preview:large","max-video-preview":"max-video-preview:-1"},"canonical":"https:\/\/adcelectronique.com\/index.php\/product\/carte-de-basse-esp32\/","og_locale":"fr_FR","og_type":"article","og_title":"CARTE DE BASSE ESP32","og_description":"une carte de base qui inclut le microcontr\u00f4leur ESP32 (Wi-Fi + Bluetooth int\u00e9gr\u00e9) et un port USB pour programmer et alimenter la carte et des broches GPIO pour connecter LEDs, moteurs, capteurs, etc; avec LED d\u2019\u00e9tat, bouton RESET et bouton BOOT pour flasher le programme.","og_url":"https:\/\/adcelectronique.com\/index.php\/product\/carte-de-basse-esp32\/","og_site_name":"ADC Electronique","article_modified_time":"2026-03-04T11:37:08+00:00","og_image":[{"width":240,"height":210,"url":"https:\/\/adcelectronique.com\/wp-content\/uploads\/2026\/03\/images-24.jpg","type":"image\/jpeg"}],"twitter_card":"summary_large_image","twitter_misc":{"Dur\u00e9e de lecture estim\u00e9e":"1 minute"},"schema":{"@context":"https:\/\/schema.org","@graph":[{"@type":"WebPage","@id":"https:\/\/adcelectronique.com\/index.php\/product\/carte-de-basse-esp32\/","url":"https:\/\/adcelectronique.com\/index.php\/product\/carte-de-basse-esp32\/","name":"CARTE DE BASSE ESP32 - ADC Electronique","isPartOf":{"@id":"https:\/\/adcelectronique.com\/#website"},"primaryImageOfPage":{"@id":"https:\/\/adcelectronique.com\/index.php\/product\/carte-de-basse-esp32\/#primaryimage"},"image":{"@id":"https:\/\/adcelectronique.com\/index.php\/product\/carte-de-basse-esp32\/#primaryimage"},"thumbnailUrl":"https:\/\/adcelectronique.com\/wp-content\/uploads\/2026\/03\/images-24.jpg","datePublished":"2026-03-04T11:37:07+00:00","dateModified":"2026-03-04T11:37:08+00:00","breadcrumb":{"@id":"https:\/\/adcelectronique.com\/index.php\/product\/carte-de-basse-esp32\/#breadcrumb"},"inLanguage":"fr-FR","potentialAction":[{"@type":"ReadAction","target":["https:\/\/adcelectronique.com\/index.php\/product\/carte-de-basse-esp32\/"]}]},{"@type":"ImageObject","inLanguage":"fr-FR","@id":"https:\/\/adcelectronique.com\/index.php\/product\/carte-de-basse-esp32\/#primaryimage","url":"https:\/\/adcelectronique.com\/wp-content\/uploads\/2026\/03\/images-24.jpg","contentUrl":"https:\/\/adcelectronique.com\/wp-content\/uploads\/2026\/03\/images-24.jpg","width":240,"height":210},{"@type":"BreadcrumbList","@id":"https:\/\/adcelectronique.com\/index.php\/product\/carte-de-basse-esp32\/#breadcrumb","itemListElement":[{"@type":"ListItem","position":1,"name":"Home","item":"https:\/\/adcelectronique.com\/"},{"@type":"ListItem","position":2,"name":"Shop","item":"https:\/\/adcelectronique.com\/index.php\/shop\/"},{"@type":"ListItem","position":3,"name":"CARTE DE BASSE ESP32"}]},{"@type":"WebSite","@id":"https:\/\/adcelectronique.com\/#website","url":"https:\/\/adcelectronique.com\/","name":"ADC Electronique","description":"","potentialAction":[{"@type":"SearchAction","target":{"@type":"EntryPoint","urlTemplate":"https:\/\/adcelectronique.com\/?s={search_term_string}"},"query-input":{"@type":"PropertyValueSpecification","valueRequired":true,"valueName":"search_term_string"}}],"inLanguage":"fr-FR"}]}},"_links":{"self":[{"href":"https:\/\/adcelectronique.com\/index.php\/wp-json\/wp\/v2\/product\/10993","targetHints":{"allow":["GET"]}}],"collection":[{"href":"https:\/\/adcelectronique.com\/index.php\/wp-json\/wp\/v2\/product"}],"about":[{"href":"https:\/\/adcelectronique.com\/index.php\/wp-json\/wp\/v2\/types\/product"}],"replies":[{"embeddable":true,"href":"https:\/\/adcelectronique.com\/index.php\/wp-json\/wp\/v2\/comments?post=10993"}],"version-history":[{"count":0,"href":"https:\/\/adcelectronique.com\/index.php\/wp-json\/wp\/v2\/product\/10993\/revisions"}],"wp:featuredmedia":[{"embeddable":true,"href":"https:\/\/adcelectronique.com\/index.php\/wp-json\/wp\/v2\/media\/10994"}],"wp:attachment":[{"href":"https:\/\/adcelectronique.com\/index.php\/wp-json\/wp\/v2\/media?parent=10993"}],"wp:term":[{"taxonomy":"product_brand","embeddable":true,"href":"https:\/\/adcelectronique.com\/index.php\/wp-json\/wp\/v2\/product_brand?post=10993"},{"taxonomy":"product_cat","embeddable":true,"href":"https:\/\/adcelectronique.com\/index.php\/wp-json\/wp\/v2\/product_cat?post=10993"},{"taxonomy":"product_tag","embeddable":true,"href":"https:\/\/adcelectronique.com\/index.php\/wp-json\/wp\/v2\/product_tag?post=10993"}],"curies":[{"name":"wp","href":"https:\/\/api.w.org\/{rel}","templated":true}]}}