{"id":11071,"date":"2026-03-29T13:34:00","date_gmt":"2026-03-29T13:34:00","guid":{"rendered":"https:\/\/adcelectronique.com\/?post_type=product&#038;p=11071"},"modified":"2026-03-29T13:34:01","modified_gmt":"2026-03-29T13:34:01","slug":"centrale-dalarme-teletek-eclipse-99","status":"publish","type":"product","link":"https:\/\/adcelectronique.com\/index.php\/product\/centrale-dalarme-teletek-eclipse-99\/","title":{"rendered":"CENTRALE D\u2019ALARME TELETEK ECLIPSE 99"},"content":{"rendered":"<h1 class=\"product_title entry-title wd-entities-title\">\u00a0 \u00a0 \u00a0 \u00a0 \u00a0 \u00a0 \u00a0 \u00a0 \u00a0 \u00a0 \u00a0 \u00a0 \u00a0 \u00a0 \u00a0 CENTRALE D\u2019ALARME TELETEK ECLIPSE 99<\/h1>\n<h2>Description<\/h2>\n<p>La centrale d\u2019alarme Eclipse 99 de Teletek Electronics est une solution professionnelle con\u00e7ue pour s\u00e9curiser les sites sensibles tels que les bureaux, entrep\u00f4ts et centres commerciaux. Certifi\u00e9e EN50131 Grade 3 Classe II, elle offre un haut niveau de s\u00e9curit\u00e9 et une grande fiabilit\u00e9. Capable de g\u00e9rer jusqu\u2019\u00e0 99 zones de d\u00e9tection, elle convient parfaitement aux installations de grande capacit\u00e9. \ud83d\udd12\ud83c\udfe2\ud83d\udce1<\/p>\n<h2 data-section-id=\"128riy1\" data-start=\"719\" data-end=\"750\">Caract\u00e9ristiques principales<\/h2>\n<ul data-start=\"752\" data-end=\"1156\">\n<li data-section-id=\"1yhslip\" data-start=\"752\" data-end=\"797\">Centrale d\u2019alarme filaire professionnelle<\/li>\n<li data-section-id=\"12910eu\" data-start=\"798\" data-end=\"835\">Jusqu\u2019\u00e0 <strong data-start=\"808\" data-end=\"833\">99 zones de d\u00e9tection<\/strong><\/li>\n<li data-section-id=\"vct0me\" data-start=\"836\" data-end=\"871\"><strong data-start=\"838\" data-end=\"869\">16 partitions ind\u00e9pendantes<\/strong><\/li>\n<li data-section-id=\"1moupdq\" data-start=\"872\" data-end=\"905\">Communicateur digital int\u00e9gr\u00e9<\/li>\n<li data-section-id=\"1rw5q8m\" data-start=\"906\" data-end=\"963\">Programmation compl\u00e8te par clavier ou logiciel ProsTE<\/li>\n<li data-section-id=\"kd650q\" data-start=\"964\" data-end=\"1007\">M\u00e9moire d\u2019\u00e9v\u00e9nements avec date et heure<\/li>\n<li data-section-id=\"1a97671\" data-start=\"1008\" data-end=\"1070\">Compatible avec modules GSM\/GPRS et accessoires du syst\u00e8me<\/li>\n<li data-section-id=\"1mu4iu5\" data-start=\"1071\" data-end=\"1156\">Certification <strong data-start=\"1087\" data-end=\"1116\">EN50131 Grade 3 Classe II<\/strong><\/li>\n<\/ul>\n<table data-start=\"2643\" data-end=\"3471\">\n<thead data-start=\"2643\" data-end=\"2726\">\n<tr data-start=\"2643\" data-end=\"2726\">\n<th data-start=\"2643\" data-end=\"2677\">FONCTIONNALIT\u00c9<\/th>\n<th data-start=\"2677\" data-end=\"2726\">SP\u00c9CIFICATION<\/th>\n<\/tr>\n<\/thead>\n<tbody data-start=\"2810\" data-end=\"3471\">\n<tr data-start=\"2810\" data-end=\"2892\">\n<td>Zones<\/td>\n<td>8 \u00e0 bord, jusqu\u2019\u00e0 99 avec extensions<\/td>\n<\/tr>\n<tr data-start=\"2893\" data-end=\"2975\">\n<td>Partitions<\/td>\n<td>16<\/td>\n<\/tr>\n<tr data-start=\"2976\" data-end=\"3058\">\n<td>Sorties PGM<\/td>\n<td>3 faibles (100mA) + 1 forte (1A)<\/td>\n<\/tr>\n<tr data-start=\"3059\" data-end=\"3141\">\n<td>M\u00e9moire \u00e9v\u00e8nements<\/td>\n<td>5 000 logs horodat\u00e9s<\/td>\n<\/tr>\n<tr data-start=\"3142\" data-end=\"3223\">\n<td>Alimentation<\/td>\n<td>230 VAC \u00b110 %, transformateur 21 VAC \/ 50 VA<\/td>\n<\/tr>\n<tr data-start=\"3224\" data-end=\"3306\">\n<td>Batterie<\/td>\n<td>12 V \/ 7 Ah<\/td>\n<\/tr>\n<tr data-start=\"3307\" data-end=\"3388\">\n<td>Temp\u00e9rature de fonctionnement<\/td>\n<td>de 0\u00b0C \u00e0 +50\u00b0C<\/td>\n<\/tr>\n<tr data-start=\"3389\" data-end=\"3471\">\n<td>Bo\u00eetier<\/td>\n<td>ABS blanc \u2013 335 x 290 x 105 mm<\/td>\n<\/tr>\n<\/tbody>\n<\/table>\n<h2 data-section-id=\"kd35m0\" data-start=\"1163\" data-end=\"1191\">Sp\u00e9cifications techniques<\/h2>\n<h3 data-section-id=\"1rxlftl\" data-start=\"1193\" data-end=\"1215\">Zones et d\u00e9tection<\/h3>\n<ul data-start=\"1216\" data-end=\"1545\">\n<li data-section-id=\"1m65ic1\" data-start=\"1216\" data-end=\"1273\">Zones physiques int\u00e9gr\u00e9es : 8 sur la carte principale<\/li>\n<li data-section-id=\"1tsrjkb\" data-start=\"1274\" data-end=\"1331\">Extension : jusqu\u2019\u00e0 99 zones avec modules d\u2019extension<\/li>\n<li data-section-id=\"hlo1yq\" data-start=\"1332\" data-end=\"1394\">\u00c9quilibrage des zones : 1 ou 2 r\u00e9sistances de fin de ligne<\/li>\n<li data-section-id=\"vk4lgx\" data-start=\"1395\" data-end=\"1443\">Doublement de zones possible (zone doubling)<\/li>\n<li data-section-id=\"18bdejn\" data-start=\"1444\" data-end=\"1545\">Types de connexion : jusqu\u2019\u00e0 9 modes de connexion des zones<\/li>\n<\/ul>\n<hr data-start=\"1547\" data-end=\"1550\" \/>\n<h3 data-section-id=\"18tjymj\" data-start=\"1552\" data-end=\"1577\">Partitions et gestion<\/h3>\n<ul data-start=\"1578\" data-end=\"1795\">\n<li data-section-id=\"128blto\" data-start=\"1578\" data-end=\"1607\">Nombre de partitions : 16<\/li>\n<li data-section-id=\"1nnjhsj\" data-start=\"1608\" data-end=\"1653\">Programmation ind\u00e9pendante de chaque zone<\/li>\n<li data-section-id=\"1gj43wp\" data-start=\"1654\" data-end=\"1716\">Compatible avec contr\u00f4le d\u2019acc\u00e8s par lecteurs de proximit\u00e9<\/li>\n<li data-section-id=\"8gekga\" data-start=\"1717\" data-end=\"1795\">Gestion d\u2019horaires et d\u2019utilisateurs<\/li>\n<\/ul>\n<hr data-start=\"1797\" data-end=\"1800\" \/>\n<h3 data-section-id=\"1ak56bn\" data-start=\"1802\" data-end=\"1813\">Sorties<\/h3>\n<ul data-start=\"1814\" data-end=\"1994\">\n<li data-section-id=\"14ekxba\" data-start=\"1814\" data-end=\"1859\">3 sorties faible courant (jusqu\u2019\u00e0 100 mA)<\/li>\n<li data-section-id=\"xk46d9\" data-start=\"1860\" data-end=\"1896\">1 sortie puissante (jusqu\u2019\u00e0 1 A)<\/li>\n<li data-section-id=\"n1yukc\" data-start=\"1897\" data-end=\"1924\">Sortie relais (NO \/ NC)<\/li>\n<li data-section-id=\"goznij\" data-start=\"1925\" data-end=\"1994\">Sorties programmables (PGM)<\/li>\n<\/ul>\n","protected":false},"excerpt":{"rendered":"<h2>Description<\/h2>\n<p>La centrale d\u2019alarme Eclipse 99 de Teletek Electronics est une solution professionnelle con\u00e7ue pour s\u00e9curiser les sites sensibles tels que les bureaux, entrep\u00f4ts et centres commerciaux. Certifi\u00e9e EN50131 Grade 3 Classe II, elle offre un haut niveau de s\u00e9curit\u00e9 et une grande fiabilit\u00e9. Capable de g\u00e9rer jusqu\u2019\u00e0 99 zones de d\u00e9tection, elle convient parfaitement aux installations de grande capacit\u00e9. \ud83d\udd12\ud83c\udfe2\ud83d\udce1<\/p>\n<h2 data-section-id=\"128riy1\" data-start=\"719\" data-end=\"750\">Caract\u00e9ristiques principales<\/h2>\n<ul data-start=\"752\" data-end=\"1156\">\n<li data-section-id=\"1yhslip\" data-start=\"752\" data-end=\"797\">Centrale d\u2019alarme filaire professionnelle<\/li>\n<li data-section-id=\"12910eu\" data-start=\"798\" data-end=\"835\">Jusqu\u2019\u00e0 <strong data-start=\"808\" data-end=\"833\">99 zones de d\u00e9tection<\/strong><\/li>\n<li data-section-id=\"vct0me\" data-start=\"836\" data-end=\"871\"><strong data-start=\"838\" data-end=\"869\">16 partitions ind\u00e9pendantes<\/strong><\/li>\n<li data-section-id=\"1moupdq\" data-start=\"872\" data-end=\"905\">Communicateur digital int\u00e9gr\u00e9<\/li>\n<li data-section-id=\"1rw5q8m\" data-start=\"906\" data-end=\"963\">Programmation compl\u00e8te par clavier ou logiciel ProsTE<\/li>\n<li data-section-id=\"kd650q\" data-start=\"964\" data-end=\"1007\">M\u00e9moire d\u2019\u00e9v\u00e9nements avec date et heure<\/li>\n<li data-section-id=\"1a97671\" data-start=\"1008\" data-end=\"1070\">Compatible avec modules GSM\/GPRS et accessoires du syst\u00e8me<\/li>\n<li data-section-id=\"1mu4iu5\" data-start=\"1071\" data-end=\"1156\">Certification <strong data-start=\"1087\" data-end=\"1116\">EN50131 Grade 3 Classe II<\/strong><\/li>\n<\/ul>\n","protected":false},"featured_media":11064,"comment_status":"open","ping_status":"closed","template":"","meta":[],"product_brand":[149],"product_cat":[147],"product_tag":[],"class_list":{"0":"post-11071","1":"product","2":"type-product","3":"status-publish","4":"has-post-thumbnail","6":"product_brand-teletek","7":"product_cat-anti-intrusion","9":"first","10":"instock","11":"shipping-taxable","12":"product-type-simple"},"yoast_head":"<!-- This site is optimized with the Yoast SEO Premium plugin v26.2 (Yoast SEO v26.2) - https:\/\/yoast.com\/wordpress\/plugins\/seo\/ -->\n<title>CENTRALE D\u2019ALARME TELETEK ECLIPSE 99 - ADC Electronique<\/title>\n<meta name=\"robots\" content=\"index, follow, max-snippet:-1, max-image-preview:large, max-video-preview:-1\" \/>\n<link rel=\"canonical\" href=\"https:\/\/adcelectronique.com\/index.php\/product\/centrale-dalarme-teletek-eclipse-99\/\" \/>\n<meta property=\"og:locale\" content=\"fr_FR\" \/>\n<meta property=\"og:type\" content=\"article\" \/>\n<meta property=\"og:title\" content=\"CENTRALE D\u2019ALARME TELETEK ECLIPSE 99\" \/>\n<meta property=\"og:description\" content=\"Description La centrale d\u2019alarme Eclipse 99 de Teletek Electronics est une solution professionnelle con\u00e7ue pour s\u00e9curiser les sites sensibles tels que les bureaux, entrep\u00f4ts et centres commerciaux. Certifi\u00e9e EN50131 Grade 3 Classe II, elle offre un haut niveau de s\u00e9curit\u00e9 et une grande fiabilit\u00e9. Capable de g\u00e9rer jusqu\u2019\u00e0 99 zones de d\u00e9tection, elle convient parfaitement aux installations de grande capacit\u00e9. \ud83d\udd12\ud83c\udfe2\ud83d\udce1 Caract\u00e9ristiques principales   Centrale d\u2019alarme filaire professionnelle  Jusqu\u2019\u00e0 99 zones de d\u00e9tection  16 partitions ind\u00e9pendantes  Communicateur digital int\u00e9gr\u00e9  Programmation compl\u00e8te par clavier ou logiciel ProsTE  M\u00e9moire d\u2019\u00e9v\u00e9nements avec date et heure  Compatible avec modules GSM\/GPRS et accessoires du syst\u00e8me  Certification EN50131 Grade 3 Classe II\" \/>\n<meta property=\"og:url\" content=\"https:\/\/adcelectronique.com\/index.php\/product\/centrale-dalarme-teletek-eclipse-99\/\" \/>\n<meta property=\"og:site_name\" content=\"ADC Electronique\" \/>\n<meta property=\"article:modified_time\" content=\"2026-03-29T13:34:01+00:00\" \/>\n<meta property=\"og:image\" content=\"https:\/\/adcelectronique.com\/wp-content\/uploads\/2026\/03\/eclipse-16-big-2.png\" \/>\n\t<meta property=\"og:image:width\" content=\"334\" \/>\n\t<meta property=\"og:image:height\" content=\"334\" \/>\n\t<meta property=\"og:image:type\" content=\"image\/png\" \/>\n<meta name=\"twitter:card\" content=\"summary_large_image\" \/>\n<meta name=\"twitter:label1\" content=\"Dur\u00e9e de lecture estim\u00e9e\" \/>\n\t<meta name=\"twitter:data1\" content=\"2 minutes\" \/>\n<script type=\"application\/ld+json\" class=\"yoast-schema-graph\">{\"@context\":\"https:\/\/schema.org\",\"@graph\":[{\"@type\":\"WebPage\",\"@id\":\"https:\/\/adcelectronique.com\/index.php\/product\/centrale-dalarme-teletek-eclipse-99\/\",\"url\":\"https:\/\/adcelectronique.com\/index.php\/product\/centrale-dalarme-teletek-eclipse-99\/\",\"name\":\"CENTRALE D\u2019ALARME TELETEK ECLIPSE 99 - ADC Electronique\",\"isPartOf\":{\"@id\":\"https:\/\/adcelectronique.com\/#website\"},\"primaryImageOfPage\":{\"@id\":\"https:\/\/adcelectronique.com\/index.php\/product\/centrale-dalarme-teletek-eclipse-99\/#primaryimage\"},\"image\":{\"@id\":\"https:\/\/adcelectronique.com\/index.php\/product\/centrale-dalarme-teletek-eclipse-99\/#primaryimage\"},\"thumbnailUrl\":\"https:\/\/adcelectronique.com\/wp-content\/uploads\/2026\/03\/eclipse-16-big-2.png\",\"datePublished\":\"2026-03-29T13:34:00+00:00\",\"dateModified\":\"2026-03-29T13:34:01+00:00\",\"breadcrumb\":{\"@id\":\"https:\/\/adcelectronique.com\/index.php\/product\/centrale-dalarme-teletek-eclipse-99\/#breadcrumb\"},\"inLanguage\":\"fr-FR\",\"potentialAction\":[{\"@type\":\"ReadAction\",\"target\":[\"https:\/\/adcelectronique.com\/index.php\/product\/centrale-dalarme-teletek-eclipse-99\/\"]}]},{\"@type\":\"ImageObject\",\"inLanguage\":\"fr-FR\",\"@id\":\"https:\/\/adcelectronique.com\/index.php\/product\/centrale-dalarme-teletek-eclipse-99\/#primaryimage\",\"url\":\"https:\/\/adcelectronique.com\/wp-content\/uploads\/2026\/03\/eclipse-16-big-2.png\",\"contentUrl\":\"https:\/\/adcelectronique.com\/wp-content\/uploads\/2026\/03\/eclipse-16-big-2.png\",\"width\":334,\"height\":334},{\"@type\":\"BreadcrumbList\",\"@id\":\"https:\/\/adcelectronique.com\/index.php\/product\/centrale-dalarme-teletek-eclipse-99\/#breadcrumb\",\"itemListElement\":[{\"@type\":\"ListItem\",\"position\":1,\"name\":\"Home\",\"item\":\"https:\/\/adcelectronique.com\/\"},{\"@type\":\"ListItem\",\"position\":2,\"name\":\"Shop\",\"item\":\"https:\/\/adcelectronique.com\/index.php\/shop\/\"},{\"@type\":\"ListItem\",\"position\":3,\"name\":\"CENTRALE D\u2019ALARME TELETEK ECLIPSE 99\"}]},{\"@type\":\"WebSite\",\"@id\":\"https:\/\/adcelectronique.com\/#website\",\"url\":\"https:\/\/adcelectronique.com\/\",\"name\":\"ADC Electronique\",\"description\":\"\",\"potentialAction\":[{\"@type\":\"SearchAction\",\"target\":{\"@type\":\"EntryPoint\",\"urlTemplate\":\"https:\/\/adcelectronique.com\/?s={search_term_string}\"},\"query-input\":{\"@type\":\"PropertyValueSpecification\",\"valueRequired\":true,\"valueName\":\"search_term_string\"}}],\"inLanguage\":\"fr-FR\"}]}<\/script>\n<!-- \/ Yoast SEO Premium plugin. -->","yoast_head_json":{"title":"CENTRALE D\u2019ALARME TELETEK ECLIPSE 99 - ADC Electronique","robots":{"index":"index","follow":"follow","max-snippet":"max-snippet:-1","max-image-preview":"max-image-preview:large","max-video-preview":"max-video-preview:-1"},"canonical":"https:\/\/adcelectronique.com\/index.php\/product\/centrale-dalarme-teletek-eclipse-99\/","og_locale":"fr_FR","og_type":"article","og_title":"CENTRALE D\u2019ALARME TELETEK ECLIPSE 99","og_description":"Description La centrale d\u2019alarme Eclipse 99 de Teletek Electronics est une solution professionnelle con\u00e7ue pour s\u00e9curiser les sites sensibles tels que les bureaux, entrep\u00f4ts et centres commerciaux. Certifi\u00e9e EN50131 Grade 3 Classe II, elle offre un haut niveau de s\u00e9curit\u00e9 et une grande fiabilit\u00e9. Capable de g\u00e9rer jusqu\u2019\u00e0 99 zones de d\u00e9tection, elle convient parfaitement aux installations de grande capacit\u00e9. \ud83d\udd12\ud83c\udfe2\ud83d\udce1 Caract\u00e9ristiques principales   Centrale d\u2019alarme filaire professionnelle  Jusqu\u2019\u00e0 99 zones de d\u00e9tection  16 partitions ind\u00e9pendantes  Communicateur digital int\u00e9gr\u00e9  Programmation compl\u00e8te par clavier ou logiciel ProsTE  M\u00e9moire d\u2019\u00e9v\u00e9nements avec date et heure  Compatible avec modules GSM\/GPRS et accessoires du syst\u00e8me  Certification EN50131 Grade 3 Classe II","og_url":"https:\/\/adcelectronique.com\/index.php\/product\/centrale-dalarme-teletek-eclipse-99\/","og_site_name":"ADC Electronique","article_modified_time":"2026-03-29T13:34:01+00:00","og_image":[{"width":334,"height":334,"url":"https:\/\/adcelectronique.com\/wp-content\/uploads\/2026\/03\/eclipse-16-big-2.png","type":"image\/png"}],"twitter_card":"summary_large_image","twitter_misc":{"Dur\u00e9e de lecture estim\u00e9e":"2 minutes"},"schema":{"@context":"https:\/\/schema.org","@graph":[{"@type":"WebPage","@id":"https:\/\/adcelectronique.com\/index.php\/product\/centrale-dalarme-teletek-eclipse-99\/","url":"https:\/\/adcelectronique.com\/index.php\/product\/centrale-dalarme-teletek-eclipse-99\/","name":"CENTRALE D\u2019ALARME TELETEK ECLIPSE 99 - ADC Electronique","isPartOf":{"@id":"https:\/\/adcelectronique.com\/#website"},"primaryImageOfPage":{"@id":"https:\/\/adcelectronique.com\/index.php\/product\/centrale-dalarme-teletek-eclipse-99\/#primaryimage"},"image":{"@id":"https:\/\/adcelectronique.com\/index.php\/product\/centrale-dalarme-teletek-eclipse-99\/#primaryimage"},"thumbnailUrl":"https:\/\/adcelectronique.com\/wp-content\/uploads\/2026\/03\/eclipse-16-big-2.png","datePublished":"2026-03-29T13:34:00+00:00","dateModified":"2026-03-29T13:34:01+00:00","breadcrumb":{"@id":"https:\/\/adcelectronique.com\/index.php\/product\/centrale-dalarme-teletek-eclipse-99\/#breadcrumb"},"inLanguage":"fr-FR","potentialAction":[{"@type":"ReadAction","target":["https:\/\/adcelectronique.com\/index.php\/product\/centrale-dalarme-teletek-eclipse-99\/"]}]},{"@type":"ImageObject","inLanguage":"fr-FR","@id":"https:\/\/adcelectronique.com\/index.php\/product\/centrale-dalarme-teletek-eclipse-99\/#primaryimage","url":"https:\/\/adcelectronique.com\/wp-content\/uploads\/2026\/03\/eclipse-16-big-2.png","contentUrl":"https:\/\/adcelectronique.com\/wp-content\/uploads\/2026\/03\/eclipse-16-big-2.png","width":334,"height":334},{"@type":"BreadcrumbList","@id":"https:\/\/adcelectronique.com\/index.php\/product\/centrale-dalarme-teletek-eclipse-99\/#breadcrumb","itemListElement":[{"@type":"ListItem","position":1,"name":"Home","item":"https:\/\/adcelectronique.com\/"},{"@type":"ListItem","position":2,"name":"Shop","item":"https:\/\/adcelectronique.com\/index.php\/shop\/"},{"@type":"ListItem","position":3,"name":"CENTRALE D\u2019ALARME TELETEK ECLIPSE 99"}]},{"@type":"WebSite","@id":"https:\/\/adcelectronique.com\/#website","url":"https:\/\/adcelectronique.com\/","name":"ADC Electronique","description":"","potentialAction":[{"@type":"SearchAction","target":{"@type":"EntryPoint","urlTemplate":"https:\/\/adcelectronique.com\/?s={search_term_string}"},"query-input":{"@type":"PropertyValueSpecification","valueRequired":true,"valueName":"search_term_string"}}],"inLanguage":"fr-FR"}]}},"_links":{"self":[{"href":"https:\/\/adcelectronique.com\/index.php\/wp-json\/wp\/v2\/product\/11071","targetHints":{"allow":["GET"]}}],"collection":[{"href":"https:\/\/adcelectronique.com\/index.php\/wp-json\/wp\/v2\/product"}],"about":[{"href":"https:\/\/adcelectronique.com\/index.php\/wp-json\/wp\/v2\/types\/product"}],"replies":[{"embeddable":true,"href":"https:\/\/adcelectronique.com\/index.php\/wp-json\/wp\/v2\/comments?post=11071"}],"version-history":[{"count":0,"href":"https:\/\/adcelectronique.com\/index.php\/wp-json\/wp\/v2\/product\/11071\/revisions"}],"wp:featuredmedia":[{"embeddable":true,"href":"https:\/\/adcelectronique.com\/index.php\/wp-json\/wp\/v2\/media\/11064"}],"wp:attachment":[{"href":"https:\/\/adcelectronique.com\/index.php\/wp-json\/wp\/v2\/media?parent=11071"}],"wp:term":[{"taxonomy":"product_brand","embeddable":true,"href":"https:\/\/adcelectronique.com\/index.php\/wp-json\/wp\/v2\/product_brand?post=11071"},{"taxonomy":"product_cat","embeddable":true,"href":"https:\/\/adcelectronique.com\/index.php\/wp-json\/wp\/v2\/product_cat?post=11071"},{"taxonomy":"product_tag","embeddable":true,"href":"https:\/\/adcelectronique.com\/index.php\/wp-json\/wp\/v2\/product_tag?post=11071"}],"curies":[{"name":"wp","href":"https:\/\/api.w.org\/{rel}","templated":true}]}}