{"id":11093,"date":"2026-03-29T14:55:25","date_gmt":"2026-03-29T14:55:25","guid":{"rendered":"https:\/\/adcelectronique.com\/?post_type=product&#038;p=11093"},"modified":"2026-03-29T14:55:26","modified_gmt":"2026-03-29T14:55:26","slug":"centrale-anti-incendie-adressable-iris4","status":"publish","type":"product","link":"https:\/\/adcelectronique.com\/index.php\/product\/centrale-anti-incendie-adressable-iris4\/","title":{"rendered":"CENTRALE ANTI INCENDIE ADRESSABLE IRIS4"},"content":{"rendered":"<h2>\u00a0 \u00a0 \u00a0 \u00a0 \u00a0 \u00a0 \u00a0 \u00a0 \u00a0 \u00a0 \u00a0 \u00a0 \u00a0 \u00a0 \u00a0 \u00a0 \u00a0 \u00a0 \u00a0CENTRALE ANTI INCENDIE ADRESSABLE IRIS4<\/h2>\n<h2>Description<\/h2>\n<p>La centrale de d\u00e9tection incendie adressable\u00a0 iRIS4 est une solution tactile et extensible con\u00e7ue pour la d\u00e9tection d\u2019incendie dans les b\u00e2timents de toutes tailles. Faisant partie de la gamme Teletek, cette centrale est modulable et polyvalente, offrant une capacit\u00e9 d\u2019adaptation pour r\u00e9pondre aux projets les plus complexes. Compatible avec une large gamme d\u2019appareils et int\u00e9gr\u00e9e aux syst\u00e8mes intelligents via le protocole MODBUS, la iRIS4 s\u2019impose comme une centrale fiable et performante.<\/p>\n<h2>Sp\u00e9cifications techniques<\/h2>\n<ul>\n<li><strong>Alimentation principale<\/strong>\u00a0: 230VAC (+10% \/ -15%), 50-60 Hz<\/li>\n<li><strong>Alimentation de secours<\/strong>\u00a0: Batterie 12V \/ 17Ah<\/li>\n<li><strong>Dimensions<\/strong>\u00a0: 430 x 330 x 120 mm<\/li>\n<li><strong>Poids<\/strong>\u00a0: 6 kg (sans batterie)<\/li>\n<li><strong>Temp\u00e9ratures<\/strong>\u00a0:\n<ul>\n<li>Stockage : -10\u02daC \u00e0 +60\u02daC<\/li>\n<li>Fonctionnement : -5\u02daC \u00e0 +40\u02daC<\/li>\n<\/ul>\n<\/li>\n<li><strong>Indice de protection<\/strong>\u00a0: IP30 (protection contre poussi\u00e8re et humidit\u00e9)<\/li>\n<li><strong>Humidit\u00e9<\/strong>\u00a0: Jusqu\u2019\u00e0 95% (sans condensation)<\/li>\n<\/ul>\n","protected":false},"excerpt":{"rendered":"<h2>Description<\/h2>\n<p>La centrale de d\u00e9tection incendie adressable\u00a0 iRIS4 est une solution tactile et extensible con\u00e7ue pour la d\u00e9tection d\u2019incendie dans les b\u00e2timents de toutes tailles. Faisant partie de la gamme Teletek, cette centrale est modulable et polyvalente, offrant une capacit\u00e9 d\u2019adaptation pour r\u00e9pondre aux projets les plus complexes. Compatible avec une large gamme d\u2019appareils et int\u00e9gr\u00e9e aux syst\u00e8mes intelligents via le protocole MODBUS, la iRIS4 s\u2019impose comme une centrale fiable et performante.<\/p>\n","protected":false},"featured_media":11094,"comment_status":"open","ping_status":"closed","template":"","meta":[],"product_brand":[149],"product_cat":[153],"product_tag":[],"class_list":{"0":"post-11093","1":"product","2":"type-product","3":"status-publish","4":"has-post-thumbnail","6":"product_brand-teletek","7":"product_cat-system-detection-incendie-adressable","9":"first","10":"instock","11":"shipping-taxable","12":"product-type-simple"},"yoast_head":"<!-- This site is optimized with the Yoast SEO Premium plugin v26.2 (Yoast SEO v26.2) - https:\/\/yoast.com\/wordpress\/plugins\/seo\/ -->\n<title>CENTRALE ANTI INCENDIE ADRESSABLE IRIS4 - ADC Electronique<\/title>\n<meta name=\"robots\" content=\"index, follow, max-snippet:-1, max-image-preview:large, max-video-preview:-1\" \/>\n<link rel=\"canonical\" href=\"https:\/\/adcelectronique.com\/index.php\/product\/centrale-anti-incendie-adressable-iris4\/\" \/>\n<meta property=\"og:locale\" content=\"fr_FR\" \/>\n<meta property=\"og:type\" content=\"article\" \/>\n<meta property=\"og:title\" content=\"CENTRALE ANTI INCENDIE ADRESSABLE IRIS4\" \/>\n<meta property=\"og:description\" content=\"Description La centrale de d\u00e9tection incendie adressable\u00a0 iRIS4 est une solution tactile et extensible con\u00e7ue pour la d\u00e9tection d\u2019incendie dans les b\u00e2timents de toutes tailles. Faisant partie de la gamme Teletek, cette centrale est modulable et polyvalente, offrant une capacit\u00e9 d\u2019adaptation pour r\u00e9pondre aux projets les plus complexes. Compatible avec une large gamme d\u2019appareils et int\u00e9gr\u00e9e aux syst\u00e8mes intelligents via le protocole MODBUS, la iRIS4 s\u2019impose comme une centrale fiable et performante.\" \/>\n<meta property=\"og:url\" content=\"https:\/\/adcelectronique.com\/index.php\/product\/centrale-anti-incendie-adressable-iris4\/\" \/>\n<meta property=\"og:site_name\" content=\"ADC Electronique\" \/>\n<meta property=\"article:modified_time\" content=\"2026-03-29T14:55:26+00:00\" \/>\n<meta property=\"og:image\" content=\"https:\/\/adcelectronique.com\/wp-content\/uploads\/2026\/03\/iRIS8_4.jpg\" \/>\n\t<meta property=\"og:image:width\" content=\"800\" \/>\n\t<meta property=\"og:image:height\" content=\"533\" \/>\n\t<meta property=\"og:image:type\" content=\"image\/jpeg\" \/>\n<meta name=\"twitter:card\" content=\"summary_large_image\" \/>\n<meta name=\"twitter:label1\" content=\"Dur\u00e9e de lecture estim\u00e9e\" \/>\n\t<meta name=\"twitter:data1\" content=\"1 minute\" \/>\n<script type=\"application\/ld+json\" class=\"yoast-schema-graph\">{\"@context\":\"https:\/\/schema.org\",\"@graph\":[{\"@type\":\"WebPage\",\"@id\":\"https:\/\/adcelectronique.com\/index.php\/product\/centrale-anti-incendie-adressable-iris4\/\",\"url\":\"https:\/\/adcelectronique.com\/index.php\/product\/centrale-anti-incendie-adressable-iris4\/\",\"name\":\"CENTRALE ANTI INCENDIE ADRESSABLE IRIS4 - ADC Electronique\",\"isPartOf\":{\"@id\":\"https:\/\/adcelectronique.com\/#website\"},\"primaryImageOfPage\":{\"@id\":\"https:\/\/adcelectronique.com\/index.php\/product\/centrale-anti-incendie-adressable-iris4\/#primaryimage\"},\"image\":{\"@id\":\"https:\/\/adcelectronique.com\/index.php\/product\/centrale-anti-incendie-adressable-iris4\/#primaryimage\"},\"thumbnailUrl\":\"https:\/\/adcelectronique.com\/wp-content\/uploads\/2026\/03\/iRIS8_4.jpg\",\"datePublished\":\"2026-03-29T14:55:25+00:00\",\"dateModified\":\"2026-03-29T14:55:26+00:00\",\"breadcrumb\":{\"@id\":\"https:\/\/adcelectronique.com\/index.php\/product\/centrale-anti-incendie-adressable-iris4\/#breadcrumb\"},\"inLanguage\":\"fr-FR\",\"potentialAction\":[{\"@type\":\"ReadAction\",\"target\":[\"https:\/\/adcelectronique.com\/index.php\/product\/centrale-anti-incendie-adressable-iris4\/\"]}]},{\"@type\":\"ImageObject\",\"inLanguage\":\"fr-FR\",\"@id\":\"https:\/\/adcelectronique.com\/index.php\/product\/centrale-anti-incendie-adressable-iris4\/#primaryimage\",\"url\":\"https:\/\/adcelectronique.com\/wp-content\/uploads\/2026\/03\/iRIS8_4.jpg\",\"contentUrl\":\"https:\/\/adcelectronique.com\/wp-content\/uploads\/2026\/03\/iRIS8_4.jpg\",\"width\":800,\"height\":533},{\"@type\":\"BreadcrumbList\",\"@id\":\"https:\/\/adcelectronique.com\/index.php\/product\/centrale-anti-incendie-adressable-iris4\/#breadcrumb\",\"itemListElement\":[{\"@type\":\"ListItem\",\"position\":1,\"name\":\"Home\",\"item\":\"https:\/\/adcelectronique.com\/\"},{\"@type\":\"ListItem\",\"position\":2,\"name\":\"Shop\",\"item\":\"https:\/\/adcelectronique.com\/index.php\/shop\/\"},{\"@type\":\"ListItem\",\"position\":3,\"name\":\"CENTRALE ANTI INCENDIE ADRESSABLE IRIS4\"}]},{\"@type\":\"WebSite\",\"@id\":\"https:\/\/adcelectronique.com\/#website\",\"url\":\"https:\/\/adcelectronique.com\/\",\"name\":\"ADC Electronique\",\"description\":\"\",\"potentialAction\":[{\"@type\":\"SearchAction\",\"target\":{\"@type\":\"EntryPoint\",\"urlTemplate\":\"https:\/\/adcelectronique.com\/?s={search_term_string}\"},\"query-input\":{\"@type\":\"PropertyValueSpecification\",\"valueRequired\":true,\"valueName\":\"search_term_string\"}}],\"inLanguage\":\"fr-FR\"}]}<\/script>\n<!-- \/ Yoast SEO Premium plugin. -->","yoast_head_json":{"title":"CENTRALE ANTI INCENDIE ADRESSABLE IRIS4 - ADC Electronique","robots":{"index":"index","follow":"follow","max-snippet":"max-snippet:-1","max-image-preview":"max-image-preview:large","max-video-preview":"max-video-preview:-1"},"canonical":"https:\/\/adcelectronique.com\/index.php\/product\/centrale-anti-incendie-adressable-iris4\/","og_locale":"fr_FR","og_type":"article","og_title":"CENTRALE ANTI INCENDIE ADRESSABLE IRIS4","og_description":"Description La centrale de d\u00e9tection incendie adressable\u00a0 iRIS4 est une solution tactile et extensible con\u00e7ue pour la d\u00e9tection d\u2019incendie dans les b\u00e2timents de toutes tailles. Faisant partie de la gamme Teletek, cette centrale est modulable et polyvalente, offrant une capacit\u00e9 d\u2019adaptation pour r\u00e9pondre aux projets les plus complexes. Compatible avec une large gamme d\u2019appareils et int\u00e9gr\u00e9e aux syst\u00e8mes intelligents via le protocole MODBUS, la iRIS4 s\u2019impose comme une centrale fiable et performante.","og_url":"https:\/\/adcelectronique.com\/index.php\/product\/centrale-anti-incendie-adressable-iris4\/","og_site_name":"ADC Electronique","article_modified_time":"2026-03-29T14:55:26+00:00","og_image":[{"width":800,"height":533,"url":"https:\/\/adcelectronique.com\/wp-content\/uploads\/2026\/03\/iRIS8_4.jpg","type":"image\/jpeg"}],"twitter_card":"summary_large_image","twitter_misc":{"Dur\u00e9e de lecture estim\u00e9e":"1 minute"},"schema":{"@context":"https:\/\/schema.org","@graph":[{"@type":"WebPage","@id":"https:\/\/adcelectronique.com\/index.php\/product\/centrale-anti-incendie-adressable-iris4\/","url":"https:\/\/adcelectronique.com\/index.php\/product\/centrale-anti-incendie-adressable-iris4\/","name":"CENTRALE ANTI INCENDIE ADRESSABLE IRIS4 - ADC Electronique","isPartOf":{"@id":"https:\/\/adcelectronique.com\/#website"},"primaryImageOfPage":{"@id":"https:\/\/adcelectronique.com\/index.php\/product\/centrale-anti-incendie-adressable-iris4\/#primaryimage"},"image":{"@id":"https:\/\/adcelectronique.com\/index.php\/product\/centrale-anti-incendie-adressable-iris4\/#primaryimage"},"thumbnailUrl":"https:\/\/adcelectronique.com\/wp-content\/uploads\/2026\/03\/iRIS8_4.jpg","datePublished":"2026-03-29T14:55:25+00:00","dateModified":"2026-03-29T14:55:26+00:00","breadcrumb":{"@id":"https:\/\/adcelectronique.com\/index.php\/product\/centrale-anti-incendie-adressable-iris4\/#breadcrumb"},"inLanguage":"fr-FR","potentialAction":[{"@type":"ReadAction","target":["https:\/\/adcelectronique.com\/index.php\/product\/centrale-anti-incendie-adressable-iris4\/"]}]},{"@type":"ImageObject","inLanguage":"fr-FR","@id":"https:\/\/adcelectronique.com\/index.php\/product\/centrale-anti-incendie-adressable-iris4\/#primaryimage","url":"https:\/\/adcelectronique.com\/wp-content\/uploads\/2026\/03\/iRIS8_4.jpg","contentUrl":"https:\/\/adcelectronique.com\/wp-content\/uploads\/2026\/03\/iRIS8_4.jpg","width":800,"height":533},{"@type":"BreadcrumbList","@id":"https:\/\/adcelectronique.com\/index.php\/product\/centrale-anti-incendie-adressable-iris4\/#breadcrumb","itemListElement":[{"@type":"ListItem","position":1,"name":"Home","item":"https:\/\/adcelectronique.com\/"},{"@type":"ListItem","position":2,"name":"Shop","item":"https:\/\/adcelectronique.com\/index.php\/shop\/"},{"@type":"ListItem","position":3,"name":"CENTRALE ANTI INCENDIE ADRESSABLE IRIS4"}]},{"@type":"WebSite","@id":"https:\/\/adcelectronique.com\/#website","url":"https:\/\/adcelectronique.com\/","name":"ADC Electronique","description":"","potentialAction":[{"@type":"SearchAction","target":{"@type":"EntryPoint","urlTemplate":"https:\/\/adcelectronique.com\/?s={search_term_string}"},"query-input":{"@type":"PropertyValueSpecification","valueRequired":true,"valueName":"search_term_string"}}],"inLanguage":"fr-FR"}]}},"_links":{"self":[{"href":"https:\/\/adcelectronique.com\/index.php\/wp-json\/wp\/v2\/product\/11093","targetHints":{"allow":["GET"]}}],"collection":[{"href":"https:\/\/adcelectronique.com\/index.php\/wp-json\/wp\/v2\/product"}],"about":[{"href":"https:\/\/adcelectronique.com\/index.php\/wp-json\/wp\/v2\/types\/product"}],"replies":[{"embeddable":true,"href":"https:\/\/adcelectronique.com\/index.php\/wp-json\/wp\/v2\/comments?post=11093"}],"version-history":[{"count":0,"href":"https:\/\/adcelectronique.com\/index.php\/wp-json\/wp\/v2\/product\/11093\/revisions"}],"wp:featuredmedia":[{"embeddable":true,"href":"https:\/\/adcelectronique.com\/index.php\/wp-json\/wp\/v2\/media\/11094"}],"wp:attachment":[{"href":"https:\/\/adcelectronique.com\/index.php\/wp-json\/wp\/v2\/media?parent=11093"}],"wp:term":[{"taxonomy":"product_brand","embeddable":true,"href":"https:\/\/adcelectronique.com\/index.php\/wp-json\/wp\/v2\/product_brand?post=11093"},{"taxonomy":"product_cat","embeddable":true,"href":"https:\/\/adcelectronique.com\/index.php\/wp-json\/wp\/v2\/product_cat?post=11093"},{"taxonomy":"product_tag","embeddable":true,"href":"https:\/\/adcelectronique.com\/index.php\/wp-json\/wp\/v2\/product_tag?post=11093"}],"curies":[{"name":"wp","href":"https:\/\/api.w.org\/{rel}","templated":true}]}}