{"id":11134,"date":"2026-03-30T09:12:37","date_gmt":"2026-03-30T09:12:37","guid":{"rendered":"https:\/\/adcelectronique.com\/?post_type=product&#038;p=11134"},"modified":"2026-03-30T09:12:38","modified_gmt":"2026-03-30T09:12:38","slug":"sirene-exterieure-auto-alimente-teletek-sr-300","status":"publish","type":"product","link":"https:\/\/adcelectronique.com\/index.php\/product\/sirene-exterieure-auto-alimente-teletek-sr-300\/","title":{"rendered":"SIRENE EXTERIEURE AUTO-ALIMENTE TELETEK SR 300"},"content":{"rendered":"<h3>\u00a0 \u00a0 \u00a0 \u00a0 \u00a0 \u00a0 \u00a0 \u00a0 \u00a0 \u00a0 \u00a0 \u00a0 \u00a0 \u00a0 \u00a0 \u00a0 \u00a0 \u00a0 \u00a0 \u00a0SIRENE EXTERIEURE AUTO-ALIMENTE TELETEK SR 300<\/h3>\n<h4><em>\u00a0DESCRIPTION<\/em><\/h4>\n<p data-start=\"281\" data-end=\"588\">La <strong data-start=\"284\" data-end=\"295\">SR 300<\/strong>\u00a0est une <strong data-start=\"304\" data-end=\"332\">sir\u00e8ne ext\u00e9rieure piezzo<\/strong> \u00e9quip\u00e9e d\u2019un <strong data-start=\"346\" data-end=\"362\">flash orange<\/strong> et d\u2019un niveau sonore r\u00e9glable. Elle est con\u00e7ue pour alerter efficacement en cas d\u2019intrusion tout en offrant une protection renforc\u00e9e gr\u00e2ce \u00e0 son <strong data-start=\"509\" data-end=\"541\">couvercle interne m\u00e9tallique<\/strong> et son <strong data-start=\"549\" data-end=\"585\">auto-protection bidirectionnelle<\/strong>.<\/p>\n<p data-start=\"590\" data-end=\"733\">Le couvercle plat est id\u00e9al pour l\u2019apposition d\u2019un <strong data-start=\"641\" data-end=\"682\">logo ou autocollant de l\u2019installateur<\/strong>, offrant \u00e0 la fois visibilit\u00e9 et personnalisation.<\/p>\n<p data-start=\"735\" data-end=\"891\">Certifi\u00e9e <strong data-start=\"745\" data-end=\"775\">EN 50131 Grade 2 Classe IV<\/strong>, la SR 300O r\u00e9pond aux exigences de s\u00e9curit\u00e9 professionnelle pour les installations r\u00e9sidentielles et commerciales.<\/p>\n<hr data-start=\"893\" data-end=\"896\" \/>\n<h2 data-section-id=\"128riy1\" data-start=\"898\" data-end=\"929\">Caract\u00e9ristiques principales<\/h2>\n<ul data-start=\"930\" data-end=\"1297\">\n<li data-section-id=\"wesnst\" data-start=\"930\" data-end=\"978\">Sir\u00e8ne ext\u00e9rieure <strong data-start=\"950\" data-end=\"960\">piezzo<\/strong> avec flash orange<\/li>\n<li data-section-id=\"i7olnc\" data-start=\"979\" data-end=\"1003\">Niveau sonore r\u00e9glable<\/li>\n<li data-section-id=\"1q1s0gq\" data-start=\"1004\" data-end=\"1060\">Couvercle interne m\u00e9tallique pour protection renforc\u00e9e<\/li>\n<li data-section-id=\"zawm3t\" data-start=\"1061\" data-end=\"1095\">Auto-protection bidirectionnelle<\/li>\n<li data-section-id=\"1jlj6xr\" data-start=\"1096\" data-end=\"1145\">Connecteurs pour accumulateur <strong data-start=\"1128\" data-end=\"1145\">1x12V \/ 2.1Ah<\/strong><\/li>\n<li data-section-id=\"vmyzrm\" data-start=\"1146\" data-end=\"1215\">Couvercle plastique plat pour logo ou autocollant de l\u2019installateur<\/li>\n<li data-section-id=\"dsizqk\" data-start=\"1216\" data-end=\"1258\">Certifi\u00e9e <strong data-start=\"1228\" data-end=\"1258\">EN 50131 Grade 2 Classe IV<\/strong><\/li>\n<li data-section-id=\"rswule\" data-start=\"1259\" data-end=\"1297\">Installation murale simple et rapide<\/li>\n<\/ul>\n<hr data-start=\"1299\" data-end=\"1302\" \/>\n<h2 data-section-id=\"1ilt2zm\" data-start=\"1304\" data-end=\"1334\">Caract\u00e9ristiques techniques<\/h2>\n<ul data-start=\"1335\" data-end=\"1762\">\n<li data-section-id=\"17cn2jy\" data-start=\"1335\" data-end=\"1368\">Type : sir\u00e8ne ext\u00e9rieure piezzo<\/li>\n<li data-section-id=\"731g0p\" data-start=\"1369\" data-end=\"1397\">Flash : LED orange int\u00e9gr\u00e9<\/li>\n<li data-section-id=\"1adntq2\" data-start=\"1398\" data-end=\"1431\">Puissance acoustique : r\u00e9glable<\/li>\n<li data-section-id=\"1b4cig0\" data-start=\"1432\" data-end=\"1506\">Protection : couvercle interne m\u00e9tallique + anti-sabotage bidirectionnel<\/li>\n<li data-section-id=\"14l8pwb\" data-start=\"1507\" data-end=\"1562\">Alimentation : 12V DC (avec accumulateur 1x12V\/2.1Ah)<\/li>\n<li data-section-id=\"zbm709\" data-start=\"1563\" data-end=\"1614\">Mat\u00e9riau : plastique r\u00e9sistant UV + m\u00e9tal interne<\/li>\n<li data-section-id=\"158qklu\" data-start=\"1615\" data-end=\"1645\">Installation : montage mural<\/li>\n<li data-section-id=\"1mz7v44\" data-start=\"1646\" data-end=\"1690\">Certification : EN 50131 Grade 2 Classe IV<\/li>\n<li data-section-id=\"1cva72y\" data-start=\"1691\" data-end=\"1762\">Dimensions : compact pour facilit\u00e9 d\u2019installation et personnalisation<\/li>\n<\/ul>\n","protected":false},"excerpt":{"rendered":"<h4><em>DESCRIPTION<\/em><\/h4>\n<p data-start=\"281\" data-end=\"588\">La <strong data-start=\"284\" data-end=\"295\">SR 300<\/strong>\u00a0est une <strong data-start=\"304\" data-end=\"332\">sir\u00e8ne ext\u00e9rieure piezzo<\/strong> \u00e9quip\u00e9e d\u2019un <strong data-start=\"346\" data-end=\"362\">flash orange<\/strong> et d\u2019un niveau sonore r\u00e9glable. Elle est con\u00e7ue pour alerter efficacement en cas d\u2019intrusion tout en offrant une protection renforc\u00e9e gr\u00e2ce \u00e0 son <strong data-start=\"509\" data-end=\"541\">couvercle interne m\u00e9tallique<\/strong> et son <strong data-start=\"549\" data-end=\"585\">auto-protection bidirectionnelle<\/strong>.<\/p>\n<p data-start=\"590\" data-end=\"733\">Le couvercle plat est id\u00e9al pour l\u2019apposition d\u2019un <strong data-start=\"641\" data-end=\"682\">logo ou autocollant de l\u2019installateur<\/strong>, offrant \u00e0 la fois visibilit\u00e9 et personnalisation.<\/p>\n<p data-start=\"735\" data-end=\"891\">Certifi\u00e9e <strong data-start=\"745\" data-end=\"775\">EN 50131 Grade 2 Classe IV<\/strong>, la SR 300O r\u00e9pond aux exigences de s\u00e9curit\u00e9 professionnelle pour les installations r\u00e9sidentielles et commerciales.<\/p>\n","protected":false},"featured_media":11135,"comment_status":"open","ping_status":"closed","template":"","meta":[],"product_brand":[149],"product_cat":[147],"product_tag":[],"class_list":{"0":"post-11134","1":"product","2":"type-product","3":"status-publish","4":"has-post-thumbnail","6":"product_brand-teletek","7":"product_cat-anti-intrusion","9":"first","10":"instock","11":"shipping-taxable","12":"product-type-simple"},"yoast_head":"<!-- This site is optimized with the Yoast SEO Premium plugin v26.2 (Yoast SEO v26.2) - https:\/\/yoast.com\/wordpress\/plugins\/seo\/ -->\n<title>SIRENE EXTERIEURE AUTO-ALIMENTE TELETEK SR 300 - ADC Electronique<\/title>\n<meta name=\"robots\" content=\"index, follow, max-snippet:-1, max-image-preview:large, max-video-preview:-1\" \/>\n<link rel=\"canonical\" href=\"https:\/\/adcelectronique.com\/index.php\/product\/sirene-exterieure-auto-alimente-teletek-sr-300\/\" \/>\n<meta property=\"og:locale\" content=\"fr_FR\" \/>\n<meta property=\"og:type\" content=\"article\" \/>\n<meta property=\"og:title\" content=\"SIRENE EXTERIEURE AUTO-ALIMENTE TELETEK SR 300\" \/>\n<meta property=\"og:description\" content=\"DESCRIPTION La SR 300\u00a0est une sir\u00e8ne ext\u00e9rieure piezzo \u00e9quip\u00e9e d\u2019un flash orange et d\u2019un niveau sonore r\u00e9glable. Elle est con\u00e7ue pour alerter efficacement en cas d\u2019intrusion tout en offrant une protection renforc\u00e9e gr\u00e2ce \u00e0 son couvercle interne m\u00e9tallique et son auto-protection bidirectionnelle. Le couvercle plat est id\u00e9al pour l\u2019apposition d\u2019un logo ou autocollant de l\u2019installateur, offrant \u00e0 la fois visibilit\u00e9 et personnalisation. Certifi\u00e9e EN 50131 Grade 2 Classe IV, la SR 300O r\u00e9pond aux exigences de s\u00e9curit\u00e9 professionnelle pour les installations r\u00e9sidentielles et commerciales.\" \/>\n<meta property=\"og:url\" content=\"https:\/\/adcelectronique.com\/index.php\/product\/sirene-exterieure-auto-alimente-teletek-sr-300\/\" \/>\n<meta property=\"og:site_name\" content=\"ADC Electronique\" \/>\n<meta property=\"article:modified_time\" content=\"2026-03-30T09:12:38+00:00\" \/>\n<meta property=\"og:image\" content=\"https:\/\/adcelectronique.com\/wp-content\/uploads\/2026\/03\/BRAVO-SR300-ALK.jpg\" \/>\n\t<meta property=\"og:image:width\" content=\"222\" \/>\n\t<meta property=\"og:image:height\" content=\"300\" \/>\n\t<meta property=\"og:image:type\" content=\"image\/jpeg\" \/>\n<meta name=\"twitter:card\" content=\"summary_large_image\" \/>\n<meta name=\"twitter:label1\" content=\"Dur\u00e9e de lecture estim\u00e9e\" \/>\n\t<meta name=\"twitter:data1\" content=\"2 minutes\" \/>\n<script type=\"application\/ld+json\" class=\"yoast-schema-graph\">{\"@context\":\"https:\/\/schema.org\",\"@graph\":[{\"@type\":\"WebPage\",\"@id\":\"https:\/\/adcelectronique.com\/index.php\/product\/sirene-exterieure-auto-alimente-teletek-sr-300\/\",\"url\":\"https:\/\/adcelectronique.com\/index.php\/product\/sirene-exterieure-auto-alimente-teletek-sr-300\/\",\"name\":\"SIRENE EXTERIEURE AUTO-ALIMENTE TELETEK SR 300 - ADC Electronique\",\"isPartOf\":{\"@id\":\"https:\/\/adcelectronique.com\/#website\"},\"primaryImageOfPage\":{\"@id\":\"https:\/\/adcelectronique.com\/index.php\/product\/sirene-exterieure-auto-alimente-teletek-sr-300\/#primaryimage\"},\"image\":{\"@id\":\"https:\/\/adcelectronique.com\/index.php\/product\/sirene-exterieure-auto-alimente-teletek-sr-300\/#primaryimage\"},\"thumbnailUrl\":\"https:\/\/adcelectronique.com\/wp-content\/uploads\/2026\/03\/BRAVO-SR300-ALK.jpg\",\"datePublished\":\"2026-03-30T09:12:37+00:00\",\"dateModified\":\"2026-03-30T09:12:38+00:00\",\"breadcrumb\":{\"@id\":\"https:\/\/adcelectronique.com\/index.php\/product\/sirene-exterieure-auto-alimente-teletek-sr-300\/#breadcrumb\"},\"inLanguage\":\"fr-FR\",\"potentialAction\":[{\"@type\":\"ReadAction\",\"target\":[\"https:\/\/adcelectronique.com\/index.php\/product\/sirene-exterieure-auto-alimente-teletek-sr-300\/\"]}]},{\"@type\":\"ImageObject\",\"inLanguage\":\"fr-FR\",\"@id\":\"https:\/\/adcelectronique.com\/index.php\/product\/sirene-exterieure-auto-alimente-teletek-sr-300\/#primaryimage\",\"url\":\"https:\/\/adcelectronique.com\/wp-content\/uploads\/2026\/03\/BRAVO-SR300-ALK.jpg\",\"contentUrl\":\"https:\/\/adcelectronique.com\/wp-content\/uploads\/2026\/03\/BRAVO-SR300-ALK.jpg\",\"width\":222,\"height\":300},{\"@type\":\"BreadcrumbList\",\"@id\":\"https:\/\/adcelectronique.com\/index.php\/product\/sirene-exterieure-auto-alimente-teletek-sr-300\/#breadcrumb\",\"itemListElement\":[{\"@type\":\"ListItem\",\"position\":1,\"name\":\"Home\",\"item\":\"https:\/\/adcelectronique.com\/\"},{\"@type\":\"ListItem\",\"position\":2,\"name\":\"Shop\",\"item\":\"https:\/\/adcelectronique.com\/index.php\/shop\/\"},{\"@type\":\"ListItem\",\"position\":3,\"name\":\"SIRENE EXTERIEURE AUTO-ALIMENTE TELETEK SR 300\"}]},{\"@type\":\"WebSite\",\"@id\":\"https:\/\/adcelectronique.com\/#website\",\"url\":\"https:\/\/adcelectronique.com\/\",\"name\":\"ADC Electronique\",\"description\":\"\",\"potentialAction\":[{\"@type\":\"SearchAction\",\"target\":{\"@type\":\"EntryPoint\",\"urlTemplate\":\"https:\/\/adcelectronique.com\/?s={search_term_string}\"},\"query-input\":{\"@type\":\"PropertyValueSpecification\",\"valueRequired\":true,\"valueName\":\"search_term_string\"}}],\"inLanguage\":\"fr-FR\"}]}<\/script>\n<!-- \/ Yoast SEO Premium plugin. -->","yoast_head_json":{"title":"SIRENE EXTERIEURE AUTO-ALIMENTE TELETEK SR 300 - ADC Electronique","robots":{"index":"index","follow":"follow","max-snippet":"max-snippet:-1","max-image-preview":"max-image-preview:large","max-video-preview":"max-video-preview:-1"},"canonical":"https:\/\/adcelectronique.com\/index.php\/product\/sirene-exterieure-auto-alimente-teletek-sr-300\/","og_locale":"fr_FR","og_type":"article","og_title":"SIRENE EXTERIEURE AUTO-ALIMENTE TELETEK SR 300","og_description":"DESCRIPTION La SR 300\u00a0est une sir\u00e8ne ext\u00e9rieure piezzo \u00e9quip\u00e9e d\u2019un flash orange et d\u2019un niveau sonore r\u00e9glable. Elle est con\u00e7ue pour alerter efficacement en cas d\u2019intrusion tout en offrant une protection renforc\u00e9e gr\u00e2ce \u00e0 son couvercle interne m\u00e9tallique et son auto-protection bidirectionnelle. Le couvercle plat est id\u00e9al pour l\u2019apposition d\u2019un logo ou autocollant de l\u2019installateur, offrant \u00e0 la fois visibilit\u00e9 et personnalisation. Certifi\u00e9e EN 50131 Grade 2 Classe IV, la SR 300O r\u00e9pond aux exigences de s\u00e9curit\u00e9 professionnelle pour les installations r\u00e9sidentielles et commerciales.","og_url":"https:\/\/adcelectronique.com\/index.php\/product\/sirene-exterieure-auto-alimente-teletek-sr-300\/","og_site_name":"ADC Electronique","article_modified_time":"2026-03-30T09:12:38+00:00","og_image":[{"width":222,"height":300,"url":"https:\/\/adcelectronique.com\/wp-content\/uploads\/2026\/03\/BRAVO-SR300-ALK.jpg","type":"image\/jpeg"}],"twitter_card":"summary_large_image","twitter_misc":{"Dur\u00e9e de lecture estim\u00e9e":"2 minutes"},"schema":{"@context":"https:\/\/schema.org","@graph":[{"@type":"WebPage","@id":"https:\/\/adcelectronique.com\/index.php\/product\/sirene-exterieure-auto-alimente-teletek-sr-300\/","url":"https:\/\/adcelectronique.com\/index.php\/product\/sirene-exterieure-auto-alimente-teletek-sr-300\/","name":"SIRENE EXTERIEURE AUTO-ALIMENTE TELETEK SR 300 - ADC Electronique","isPartOf":{"@id":"https:\/\/adcelectronique.com\/#website"},"primaryImageOfPage":{"@id":"https:\/\/adcelectronique.com\/index.php\/product\/sirene-exterieure-auto-alimente-teletek-sr-300\/#primaryimage"},"image":{"@id":"https:\/\/adcelectronique.com\/index.php\/product\/sirene-exterieure-auto-alimente-teletek-sr-300\/#primaryimage"},"thumbnailUrl":"https:\/\/adcelectronique.com\/wp-content\/uploads\/2026\/03\/BRAVO-SR300-ALK.jpg","datePublished":"2026-03-30T09:12:37+00:00","dateModified":"2026-03-30T09:12:38+00:00","breadcrumb":{"@id":"https:\/\/adcelectronique.com\/index.php\/product\/sirene-exterieure-auto-alimente-teletek-sr-300\/#breadcrumb"},"inLanguage":"fr-FR","potentialAction":[{"@type":"ReadAction","target":["https:\/\/adcelectronique.com\/index.php\/product\/sirene-exterieure-auto-alimente-teletek-sr-300\/"]}]},{"@type":"ImageObject","inLanguage":"fr-FR","@id":"https:\/\/adcelectronique.com\/index.php\/product\/sirene-exterieure-auto-alimente-teletek-sr-300\/#primaryimage","url":"https:\/\/adcelectronique.com\/wp-content\/uploads\/2026\/03\/BRAVO-SR300-ALK.jpg","contentUrl":"https:\/\/adcelectronique.com\/wp-content\/uploads\/2026\/03\/BRAVO-SR300-ALK.jpg","width":222,"height":300},{"@type":"BreadcrumbList","@id":"https:\/\/adcelectronique.com\/index.php\/product\/sirene-exterieure-auto-alimente-teletek-sr-300\/#breadcrumb","itemListElement":[{"@type":"ListItem","position":1,"name":"Home","item":"https:\/\/adcelectronique.com\/"},{"@type":"ListItem","position":2,"name":"Shop","item":"https:\/\/adcelectronique.com\/index.php\/shop\/"},{"@type":"ListItem","position":3,"name":"SIRENE EXTERIEURE AUTO-ALIMENTE TELETEK SR 300"}]},{"@type":"WebSite","@id":"https:\/\/adcelectronique.com\/#website","url":"https:\/\/adcelectronique.com\/","name":"ADC Electronique","description":"","potentialAction":[{"@type":"SearchAction","target":{"@type":"EntryPoint","urlTemplate":"https:\/\/adcelectronique.com\/?s={search_term_string}"},"query-input":{"@type":"PropertyValueSpecification","valueRequired":true,"valueName":"search_term_string"}}],"inLanguage":"fr-FR"}]}},"_links":{"self":[{"href":"https:\/\/adcelectronique.com\/index.php\/wp-json\/wp\/v2\/product\/11134","targetHints":{"allow":["GET"]}}],"collection":[{"href":"https:\/\/adcelectronique.com\/index.php\/wp-json\/wp\/v2\/product"}],"about":[{"href":"https:\/\/adcelectronique.com\/index.php\/wp-json\/wp\/v2\/types\/product"}],"replies":[{"embeddable":true,"href":"https:\/\/adcelectronique.com\/index.php\/wp-json\/wp\/v2\/comments?post=11134"}],"version-history":[{"count":0,"href":"https:\/\/adcelectronique.com\/index.php\/wp-json\/wp\/v2\/product\/11134\/revisions"}],"wp:featuredmedia":[{"embeddable":true,"href":"https:\/\/adcelectronique.com\/index.php\/wp-json\/wp\/v2\/media\/11135"}],"wp:attachment":[{"href":"https:\/\/adcelectronique.com\/index.php\/wp-json\/wp\/v2\/media?parent=11134"}],"wp:term":[{"taxonomy":"product_brand","embeddable":true,"href":"https:\/\/adcelectronique.com\/index.php\/wp-json\/wp\/v2\/product_brand?post=11134"},{"taxonomy":"product_cat","embeddable":true,"href":"https:\/\/adcelectronique.com\/index.php\/wp-json\/wp\/v2\/product_cat?post=11134"},{"taxonomy":"product_tag","embeddable":true,"href":"https:\/\/adcelectronique.com\/index.php\/wp-json\/wp\/v2\/product_tag?post=11134"}],"curies":[{"name":"wp","href":"https:\/\/api.w.org\/{rel}","templated":true}]}}