{"id":11176,"date":"2026-03-30T10:05:16","date_gmt":"2026-03-30T10:05:16","guid":{"rendered":"https:\/\/adcelectronique.com\/?post_type=product&#038;p=11176"},"modified":"2026-03-30T10:05:17","modified_gmt":"2026-03-30T10:05:17","slug":"barriere-infra-rouge-exterieur-4-faisseaux-20m","status":"publish","type":"product","link":"https:\/\/adcelectronique.com\/index.php\/product\/barriere-infra-rouge-exterieur-4-faisseaux-20m\/","title":{"rendered":"BARRIERE INFRA-ROUGE EXTERIEUR 4 FAISSEAUX 20M"},"content":{"rendered":"<h3>\u00a0 \u00a0 \u00a0 \u00a0 \u00a0 \u00a0 \u00a0 \u00a0 \u00a0 \u00a0 \u00a0 \u00a0 \u00a0 \u00a0 \u00a0BARRIERE INFRA-ROUGE EXTERIEUR 4 FAISSEAUX 20M<\/h3>\n<h4><em>DESCRIPTION<\/em><\/h4>\n<p data-start=\"323\" data-end=\"502\">La <strong data-start=\"326\" data-end=\"375\">barri\u00e8re infrarouge exterieur 4 faisseaux 20m <\/strong>\u00a0est con\u00e7ue pour <strong data-start=\"392\" data-end=\"430\">prot\u00e9ger les p\u00e9rim\u00e8tres ext\u00e9rieurs<\/strong> gr\u00e2ce \u00e0 ses <strong data-start=\"443\" data-end=\"467\">4 faisceaux lumineux<\/strong> sur une port\u00e9e de <strong data-start=\"486\" data-end=\"499\">20 m\u00e8tres<\/strong>.<\/p>\n<p data-start=\"504\" data-end=\"784\">Elle d\u00e9tecte efficacement toute intrusion et convient parfaitement aux <strong data-start=\"575\" data-end=\"638\">zones sensibles, r\u00e9sidences, commerces et sites industriels<\/strong>. Son fonctionnement filaire assure une <strong data-start=\"678\" data-end=\"702\">communication fiable<\/strong> avec les centrales d\u2019alarme pour une r\u00e9action imm\u00e9diate en cas de franchissement.<\/p>\n<hr data-start=\"786\" data-end=\"789\" \/>\n<h2 data-section-id=\"128riy1\" data-start=\"791\" data-end=\"822\">Caract\u00e9ristiques principales<\/h2>\n<ul data-start=\"823\" data-end=\"1175\">\n<li data-section-id=\"1pulx1y\" data-start=\"823\" data-end=\"877\">Barri\u00e8re infrarouge active filaire \u00e0 <strong data-start=\"862\" data-end=\"877\">4 faisceaux<\/strong><\/li>\n<li data-section-id=\"nb7hd4\" data-start=\"878\" data-end=\"911\">Port\u00e9e maximale : <strong data-start=\"898\" data-end=\"911\">20 m\u00e8tres<\/strong><\/li>\n<li data-section-id=\"147zqxh\" data-start=\"912\" data-end=\"971\">D\u00e9tection pr\u00e9cise des intrusions sur le p\u00e9rim\u00e8tre prot\u00e9g\u00e9<\/li>\n<li data-section-id=\"7ywbr8\" data-start=\"972\" data-end=\"1025\">Id\u00e9ale pour <strong data-start=\"986\" data-end=\"1025\">cl\u00f4tures, murs et zones ext\u00e9rieures<\/strong><\/li>\n<li data-section-id=\"5jr2l9\" data-start=\"1026\" data-end=\"1080\">Connexion filaire fiable avec les centrales d\u2019alarme<\/li>\n<li data-section-id=\"16xlx49\" data-start=\"1081\" data-end=\"1141\">R\u00e9sistante aux intemp\u00e9ries et adapt\u00e9e \u00e0 un usage ext\u00e9rieur<\/li>\n<li data-section-id=\"10k27qp\" data-start=\"1142\" data-end=\"1175\">Installation simple et r\u00e9glable<\/li>\n<\/ul>\n<hr data-start=\"1177\" data-end=\"1180\" \/>\n<h2 data-section-id=\"1ilt2zm\" data-start=\"1182\" data-end=\"1212\">Caract\u00e9ristiques techniques<\/h2>\n<div class=\"TyagGW_tableContainer\">\n<div class=\"group TyagGW_tableWrapper flex flex-col-reverse w-fit\">\n<table class=\"w-fit min-w-(--thread-content-width)\" data-start=\"1213\" data-end=\"1593\">\n<thead data-start=\"1213\" data-end=\"1235\">\n<tr data-start=\"1213\" data-end=\"1235\">\n<th class=\"\" data-start=\"1213\" data-end=\"1225\" data-col-size=\"sm\">Param\u00e8tre<\/th>\n<th class=\"\" data-start=\"1225\" data-end=\"1235\" data-col-size=\"md\">Valeur<\/th>\n<\/tr>\n<\/thead>\n<tbody data-start=\"1259\" data-end=\"1593\">\n<tr data-start=\"1259\" data-end=\"1304\">\n<td data-start=\"1259\" data-end=\"1266\" data-col-size=\"sm\">Type<\/td>\n<td data-start=\"1266\" data-end=\"1304\" data-col-size=\"md\">Barri\u00e8re infrarouge active filaire<\/td>\n<\/tr>\n<tr data-start=\"1305\" data-end=\"1332\">\n<td data-start=\"1305\" data-end=\"1327\" data-col-size=\"sm\">Nombre de faisceaux<\/td>\n<td data-start=\"1327\" data-end=\"1332\" data-col-size=\"md\">4<\/td>\n<\/tr>\n<tr data-start=\"1333\" data-end=\"1359\">\n<td data-start=\"1333\" data-end=\"1351\" data-col-size=\"sm\">Port\u00e9e maximale<\/td>\n<td data-start=\"1351\" data-end=\"1359\" data-col-size=\"md\">20 m<\/td>\n<\/tr>\n<tr data-start=\"1360\" data-end=\"1403\">\n<td data-start=\"1360\" data-end=\"1370\" data-col-size=\"sm\">Montage<\/td>\n<td data-start=\"1370\" data-end=\"1403\" data-col-size=\"md\">Ext\u00e9rieur, sur cl\u00f4ture ou mur<\/td>\n<\/tr>\n<tr data-start=\"1404\" data-end=\"1438\">\n<td data-start=\"1404\" data-end=\"1418\" data-col-size=\"sm\">Technologie<\/td>\n<td data-start=\"1418\" data-end=\"1438\" data-col-size=\"md\">Infrarouge actif<\/td>\n<\/tr>\n<tr data-start=\"1439\" data-end=\"1498\">\n<td data-start=\"1439\" data-end=\"1447\" data-col-size=\"sm\">Usage<\/td>\n<td data-start=\"1447\" data-end=\"1498\" data-col-size=\"md\">R\u00e9sidentiel, commercial et industriel ext\u00e9rieur<\/td>\n<\/tr>\n<tr data-start=\"1499\" data-end=\"1557\">\n<td data-start=\"1499\" data-end=\"1514\" data-col-size=\"sm\">Alimentation<\/td>\n<td data-col-size=\"md\" data-start=\"1514\" data-end=\"1557\">Filaire (connect\u00e9e \u00e0 centrale d\u2019alarme)<\/td>\n<\/tr>\n<\/tbody>\n<\/table>\n<\/div>\n<\/div>\n","protected":false},"excerpt":{"rendered":"<h4><em>DESCRIPTION<\/em><\/h4>\n<p data-start=\"323\" data-end=\"502\">La <strong data-start=\"326\" data-end=\"375\">barri\u00e8re infrarouge exterieur 4 faisseaux 20m <\/strong> est con\u00e7ue pour <strong data-start=\"392\" data-end=\"430\">prot\u00e9ger les p\u00e9rim\u00e8tres ext\u00e9rieurs<\/strong> gr\u00e2ce \u00e0 ses <strong data-start=\"443\" data-end=\"467\">4 faisceaux lumineux<\/strong> sur une port\u00e9e de <strong data-start=\"486\" data-end=\"499\">20 m\u00e8tres<\/strong>.<\/p>\n<p data-start=\"504\" data-end=\"784\">Elle d\u00e9tecte efficacement toute intrusion et convient parfaitement aux <strong data-start=\"575\" data-end=\"638\">zones sensibles, r\u00e9sidences, commerces et sites industriels<\/strong>. Son fonctionnement filaire assure une <strong data-start=\"678\" data-end=\"702\">communication fiable<\/strong> avec les centrales d\u2019alarme pour une r\u00e9action imm\u00e9diate en cas de franchissement.<\/p>\n","protected":false},"featured_media":11177,"comment_status":"open","ping_status":"closed","template":"","meta":[],"product_brand":[],"product_cat":[147],"product_tag":[],"class_list":{"0":"post-11176","1":"product","2":"type-product","3":"status-publish","4":"has-post-thumbnail","6":"product_cat-anti-intrusion","8":"first","9":"instock","10":"shipping-taxable","11":"product-type-simple"},"yoast_head":"<!-- This site is optimized with the Yoast SEO Premium plugin v26.2 (Yoast SEO v26.2) - https:\/\/yoast.com\/wordpress\/plugins\/seo\/ -->\n<title>BARRIERE INFRA-ROUGE EXTERIEUR 4 FAISSEAUX 20M - ADC Electronique<\/title>\n<meta name=\"robots\" content=\"index, follow, max-snippet:-1, max-image-preview:large, max-video-preview:-1\" \/>\n<link rel=\"canonical\" href=\"https:\/\/adcelectronique.com\/index.php\/product\/barriere-infra-rouge-exterieur-4-faisseaux-20m\/\" \/>\n<meta property=\"og:locale\" content=\"fr_FR\" \/>\n<meta property=\"og:type\" content=\"article\" \/>\n<meta property=\"og:title\" content=\"BARRIERE INFRA-ROUGE EXTERIEUR 4 FAISSEAUX 20M\" \/>\n<meta property=\"og:description\" content=\"DESCRIPTION La barri\u00e8re infrarouge exterieur 4 faisseaux 20m est con\u00e7ue pour prot\u00e9ger les p\u00e9rim\u00e8tres ext\u00e9rieurs gr\u00e2ce \u00e0 ses 4 faisceaux lumineux sur une port\u00e9e de 20 m\u00e8tres. Elle d\u00e9tecte efficacement toute intrusion et convient parfaitement aux zones sensibles, r\u00e9sidences, commerces et sites industriels. Son fonctionnement filaire assure une communication fiable avec les centrales d\u2019alarme pour une r\u00e9action imm\u00e9diate en cas de franchissement.\" \/>\n<meta property=\"og:url\" content=\"https:\/\/adcelectronique.com\/index.php\/product\/barriere-infra-rouge-exterieur-4-faisseaux-20m\/\" \/>\n<meta property=\"og:site_name\" content=\"ADC Electronique\" \/>\n<meta property=\"article:modified_time\" content=\"2026-03-30T10:05:17+00:00\" \/>\n<meta property=\"og:image\" content=\"https:\/\/adcelectronique.com\/wp-content\/uploads\/2026\/03\/HJKG.jpg\" \/>\n\t<meta property=\"og:image:width\" content=\"695\" \/>\n\t<meta property=\"og:image:height\" content=\"622\" \/>\n\t<meta property=\"og:image:type\" content=\"image\/jpeg\" \/>\n<meta name=\"twitter:card\" content=\"summary_large_image\" \/>\n<meta name=\"twitter:label1\" content=\"Dur\u00e9e de lecture estim\u00e9e\" \/>\n\t<meta name=\"twitter:data1\" content=\"1 minute\" \/>\n<script type=\"application\/ld+json\" class=\"yoast-schema-graph\">{\"@context\":\"https:\/\/schema.org\",\"@graph\":[{\"@type\":\"WebPage\",\"@id\":\"https:\/\/adcelectronique.com\/index.php\/product\/barriere-infra-rouge-exterieur-4-faisseaux-20m\/\",\"url\":\"https:\/\/adcelectronique.com\/index.php\/product\/barriere-infra-rouge-exterieur-4-faisseaux-20m\/\",\"name\":\"BARRIERE INFRA-ROUGE EXTERIEUR 4 FAISSEAUX 20M - ADC Electronique\",\"isPartOf\":{\"@id\":\"https:\/\/adcelectronique.com\/#website\"},\"primaryImageOfPage\":{\"@id\":\"https:\/\/adcelectronique.com\/index.php\/product\/barriere-infra-rouge-exterieur-4-faisseaux-20m\/#primaryimage\"},\"image\":{\"@id\":\"https:\/\/adcelectronique.com\/index.php\/product\/barriere-infra-rouge-exterieur-4-faisseaux-20m\/#primaryimage\"},\"thumbnailUrl\":\"https:\/\/adcelectronique.com\/wp-content\/uploads\/2026\/03\/HJKG.jpg\",\"datePublished\":\"2026-03-30T10:05:16+00:00\",\"dateModified\":\"2026-03-30T10:05:17+00:00\",\"breadcrumb\":{\"@id\":\"https:\/\/adcelectronique.com\/index.php\/product\/barriere-infra-rouge-exterieur-4-faisseaux-20m\/#breadcrumb\"},\"inLanguage\":\"fr-FR\",\"potentialAction\":[{\"@type\":\"ReadAction\",\"target\":[\"https:\/\/adcelectronique.com\/index.php\/product\/barriere-infra-rouge-exterieur-4-faisseaux-20m\/\"]}]},{\"@type\":\"ImageObject\",\"inLanguage\":\"fr-FR\",\"@id\":\"https:\/\/adcelectronique.com\/index.php\/product\/barriere-infra-rouge-exterieur-4-faisseaux-20m\/#primaryimage\",\"url\":\"https:\/\/adcelectronique.com\/wp-content\/uploads\/2026\/03\/HJKG.jpg\",\"contentUrl\":\"https:\/\/adcelectronique.com\/wp-content\/uploads\/2026\/03\/HJKG.jpg\",\"width\":695,\"height\":622},{\"@type\":\"BreadcrumbList\",\"@id\":\"https:\/\/adcelectronique.com\/index.php\/product\/barriere-infra-rouge-exterieur-4-faisseaux-20m\/#breadcrumb\",\"itemListElement\":[{\"@type\":\"ListItem\",\"position\":1,\"name\":\"Home\",\"item\":\"https:\/\/adcelectronique.com\/\"},{\"@type\":\"ListItem\",\"position\":2,\"name\":\"Shop\",\"item\":\"https:\/\/adcelectronique.com\/index.php\/shop\/\"},{\"@type\":\"ListItem\",\"position\":3,\"name\":\"BARRIERE INFRA-ROUGE EXTERIEUR 4 FAISSEAUX 20M\"}]},{\"@type\":\"WebSite\",\"@id\":\"https:\/\/adcelectronique.com\/#website\",\"url\":\"https:\/\/adcelectronique.com\/\",\"name\":\"ADC Electronique\",\"description\":\"\",\"potentialAction\":[{\"@type\":\"SearchAction\",\"target\":{\"@type\":\"EntryPoint\",\"urlTemplate\":\"https:\/\/adcelectronique.com\/?s={search_term_string}\"},\"query-input\":{\"@type\":\"PropertyValueSpecification\",\"valueRequired\":true,\"valueName\":\"search_term_string\"}}],\"inLanguage\":\"fr-FR\"}]}<\/script>\n<!-- \/ Yoast SEO Premium plugin. -->","yoast_head_json":{"title":"BARRIERE INFRA-ROUGE EXTERIEUR 4 FAISSEAUX 20M - ADC Electronique","robots":{"index":"index","follow":"follow","max-snippet":"max-snippet:-1","max-image-preview":"max-image-preview:large","max-video-preview":"max-video-preview:-1"},"canonical":"https:\/\/adcelectronique.com\/index.php\/product\/barriere-infra-rouge-exterieur-4-faisseaux-20m\/","og_locale":"fr_FR","og_type":"article","og_title":"BARRIERE INFRA-ROUGE EXTERIEUR 4 FAISSEAUX 20M","og_description":"DESCRIPTION La barri\u00e8re infrarouge exterieur 4 faisseaux 20m est con\u00e7ue pour prot\u00e9ger les p\u00e9rim\u00e8tres ext\u00e9rieurs gr\u00e2ce \u00e0 ses 4 faisceaux lumineux sur une port\u00e9e de 20 m\u00e8tres. Elle d\u00e9tecte efficacement toute intrusion et convient parfaitement aux zones sensibles, r\u00e9sidences, commerces et sites industriels. Son fonctionnement filaire assure une communication fiable avec les centrales d\u2019alarme pour une r\u00e9action imm\u00e9diate en cas de franchissement.","og_url":"https:\/\/adcelectronique.com\/index.php\/product\/barriere-infra-rouge-exterieur-4-faisseaux-20m\/","og_site_name":"ADC Electronique","article_modified_time":"2026-03-30T10:05:17+00:00","og_image":[{"width":695,"height":622,"url":"https:\/\/adcelectronique.com\/wp-content\/uploads\/2026\/03\/HJKG.jpg","type":"image\/jpeg"}],"twitter_card":"summary_large_image","twitter_misc":{"Dur\u00e9e de lecture estim\u00e9e":"1 minute"},"schema":{"@context":"https:\/\/schema.org","@graph":[{"@type":"WebPage","@id":"https:\/\/adcelectronique.com\/index.php\/product\/barriere-infra-rouge-exterieur-4-faisseaux-20m\/","url":"https:\/\/adcelectronique.com\/index.php\/product\/barriere-infra-rouge-exterieur-4-faisseaux-20m\/","name":"BARRIERE INFRA-ROUGE EXTERIEUR 4 FAISSEAUX 20M - ADC Electronique","isPartOf":{"@id":"https:\/\/adcelectronique.com\/#website"},"primaryImageOfPage":{"@id":"https:\/\/adcelectronique.com\/index.php\/product\/barriere-infra-rouge-exterieur-4-faisseaux-20m\/#primaryimage"},"image":{"@id":"https:\/\/adcelectronique.com\/index.php\/product\/barriere-infra-rouge-exterieur-4-faisseaux-20m\/#primaryimage"},"thumbnailUrl":"https:\/\/adcelectronique.com\/wp-content\/uploads\/2026\/03\/HJKG.jpg","datePublished":"2026-03-30T10:05:16+00:00","dateModified":"2026-03-30T10:05:17+00:00","breadcrumb":{"@id":"https:\/\/adcelectronique.com\/index.php\/product\/barriere-infra-rouge-exterieur-4-faisseaux-20m\/#breadcrumb"},"inLanguage":"fr-FR","potentialAction":[{"@type":"ReadAction","target":["https:\/\/adcelectronique.com\/index.php\/product\/barriere-infra-rouge-exterieur-4-faisseaux-20m\/"]}]},{"@type":"ImageObject","inLanguage":"fr-FR","@id":"https:\/\/adcelectronique.com\/index.php\/product\/barriere-infra-rouge-exterieur-4-faisseaux-20m\/#primaryimage","url":"https:\/\/adcelectronique.com\/wp-content\/uploads\/2026\/03\/HJKG.jpg","contentUrl":"https:\/\/adcelectronique.com\/wp-content\/uploads\/2026\/03\/HJKG.jpg","width":695,"height":622},{"@type":"BreadcrumbList","@id":"https:\/\/adcelectronique.com\/index.php\/product\/barriere-infra-rouge-exterieur-4-faisseaux-20m\/#breadcrumb","itemListElement":[{"@type":"ListItem","position":1,"name":"Home","item":"https:\/\/adcelectronique.com\/"},{"@type":"ListItem","position":2,"name":"Shop","item":"https:\/\/adcelectronique.com\/index.php\/shop\/"},{"@type":"ListItem","position":3,"name":"BARRIERE INFRA-ROUGE EXTERIEUR 4 FAISSEAUX 20M"}]},{"@type":"WebSite","@id":"https:\/\/adcelectronique.com\/#website","url":"https:\/\/adcelectronique.com\/","name":"ADC Electronique","description":"","potentialAction":[{"@type":"SearchAction","target":{"@type":"EntryPoint","urlTemplate":"https:\/\/adcelectronique.com\/?s={search_term_string}"},"query-input":{"@type":"PropertyValueSpecification","valueRequired":true,"valueName":"search_term_string"}}],"inLanguage":"fr-FR"}]}},"_links":{"self":[{"href":"https:\/\/adcelectronique.com\/index.php\/wp-json\/wp\/v2\/product\/11176","targetHints":{"allow":["GET"]}}],"collection":[{"href":"https:\/\/adcelectronique.com\/index.php\/wp-json\/wp\/v2\/product"}],"about":[{"href":"https:\/\/adcelectronique.com\/index.php\/wp-json\/wp\/v2\/types\/product"}],"replies":[{"embeddable":true,"href":"https:\/\/adcelectronique.com\/index.php\/wp-json\/wp\/v2\/comments?post=11176"}],"version-history":[{"count":0,"href":"https:\/\/adcelectronique.com\/index.php\/wp-json\/wp\/v2\/product\/11176\/revisions"}],"wp:featuredmedia":[{"embeddable":true,"href":"https:\/\/adcelectronique.com\/index.php\/wp-json\/wp\/v2\/media\/11177"}],"wp:attachment":[{"href":"https:\/\/adcelectronique.com\/index.php\/wp-json\/wp\/v2\/media?parent=11176"}],"wp:term":[{"taxonomy":"product_brand","embeddable":true,"href":"https:\/\/adcelectronique.com\/index.php\/wp-json\/wp\/v2\/product_brand?post=11176"},{"taxonomy":"product_cat","embeddable":true,"href":"https:\/\/adcelectronique.com\/index.php\/wp-json\/wp\/v2\/product_cat?post=11176"},{"taxonomy":"product_tag","embeddable":true,"href":"https:\/\/adcelectronique.com\/index.php\/wp-json\/wp\/v2\/product_tag?post=11176"}],"curies":[{"name":"wp","href":"https:\/\/api.w.org\/{rel}","templated":true}]}}