{"id":11221,"date":"2026-04-12T09:36:48","date_gmt":"2026-04-12T09:36:48","guid":{"rendered":"https:\/\/adcelectronique.com\/?post_type=product&#038;p=11221"},"modified":"2026-04-12T09:36:49","modified_gmt":"2026-04-12T09:36:49","slug":"mio04-module-4-sorties-avec-isolateur","status":"publish","type":"product","link":"https:\/\/adcelectronique.com\/index.php\/product\/mio04-module-4-sorties-avec-isolateur\/","title":{"rendered":"MIO04-MODULE 4 SORTIES AVEC ISOLATEUR"},"content":{"rendered":"<h2 data-start=\"292\" data-end=\"494\">MIO04-MODULE 4 SORTIES AVEC ISOLATEUR<\/h2>\n<p data-start=\"292\" data-end=\"494\">Le <strong data-start=\"295\" data-end=\"314\">SensoIRIS MIO04<\/strong> est un <strong data-start=\"322\" data-end=\"355\">module adressable de contr\u00f4le<\/strong> \u00e9quip\u00e9 de <strong data-start=\"366\" data-end=\"386\">4 sorties relais<\/strong> avec <strong data-start=\"392\" data-end=\"413\">isolateur int\u00e9gr\u00e9<\/strong>, con\u00e7u pour les syst\u00e8mes de d\u00e9tection incendie utilisant le <strong data-start=\"474\" data-end=\"491\">protocole TTE<\/strong>.<\/p>\n<p data-start=\"496\" data-end=\"766\">Command\u00e9 directement par la centrale via le protocole de communication, il permet de piloter efficacement diff\u00e9rents \u00e9quipements (sir\u00e8nes, automatismes, signalisation, etc.). Son <strong data-start=\"675\" data-end=\"719\">bo\u00eetier mural avec couvercle transparent<\/strong> facilite l\u2019installation et le contr\u00f4le visuel.<\/p>\n<hr data-start=\"768\" data-end=\"771\" \/>\n<h2 data-section-id=\"128riy1\" data-start=\"773\" data-end=\"804\">Caract\u00e9ristiques principales<\/h2>\n<ul data-start=\"805\" data-end=\"1162\">\n<li data-section-id=\"vanj4a\" data-start=\"805\" data-end=\"850\">Module adressable avec <strong data-start=\"830\" data-end=\"850\">4 sorties relais<\/strong><\/li>\n<li data-section-id=\"iodukv\" data-start=\"851\" data-end=\"910\"><strong data-start=\"853\" data-end=\"883\">Isolateur de ligne int\u00e9gr\u00e9<\/strong> pour protection du syst\u00e8me<\/li>\n<li data-section-id=\"1sft95s\" data-start=\"911\" data-end=\"949\">Compatible avec le <strong data-start=\"932\" data-end=\"949\">protocole TTE<\/strong><\/li>\n<li data-section-id=\"jvqua8\" data-start=\"950\" data-end=\"996\">Commande directe depuis la centrale incendie<\/li>\n<li data-section-id=\"16vdy2e\" data-start=\"997\" data-end=\"1047\">Bo\u00eetier plastique avec <strong data-start=\"1022\" data-end=\"1047\">couvercle transparent<\/strong><\/li>\n<li data-section-id=\"rswule\" data-start=\"1048\" data-end=\"1086\">Installation murale simple et rapide<\/li>\n<li data-section-id=\"1csdymh\" data-start=\"1087\" data-end=\"1162\">Id\u00e9al pour contr\u00f4le d\u2019\u00e9quipements (sir\u00e8nes, portes, syst\u00e8mes auxiliaires)<\/li>\n<\/ul>\n<hr data-start=\"1164\" data-end=\"1167\" \/>\n<h2 data-section-id=\"1ilt2zm\" data-start=\"1169\" data-end=\"1199\">Caract\u00e9ristiques techniques<\/h2>\n<div class=\"TyagGW_tableContainer\">\n<div class=\"group TyagGW_tableWrapper flex flex-col-reverse w-fit\">\n<table class=\"w-fit min-w-(--thread-content-width)\" data-start=\"1200\" data-end=\"1612\">\n<thead data-start=\"1200\" data-end=\"1222\">\n<tr data-start=\"1200\" data-end=\"1222\">\n<th class=\"\" data-start=\"1200\" data-end=\"1212\" data-col-size=\"sm\">Param\u00e8tre<\/th>\n<th class=\"\" data-start=\"1212\" data-end=\"1222\" data-col-size=\"sm\">Valeur<\/th>\n<\/tr>\n<\/thead>\n<tbody data-start=\"1246\" data-end=\"1612\">\n<tr data-start=\"1246\" data-end=\"1291\">\n<td data-start=\"1246\" data-end=\"1253\" data-col-size=\"sm\">Type<\/td>\n<td data-col-size=\"sm\" data-start=\"1253\" data-end=\"1291\">Module de sortie relais adressable<\/td>\n<\/tr>\n<tr data-start=\"1292\" data-end=\"1324\">\n<td data-start=\"1292\" data-end=\"1312\" data-col-size=\"sm\">Nombre de sorties<\/td>\n<td data-col-size=\"sm\" data-start=\"1312\" data-end=\"1324\">4 relais<\/td>\n<\/tr>\n<tr data-start=\"1325\" data-end=\"1372\">\n<td data-start=\"1325\" data-end=\"1351\" data-col-size=\"sm\">Fonction suppl\u00e9mentaire<\/td>\n<td data-col-size=\"sm\" data-start=\"1351\" data-end=\"1372\">Isolateur int\u00e9gr\u00e9<\/td>\n<\/tr>\n<tr data-start=\"1373\" data-end=\"1406\">\n<td data-start=\"1373\" data-end=\"1389\" data-col-size=\"sm\">Communication<\/td>\n<td data-col-size=\"sm\" data-start=\"1389\" data-end=\"1406\">Protocole TTE<\/td>\n<\/tr>\n<tr data-start=\"1407\" data-end=\"1443\">\n<td data-start=\"1407\" data-end=\"1418\" data-col-size=\"sm\">Commande<\/td>\n<td data-col-size=\"sm\" data-start=\"1418\" data-end=\"1443\">Via centrale incendie<\/td>\n<\/tr>\n<tr data-start=\"1444\" data-end=\"1494\">\n<td data-start=\"1444\" data-end=\"1454\" data-col-size=\"sm\">Bo\u00eetier<\/td>\n<td data-start=\"1454\" data-end=\"1494\" data-col-size=\"sm\">Plastique avec couvercle transparent<\/td>\n<\/tr>\n<tr data-start=\"1495\" data-end=\"1527\">\n<td data-start=\"1495\" data-end=\"1510\" data-col-size=\"sm\">Installation<\/td>\n<td data-start=\"1510\" data-end=\"1527\" data-col-size=\"sm\">Montage mural<\/td>\n<\/tr>\n<tr data-start=\"1528\" data-end=\"1576\">\n<td data-start=\"1528\" data-end=\"1542\" data-col-size=\"sm\">Utilisation<\/td>\n<td data-col-size=\"sm\" data-start=\"1542\" data-end=\"1576\">Syst\u00e8mes de d\u00e9tection incendie<\/td>\n<\/tr>\n<tr data-start=\"1577\" data-end=\"1612\">\n<td data-start=\"1577\" data-end=\"1589\" data-col-size=\"sm\">Fabricant<\/td>\n<td data-start=\"1589\" data-end=\"1612\" data-col-size=\"sm\">Teletek Electronics<\/td>\n<\/tr>\n<\/tbody>\n<\/table>\n<\/div>\n<\/div>\n","protected":false},"excerpt":{"rendered":"<p data-start=\"292\" data-end=\"494\">Le <strong data-start=\"295\" data-end=\"314\">SensoIRIS MIO04<\/strong> est un <strong data-start=\"322\" data-end=\"355\">module adressable de contr\u00f4le<\/strong> \u00e9quip\u00e9 de <strong data-start=\"366\" data-end=\"386\">4 sorties relais<\/strong> avec <strong data-start=\"392\" data-end=\"413\">isolateur int\u00e9gr\u00e9<\/strong>, con\u00e7u pour les syst\u00e8mes de d\u00e9tection incendie utilisant le <strong data-start=\"474\" data-end=\"491\">protocole TTE<\/strong>.<\/p>\n<p data-start=\"496\" data-end=\"766\">Command\u00e9 directement par la centrale via le protocole de communication, il permet de piloter efficacement diff\u00e9rents \u00e9quipements (sir\u00e8nes, automatismes, signalisation, etc.). Son <strong data-start=\"675\" data-end=\"719\">bo\u00eetier mural avec couvercle transparent<\/strong> facilite l\u2019installation et le contr\u00f4le visuel.<\/p>\n","protected":false},"featured_media":11222,"comment_status":"open","ping_status":"closed","template":"","meta":[],"product_brand":[149],"product_cat":[153],"product_tag":[],"class_list":{"0":"post-11221","1":"product","2":"type-product","3":"status-publish","4":"has-post-thumbnail","6":"product_brand-teletek","7":"product_cat-system-detection-incendie-adressable","9":"first","10":"instock","11":"shipping-taxable","12":"product-type-simple"},"yoast_head":"<!-- This site is optimized with the Yoast SEO Premium plugin v26.2 (Yoast SEO v26.2) - https:\/\/yoast.com\/wordpress\/plugins\/seo\/ -->\n<title>MIO04-MODULE 4 SORTIES AVEC ISOLATEUR - ADC Electronique<\/title>\n<meta name=\"robots\" content=\"index, follow, max-snippet:-1, max-image-preview:large, max-video-preview:-1\" \/>\n<link rel=\"canonical\" href=\"https:\/\/adcelectronique.com\/index.php\/product\/mio04-module-4-sorties-avec-isolateur\/\" \/>\n<meta property=\"og:locale\" content=\"fr_FR\" \/>\n<meta property=\"og:type\" content=\"article\" \/>\n<meta property=\"og:title\" content=\"MIO04-MODULE 4 SORTIES AVEC ISOLATEUR\" \/>\n<meta property=\"og:description\" content=\"Le SensoIRIS MIO04 est un module adressable de contr\u00f4le \u00e9quip\u00e9 de 4 sorties relais avec isolateur int\u00e9gr\u00e9, con\u00e7u pour les syst\u00e8mes de d\u00e9tection incendie utilisant le protocole TTE. Command\u00e9 directement par la centrale via le protocole de communication, il permet de piloter efficacement diff\u00e9rents \u00e9quipements (sir\u00e8nes, automatismes, signalisation, etc.). Son bo\u00eetier mural avec couvercle transparent facilite l\u2019installation et le contr\u00f4le visuel.\" \/>\n<meta property=\"og:url\" content=\"https:\/\/adcelectronique.com\/index.php\/product\/mio04-module-4-sorties-avec-isolateur\/\" \/>\n<meta property=\"og:site_name\" content=\"ADC Electronique\" \/>\n<meta property=\"article:modified_time\" content=\"2026-04-12T09:36:49+00:00\" \/>\n<meta property=\"og:image\" content=\"https:\/\/adcelectronique.com\/wp-content\/uploads\/2026\/04\/MIO04.jpg\" \/>\n\t<meta property=\"og:image:width\" content=\"225\" \/>\n\t<meta property=\"og:image:height\" content=\"225\" \/>\n\t<meta property=\"og:image:type\" content=\"image\/jpeg\" \/>\n<meta name=\"twitter:card\" content=\"summary_large_image\" \/>\n<meta name=\"twitter:label1\" content=\"Dur\u00e9e de lecture estim\u00e9e\" \/>\n\t<meta name=\"twitter:data1\" content=\"1 minute\" \/>\n<script type=\"application\/ld+json\" class=\"yoast-schema-graph\">{\"@context\":\"https:\/\/schema.org\",\"@graph\":[{\"@type\":\"WebPage\",\"@id\":\"https:\/\/adcelectronique.com\/index.php\/product\/mio04-module-4-sorties-avec-isolateur\/\",\"url\":\"https:\/\/adcelectronique.com\/index.php\/product\/mio04-module-4-sorties-avec-isolateur\/\",\"name\":\"MIO04-MODULE 4 SORTIES AVEC ISOLATEUR - ADC Electronique\",\"isPartOf\":{\"@id\":\"https:\/\/adcelectronique.com\/#website\"},\"primaryImageOfPage\":{\"@id\":\"https:\/\/adcelectronique.com\/index.php\/product\/mio04-module-4-sorties-avec-isolateur\/#primaryimage\"},\"image\":{\"@id\":\"https:\/\/adcelectronique.com\/index.php\/product\/mio04-module-4-sorties-avec-isolateur\/#primaryimage\"},\"thumbnailUrl\":\"https:\/\/adcelectronique.com\/wp-content\/uploads\/2026\/04\/MIO04.jpg\",\"datePublished\":\"2026-04-12T09:36:48+00:00\",\"dateModified\":\"2026-04-12T09:36:49+00:00\",\"breadcrumb\":{\"@id\":\"https:\/\/adcelectronique.com\/index.php\/product\/mio04-module-4-sorties-avec-isolateur\/#breadcrumb\"},\"inLanguage\":\"fr-FR\",\"potentialAction\":[{\"@type\":\"ReadAction\",\"target\":[\"https:\/\/adcelectronique.com\/index.php\/product\/mio04-module-4-sorties-avec-isolateur\/\"]}]},{\"@type\":\"ImageObject\",\"inLanguage\":\"fr-FR\",\"@id\":\"https:\/\/adcelectronique.com\/index.php\/product\/mio04-module-4-sorties-avec-isolateur\/#primaryimage\",\"url\":\"https:\/\/adcelectronique.com\/wp-content\/uploads\/2026\/04\/MIO04.jpg\",\"contentUrl\":\"https:\/\/adcelectronique.com\/wp-content\/uploads\/2026\/04\/MIO04.jpg\",\"width\":225,\"height\":225},{\"@type\":\"BreadcrumbList\",\"@id\":\"https:\/\/adcelectronique.com\/index.php\/product\/mio04-module-4-sorties-avec-isolateur\/#breadcrumb\",\"itemListElement\":[{\"@type\":\"ListItem\",\"position\":1,\"name\":\"Home\",\"item\":\"https:\/\/adcelectronique.com\/\"},{\"@type\":\"ListItem\",\"position\":2,\"name\":\"Shop\",\"item\":\"https:\/\/adcelectronique.com\/index.php\/shop\/\"},{\"@type\":\"ListItem\",\"position\":3,\"name\":\"MIO04-MODULE 4 SORTIES AVEC ISOLATEUR\"}]},{\"@type\":\"WebSite\",\"@id\":\"https:\/\/adcelectronique.com\/#website\",\"url\":\"https:\/\/adcelectronique.com\/\",\"name\":\"ADC Electronique\",\"description\":\"\",\"potentialAction\":[{\"@type\":\"SearchAction\",\"target\":{\"@type\":\"EntryPoint\",\"urlTemplate\":\"https:\/\/adcelectronique.com\/?s={search_term_string}\"},\"query-input\":{\"@type\":\"PropertyValueSpecification\",\"valueRequired\":true,\"valueName\":\"search_term_string\"}}],\"inLanguage\":\"fr-FR\"}]}<\/script>\n<!-- \/ Yoast SEO Premium plugin. -->","yoast_head_json":{"title":"MIO04-MODULE 4 SORTIES AVEC ISOLATEUR - ADC Electronique","robots":{"index":"index","follow":"follow","max-snippet":"max-snippet:-1","max-image-preview":"max-image-preview:large","max-video-preview":"max-video-preview:-1"},"canonical":"https:\/\/adcelectronique.com\/index.php\/product\/mio04-module-4-sorties-avec-isolateur\/","og_locale":"fr_FR","og_type":"article","og_title":"MIO04-MODULE 4 SORTIES AVEC ISOLATEUR","og_description":"Le SensoIRIS MIO04 est un module adressable de contr\u00f4le \u00e9quip\u00e9 de 4 sorties relais avec isolateur int\u00e9gr\u00e9, con\u00e7u pour les syst\u00e8mes de d\u00e9tection incendie utilisant le protocole TTE. Command\u00e9 directement par la centrale via le protocole de communication, il permet de piloter efficacement diff\u00e9rents \u00e9quipements (sir\u00e8nes, automatismes, signalisation, etc.). Son bo\u00eetier mural avec couvercle transparent facilite l\u2019installation et le contr\u00f4le visuel.","og_url":"https:\/\/adcelectronique.com\/index.php\/product\/mio04-module-4-sorties-avec-isolateur\/","og_site_name":"ADC Electronique","article_modified_time":"2026-04-12T09:36:49+00:00","og_image":[{"width":225,"height":225,"url":"https:\/\/adcelectronique.com\/wp-content\/uploads\/2026\/04\/MIO04.jpg","type":"image\/jpeg"}],"twitter_card":"summary_large_image","twitter_misc":{"Dur\u00e9e de lecture estim\u00e9e":"1 minute"},"schema":{"@context":"https:\/\/schema.org","@graph":[{"@type":"WebPage","@id":"https:\/\/adcelectronique.com\/index.php\/product\/mio04-module-4-sorties-avec-isolateur\/","url":"https:\/\/adcelectronique.com\/index.php\/product\/mio04-module-4-sorties-avec-isolateur\/","name":"MIO04-MODULE 4 SORTIES AVEC ISOLATEUR - ADC Electronique","isPartOf":{"@id":"https:\/\/adcelectronique.com\/#website"},"primaryImageOfPage":{"@id":"https:\/\/adcelectronique.com\/index.php\/product\/mio04-module-4-sorties-avec-isolateur\/#primaryimage"},"image":{"@id":"https:\/\/adcelectronique.com\/index.php\/product\/mio04-module-4-sorties-avec-isolateur\/#primaryimage"},"thumbnailUrl":"https:\/\/adcelectronique.com\/wp-content\/uploads\/2026\/04\/MIO04.jpg","datePublished":"2026-04-12T09:36:48+00:00","dateModified":"2026-04-12T09:36:49+00:00","breadcrumb":{"@id":"https:\/\/adcelectronique.com\/index.php\/product\/mio04-module-4-sorties-avec-isolateur\/#breadcrumb"},"inLanguage":"fr-FR","potentialAction":[{"@type":"ReadAction","target":["https:\/\/adcelectronique.com\/index.php\/product\/mio04-module-4-sorties-avec-isolateur\/"]}]},{"@type":"ImageObject","inLanguage":"fr-FR","@id":"https:\/\/adcelectronique.com\/index.php\/product\/mio04-module-4-sorties-avec-isolateur\/#primaryimage","url":"https:\/\/adcelectronique.com\/wp-content\/uploads\/2026\/04\/MIO04.jpg","contentUrl":"https:\/\/adcelectronique.com\/wp-content\/uploads\/2026\/04\/MIO04.jpg","width":225,"height":225},{"@type":"BreadcrumbList","@id":"https:\/\/adcelectronique.com\/index.php\/product\/mio04-module-4-sorties-avec-isolateur\/#breadcrumb","itemListElement":[{"@type":"ListItem","position":1,"name":"Home","item":"https:\/\/adcelectronique.com\/"},{"@type":"ListItem","position":2,"name":"Shop","item":"https:\/\/adcelectronique.com\/index.php\/shop\/"},{"@type":"ListItem","position":3,"name":"MIO04-MODULE 4 SORTIES AVEC ISOLATEUR"}]},{"@type":"WebSite","@id":"https:\/\/adcelectronique.com\/#website","url":"https:\/\/adcelectronique.com\/","name":"ADC Electronique","description":"","potentialAction":[{"@type":"SearchAction","target":{"@type":"EntryPoint","urlTemplate":"https:\/\/adcelectronique.com\/?s={search_term_string}"},"query-input":{"@type":"PropertyValueSpecification","valueRequired":true,"valueName":"search_term_string"}}],"inLanguage":"fr-FR"}]}},"_links":{"self":[{"href":"https:\/\/adcelectronique.com\/index.php\/wp-json\/wp\/v2\/product\/11221","targetHints":{"allow":["GET"]}}],"collection":[{"href":"https:\/\/adcelectronique.com\/index.php\/wp-json\/wp\/v2\/product"}],"about":[{"href":"https:\/\/adcelectronique.com\/index.php\/wp-json\/wp\/v2\/types\/product"}],"replies":[{"embeddable":true,"href":"https:\/\/adcelectronique.com\/index.php\/wp-json\/wp\/v2\/comments?post=11221"}],"version-history":[{"count":1,"href":"https:\/\/adcelectronique.com\/index.php\/wp-json\/wp\/v2\/product\/11221\/revisions"}],"predecessor-version":[{"id":11224,"href":"https:\/\/adcelectronique.com\/index.php\/wp-json\/wp\/v2\/product\/11221\/revisions\/11224"}],"wp:featuredmedia":[{"embeddable":true,"href":"https:\/\/adcelectronique.com\/index.php\/wp-json\/wp\/v2\/media\/11222"}],"wp:attachment":[{"href":"https:\/\/adcelectronique.com\/index.php\/wp-json\/wp\/v2\/media?parent=11221"}],"wp:term":[{"taxonomy":"product_brand","embeddable":true,"href":"https:\/\/adcelectronique.com\/index.php\/wp-json\/wp\/v2\/product_brand?post=11221"},{"taxonomy":"product_cat","embeddable":true,"href":"https:\/\/adcelectronique.com\/index.php\/wp-json\/wp\/v2\/product_cat?post=11221"},{"taxonomy":"product_tag","embeddable":true,"href":"https:\/\/adcelectronique.com\/index.php\/wp-json\/wp\/v2\/product_tag?post=11221"}],"curies":[{"name":"wp","href":"https:\/\/api.w.org\/{rel}","templated":true}]}}