{"id":11225,"date":"2026-04-12T09:40:12","date_gmt":"2026-04-12T09:40:12","guid":{"rendered":"https:\/\/adcelectronique.com\/?post_type=product&#038;p=11225"},"modified":"2026-04-12T09:40:13","modified_gmt":"2026-04-12T09:40:13","slug":"mio40-module-4-entrees-avec-isolateur","status":"publish","type":"product","link":"https:\/\/adcelectronique.com\/index.php\/product\/mio40-module-4-entrees-avec-isolateur\/","title":{"rendered":"MIO40-MODULE 4 ENTREES AVEC ISOLATEUR"},"content":{"rendered":"<h3>\u00a0 \u00a0 \u00a0 \u00a0 \u00a0 \u00a0 \u00a0 \u00a0 \u00a0 \u00a0 \u00a0 \u00a0 \u00a0 \u00a0 \u00a0 \u00a0 \u00a0 \u00a0 \u00a0 \u00a0 \u00a0 MIO40-MODULE 4 ENTREES AVEC ISOLATEUR<\/h3>\n<p data-start=\"284\" data-end=\"442\">Le <strong data-start=\"287\" data-end=\"311\">SensoIRIS MIO40 IP65<\/strong> est un <strong data-start=\"319\" data-end=\"362\">module d\u2019entr\u00e9e adressable programmable<\/strong> con\u00e7u pour les syst\u00e8mes de d\u00e9tection incendie utilisant le <strong data-start=\"422\" data-end=\"439\">protocole TTE<\/strong>.<\/p>\n<p data-start=\"444\" data-end=\"722\">Il permet de surveiller jusqu\u2019\u00e0 <strong data-start=\"476\" data-end=\"501\">4 entr\u00e9es analogiques<\/strong>, configurables pour d\u00e9clencher diff\u00e9rents \u00e9v\u00e9nements dans le syst\u00e8me (alarme, d\u00e9faut, commande). Gr\u00e2ce \u00e0 son <strong data-start=\"611\" data-end=\"627\">bo\u00eetier IP65<\/strong>, il est parfaitement adapt\u00e9 aux <strong data-start=\"660\" data-end=\"689\">installations ext\u00e9rieures<\/strong> et aux environnements exigeants.<\/p>\n<hr data-start=\"724\" data-end=\"727\" \/>\n<h2 data-section-id=\"128riy1\" data-start=\"729\" data-end=\"760\">Caract\u00e9ristiques principales<\/h2>\n<ul data-start=\"761\" data-end=\"1122\">\n<li data-section-id=\"1he4644\" data-start=\"761\" data-end=\"806\">Module <strong data-start=\"770\" data-end=\"806\">adressable d\u2019entr\u00e9es analogiques<\/strong><\/li>\n<li data-section-id=\"17cvzmw\" data-start=\"807\" data-end=\"852\">Surveillance de <strong data-start=\"825\" data-end=\"852\">4 entr\u00e9es programmables<\/strong><\/li>\n<li data-section-id=\"1sft95s\" data-start=\"853\" data-end=\"891\">Compatible avec le <strong data-start=\"874\" data-end=\"891\">protocole TTE<\/strong><\/li>\n<li data-section-id=\"1qwhgsf\" data-start=\"892\" data-end=\"947\">Bo\u00eetier <strong data-start=\"902\" data-end=\"918\">IP65 \u00e9tanche<\/strong> pour installation ext\u00e9rieure<\/li>\n<li data-section-id=\"1y6iwsg\" data-start=\"948\" data-end=\"980\">Montage mural simple et rapide<\/li>\n<li data-section-id=\"1b4mvlj\" data-start=\"981\" data-end=\"1020\">Programmation flexible des \u00e9v\u00e9nements<\/li>\n<li data-section-id=\"tueii9\" data-start=\"1021\" data-end=\"1060\">Alimentation via la centrale incendie<\/li>\n<li data-section-id=\"1wj62ku\" data-start=\"1061\" data-end=\"1122\">Solution id\u00e9ale pour applications industrielles et s\u00e9curit\u00e9<\/li>\n<\/ul>\n<hr data-start=\"1124\" data-end=\"1127\" \/>\n<h2 data-section-id=\"1ilt2zm\" data-start=\"1129\" data-end=\"1159\">Caract\u00e9ristiques techniques<\/h2>\n<div class=\"TyagGW_tableContainer\">\n<div class=\"group TyagGW_tableWrapper flex flex-col-reverse w-fit\">\n<table class=\"w-fit min-w-(--thread-content-width)\" data-start=\"1160\" data-end=\"1582\">\n<thead data-start=\"1160\" data-end=\"1182\">\n<tr data-start=\"1160\" data-end=\"1182\">\n<th class=\"\" data-start=\"1160\" data-end=\"1172\" data-col-size=\"sm\">Param\u00e8tre<\/th>\n<th class=\"\" data-start=\"1172\" data-end=\"1182\" data-col-size=\"sm\">Valeur<\/th>\n<\/tr>\n<\/thead>\n<tbody data-start=\"1206\" data-end=\"1582\">\n<tr data-start=\"1206\" data-end=\"1243\">\n<td data-start=\"1206\" data-end=\"1213\" data-col-size=\"sm\">Type<\/td>\n<td data-col-size=\"sm\" data-start=\"1213\" data-end=\"1243\">Module d\u2019entr\u00e9e adressable<\/td>\n<\/tr>\n<tr data-start=\"1244\" data-end=\"1288\">\n<td data-start=\"1244\" data-end=\"1263\" data-col-size=\"sm\">Nombre d\u2019entr\u00e9es<\/td>\n<td data-col-size=\"sm\" data-start=\"1263\" data-end=\"1288\">4 entr\u00e9es analogiques<\/td>\n<\/tr>\n<tr data-start=\"1289\" data-end=\"1330\">\n<td data-start=\"1289\" data-end=\"1305\" data-col-size=\"sm\">Programmation<\/td>\n<td data-col-size=\"sm\" data-start=\"1305\" data-end=\"1330\">Entr\u00e9es configurables<\/td>\n<\/tr>\n<tr data-start=\"1331\" data-end=\"1364\">\n<td data-start=\"1331\" data-end=\"1347\" data-col-size=\"sm\">Communication<\/td>\n<td data-col-size=\"sm\" data-start=\"1347\" data-end=\"1364\">Protocole TTE<\/td>\n<\/tr>\n<tr data-start=\"1365\" data-end=\"1408\">\n<td data-start=\"1365\" data-end=\"1380\" data-col-size=\"sm\">Alimentation<\/td>\n<td data-col-size=\"sm\" data-start=\"1380\" data-end=\"1408\">Par la centrale incendie<\/td>\n<\/tr>\n<tr data-start=\"1409\" data-end=\"1440\">\n<td data-start=\"1409\" data-end=\"1432\" data-col-size=\"sm\">Indice de protection<\/td>\n<td data-start=\"1432\" data-end=\"1440\" data-col-size=\"sm\">IP65<\/td>\n<\/tr>\n<tr data-start=\"1441\" data-end=\"1497\">\n<td data-start=\"1441\" data-end=\"1456\" data-col-size=\"sm\">Installation<\/td>\n<td data-start=\"1456\" data-end=\"1497\" data-col-size=\"sm\">Int\u00e9rieur \/ ext\u00e9rieur (montage mural)<\/td>\n<\/tr>\n<tr data-start=\"1498\" data-end=\"1546\">\n<td data-start=\"1498\" data-end=\"1512\" data-col-size=\"sm\">Utilisation<\/td>\n<td data-col-size=\"sm\" data-start=\"1512\" data-end=\"1546\">Syst\u00e8mes de d\u00e9tection incendie<\/td>\n<\/tr>\n<tr data-start=\"1547\" data-end=\"1582\">\n<td data-start=\"1547\" data-end=\"1559\" data-col-size=\"sm\">Fabricant<\/td>\n<td data-start=\"1559\" data-end=\"1582\" data-col-size=\"sm\">Teletek Electronics<\/td>\n<\/tr>\n<\/tbody>\n<\/table>\n<\/div>\n<\/div>\n","protected":false},"excerpt":{"rendered":"<p data-start=\"284\" data-end=\"442\">Le <strong data-start=\"287\" data-end=\"311\">SensoIRIS MIO40 IP65<\/strong> est un <strong data-start=\"319\" data-end=\"362\">module d\u2019entr\u00e9e adressable programmable<\/strong> con\u00e7u pour les syst\u00e8mes de d\u00e9tection incendie utilisant le <strong data-start=\"422\" data-end=\"439\">protocole TTE<\/strong>.<\/p>\n<p data-start=\"444\" data-end=\"722\">Il permet de surveiller jusqu\u2019\u00e0 <strong data-start=\"476\" data-end=\"501\">4 entr\u00e9es analogiques<\/strong>, configurables pour d\u00e9clencher diff\u00e9rents \u00e9v\u00e9nements dans le syst\u00e8me (alarme, d\u00e9faut, commande). Gr\u00e2ce \u00e0 son <strong data-start=\"611\" data-end=\"627\">bo\u00eetier IP65<\/strong>, il est parfaitement adapt\u00e9 aux <strong data-start=\"660\" data-end=\"689\">installations ext\u00e9rieures<\/strong> et aux environnements exigeants.<\/p>\n","protected":false},"featured_media":11226,"comment_status":"open","ping_status":"closed","template":"","meta":[],"product_brand":[149],"product_cat":[153],"product_tag":[],"class_list":{"0":"post-11225","1":"product","2":"type-product","3":"status-publish","4":"has-post-thumbnail","6":"product_brand-teletek","7":"product_cat-system-detection-incendie-adressable","9":"first","10":"instock","11":"shipping-taxable","12":"product-type-simple"},"yoast_head":"<!-- This site is optimized with the Yoast SEO Premium plugin v26.2 (Yoast SEO v26.2) - https:\/\/yoast.com\/wordpress\/plugins\/seo\/ -->\n<title>MIO40-MODULE 4 ENTREES AVEC ISOLATEUR - ADC Electronique<\/title>\n<meta name=\"robots\" content=\"index, follow, max-snippet:-1, max-image-preview:large, max-video-preview:-1\" \/>\n<link rel=\"canonical\" href=\"https:\/\/adcelectronique.com\/index.php\/product\/mio40-module-4-entrees-avec-isolateur\/\" \/>\n<meta property=\"og:locale\" content=\"fr_FR\" \/>\n<meta property=\"og:type\" content=\"article\" \/>\n<meta property=\"og:title\" content=\"MIO40-MODULE 4 ENTREES AVEC ISOLATEUR\" \/>\n<meta property=\"og:description\" content=\"Le SensoIRIS MIO40 IP65 est un module d\u2019entr\u00e9e adressable programmable con\u00e7u pour les syst\u00e8mes de d\u00e9tection incendie utilisant le protocole TTE. Il permet de surveiller jusqu\u2019\u00e0 4 entr\u00e9es analogiques, configurables pour d\u00e9clencher diff\u00e9rents \u00e9v\u00e9nements dans le syst\u00e8me (alarme, d\u00e9faut, commande). Gr\u00e2ce \u00e0 son bo\u00eetier IP65, il est parfaitement adapt\u00e9 aux installations ext\u00e9rieures et aux environnements exigeants.\" \/>\n<meta property=\"og:url\" content=\"https:\/\/adcelectronique.com\/index.php\/product\/mio40-module-4-entrees-avec-isolateur\/\" \/>\n<meta property=\"og:site_name\" content=\"ADC Electronique\" \/>\n<meta property=\"article:modified_time\" content=\"2026-04-12T09:40:13+00:00\" \/>\n<meta property=\"og:image\" content=\"https:\/\/adcelectronique.com\/wp-content\/uploads\/2026\/04\/MIO40.jpg\" \/>\n\t<meta property=\"og:image:width\" content=\"564\" \/>\n\t<meta property=\"og:image:height\" content=\"483\" \/>\n\t<meta property=\"og:image:type\" content=\"image\/jpeg\" \/>\n<meta name=\"twitter:card\" content=\"summary_large_image\" \/>\n<meta name=\"twitter:label1\" content=\"Dur\u00e9e de lecture estim\u00e9e\" \/>\n\t<meta name=\"twitter:data1\" content=\"1 minute\" \/>\n<script type=\"application\/ld+json\" class=\"yoast-schema-graph\">{\"@context\":\"https:\/\/schema.org\",\"@graph\":[{\"@type\":\"WebPage\",\"@id\":\"https:\/\/adcelectronique.com\/index.php\/product\/mio40-module-4-entrees-avec-isolateur\/\",\"url\":\"https:\/\/adcelectronique.com\/index.php\/product\/mio40-module-4-entrees-avec-isolateur\/\",\"name\":\"MIO40-MODULE 4 ENTREES AVEC ISOLATEUR - ADC Electronique\",\"isPartOf\":{\"@id\":\"https:\/\/adcelectronique.com\/#website\"},\"primaryImageOfPage\":{\"@id\":\"https:\/\/adcelectronique.com\/index.php\/product\/mio40-module-4-entrees-avec-isolateur\/#primaryimage\"},\"image\":{\"@id\":\"https:\/\/adcelectronique.com\/index.php\/product\/mio40-module-4-entrees-avec-isolateur\/#primaryimage\"},\"thumbnailUrl\":\"https:\/\/adcelectronique.com\/wp-content\/uploads\/2026\/04\/MIO40.jpg\",\"datePublished\":\"2026-04-12T09:40:12+00:00\",\"dateModified\":\"2026-04-12T09:40:13+00:00\",\"breadcrumb\":{\"@id\":\"https:\/\/adcelectronique.com\/index.php\/product\/mio40-module-4-entrees-avec-isolateur\/#breadcrumb\"},\"inLanguage\":\"fr-FR\",\"potentialAction\":[{\"@type\":\"ReadAction\",\"target\":[\"https:\/\/adcelectronique.com\/index.php\/product\/mio40-module-4-entrees-avec-isolateur\/\"]}]},{\"@type\":\"ImageObject\",\"inLanguage\":\"fr-FR\",\"@id\":\"https:\/\/adcelectronique.com\/index.php\/product\/mio40-module-4-entrees-avec-isolateur\/#primaryimage\",\"url\":\"https:\/\/adcelectronique.com\/wp-content\/uploads\/2026\/04\/MIO40.jpg\",\"contentUrl\":\"https:\/\/adcelectronique.com\/wp-content\/uploads\/2026\/04\/MIO40.jpg\",\"width\":564,\"height\":483},{\"@type\":\"BreadcrumbList\",\"@id\":\"https:\/\/adcelectronique.com\/index.php\/product\/mio40-module-4-entrees-avec-isolateur\/#breadcrumb\",\"itemListElement\":[{\"@type\":\"ListItem\",\"position\":1,\"name\":\"Home\",\"item\":\"https:\/\/adcelectronique.com\/\"},{\"@type\":\"ListItem\",\"position\":2,\"name\":\"Shop\",\"item\":\"https:\/\/adcelectronique.com\/index.php\/shop\/\"},{\"@type\":\"ListItem\",\"position\":3,\"name\":\"MIO40-MODULE 4 ENTREES AVEC ISOLATEUR\"}]},{\"@type\":\"WebSite\",\"@id\":\"https:\/\/adcelectronique.com\/#website\",\"url\":\"https:\/\/adcelectronique.com\/\",\"name\":\"ADC Electronique\",\"description\":\"\",\"potentialAction\":[{\"@type\":\"SearchAction\",\"target\":{\"@type\":\"EntryPoint\",\"urlTemplate\":\"https:\/\/adcelectronique.com\/?s={search_term_string}\"},\"query-input\":{\"@type\":\"PropertyValueSpecification\",\"valueRequired\":true,\"valueName\":\"search_term_string\"}}],\"inLanguage\":\"fr-FR\"}]}<\/script>\n<!-- \/ Yoast SEO Premium plugin. -->","yoast_head_json":{"title":"MIO40-MODULE 4 ENTREES AVEC ISOLATEUR - ADC Electronique","robots":{"index":"index","follow":"follow","max-snippet":"max-snippet:-1","max-image-preview":"max-image-preview:large","max-video-preview":"max-video-preview:-1"},"canonical":"https:\/\/adcelectronique.com\/index.php\/product\/mio40-module-4-entrees-avec-isolateur\/","og_locale":"fr_FR","og_type":"article","og_title":"MIO40-MODULE 4 ENTREES AVEC ISOLATEUR","og_description":"Le SensoIRIS MIO40 IP65 est un module d\u2019entr\u00e9e adressable programmable con\u00e7u pour les syst\u00e8mes de d\u00e9tection incendie utilisant le protocole TTE. Il permet de surveiller jusqu\u2019\u00e0 4 entr\u00e9es analogiques, configurables pour d\u00e9clencher diff\u00e9rents \u00e9v\u00e9nements dans le syst\u00e8me (alarme, d\u00e9faut, commande). Gr\u00e2ce \u00e0 son bo\u00eetier IP65, il est parfaitement adapt\u00e9 aux installations ext\u00e9rieures et aux environnements exigeants.","og_url":"https:\/\/adcelectronique.com\/index.php\/product\/mio40-module-4-entrees-avec-isolateur\/","og_site_name":"ADC Electronique","article_modified_time":"2026-04-12T09:40:13+00:00","og_image":[{"width":564,"height":483,"url":"https:\/\/adcelectronique.com\/wp-content\/uploads\/2026\/04\/MIO40.jpg","type":"image\/jpeg"}],"twitter_card":"summary_large_image","twitter_misc":{"Dur\u00e9e de lecture estim\u00e9e":"1 minute"},"schema":{"@context":"https:\/\/schema.org","@graph":[{"@type":"WebPage","@id":"https:\/\/adcelectronique.com\/index.php\/product\/mio40-module-4-entrees-avec-isolateur\/","url":"https:\/\/adcelectronique.com\/index.php\/product\/mio40-module-4-entrees-avec-isolateur\/","name":"MIO40-MODULE 4 ENTREES AVEC ISOLATEUR - ADC Electronique","isPartOf":{"@id":"https:\/\/adcelectronique.com\/#website"},"primaryImageOfPage":{"@id":"https:\/\/adcelectronique.com\/index.php\/product\/mio40-module-4-entrees-avec-isolateur\/#primaryimage"},"image":{"@id":"https:\/\/adcelectronique.com\/index.php\/product\/mio40-module-4-entrees-avec-isolateur\/#primaryimage"},"thumbnailUrl":"https:\/\/adcelectronique.com\/wp-content\/uploads\/2026\/04\/MIO40.jpg","datePublished":"2026-04-12T09:40:12+00:00","dateModified":"2026-04-12T09:40:13+00:00","breadcrumb":{"@id":"https:\/\/adcelectronique.com\/index.php\/product\/mio40-module-4-entrees-avec-isolateur\/#breadcrumb"},"inLanguage":"fr-FR","potentialAction":[{"@type":"ReadAction","target":["https:\/\/adcelectronique.com\/index.php\/product\/mio40-module-4-entrees-avec-isolateur\/"]}]},{"@type":"ImageObject","inLanguage":"fr-FR","@id":"https:\/\/adcelectronique.com\/index.php\/product\/mio40-module-4-entrees-avec-isolateur\/#primaryimage","url":"https:\/\/adcelectronique.com\/wp-content\/uploads\/2026\/04\/MIO40.jpg","contentUrl":"https:\/\/adcelectronique.com\/wp-content\/uploads\/2026\/04\/MIO40.jpg","width":564,"height":483},{"@type":"BreadcrumbList","@id":"https:\/\/adcelectronique.com\/index.php\/product\/mio40-module-4-entrees-avec-isolateur\/#breadcrumb","itemListElement":[{"@type":"ListItem","position":1,"name":"Home","item":"https:\/\/adcelectronique.com\/"},{"@type":"ListItem","position":2,"name":"Shop","item":"https:\/\/adcelectronique.com\/index.php\/shop\/"},{"@type":"ListItem","position":3,"name":"MIO40-MODULE 4 ENTREES AVEC ISOLATEUR"}]},{"@type":"WebSite","@id":"https:\/\/adcelectronique.com\/#website","url":"https:\/\/adcelectronique.com\/","name":"ADC Electronique","description":"","potentialAction":[{"@type":"SearchAction","target":{"@type":"EntryPoint","urlTemplate":"https:\/\/adcelectronique.com\/?s={search_term_string}"},"query-input":{"@type":"PropertyValueSpecification","valueRequired":true,"valueName":"search_term_string"}}],"inLanguage":"fr-FR"}]}},"_links":{"self":[{"href":"https:\/\/adcelectronique.com\/index.php\/wp-json\/wp\/v2\/product\/11225","targetHints":{"allow":["GET"]}}],"collection":[{"href":"https:\/\/adcelectronique.com\/index.php\/wp-json\/wp\/v2\/product"}],"about":[{"href":"https:\/\/adcelectronique.com\/index.php\/wp-json\/wp\/v2\/types\/product"}],"replies":[{"embeddable":true,"href":"https:\/\/adcelectronique.com\/index.php\/wp-json\/wp\/v2\/comments?post=11225"}],"version-history":[{"count":1,"href":"https:\/\/adcelectronique.com\/index.php\/wp-json\/wp\/v2\/product\/11225\/revisions"}],"predecessor-version":[{"id":11228,"href":"https:\/\/adcelectronique.com\/index.php\/wp-json\/wp\/v2\/product\/11225\/revisions\/11228"}],"wp:featuredmedia":[{"embeddable":true,"href":"https:\/\/adcelectronique.com\/index.php\/wp-json\/wp\/v2\/media\/11226"}],"wp:attachment":[{"href":"https:\/\/adcelectronique.com\/index.php\/wp-json\/wp\/v2\/media?parent=11225"}],"wp:term":[{"taxonomy":"product_brand","embeddable":true,"href":"https:\/\/adcelectronique.com\/index.php\/wp-json\/wp\/v2\/product_brand?post=11225"},{"taxonomy":"product_cat","embeddable":true,"href":"https:\/\/adcelectronique.com\/index.php\/wp-json\/wp\/v2\/product_cat?post=11225"},{"taxonomy":"product_tag","embeddable":true,"href":"https:\/\/adcelectronique.com\/index.php\/wp-json\/wp\/v2\/product_tag?post=11225"}],"curies":[{"name":"wp","href":"https:\/\/api.w.org\/{rel}","templated":true}]}}