{"id":11232,"date":"2026-04-12T09:50:27","date_gmt":"2026-04-12T09:50:27","guid":{"rendered":"https:\/\/adcelectronique.com\/?post_type=product&#038;p=11232"},"modified":"2026-04-12T09:50:28","modified_gmt":"2026-04-12T09:50:28","slug":"mc-z-module-de-zone-conventionelle-avec-isolateur","status":"publish","type":"product","link":"https:\/\/adcelectronique.com\/index.php\/product\/mc-z-module-de-zone-conventionelle-avec-isolateur\/","title":{"rendered":"MC-Z MODULE DE ZONE CONVENTIONELLE AVEC ISOLATEUR"},"content":{"rendered":"<h3>\u00a0 \u00a0 \u00a0 \u00a0 \u00a0 \u00a0 \u00a0 \u00a0 \u00a0 \u00a0 \u00a0 \u00a0 \u00a0MC-Z MODULE DE ZONE CONVENTIONELLE AVEC ISOLATEUR<\/h3>\n<p data-start=\"270\" data-end=\"432\">Le <strong data-start=\"273\" data-end=\"287\">MC-Z<\/strong>\u00a0est un <strong data-start=\"295\" data-end=\"329\">module de zone conventionnelle<\/strong> utilis\u00e9 comme <strong data-start=\"344\" data-end=\"429\">interface entre des d\u00e9tecteurs conventionnels et une centrale incendie adressable<\/strong>.<\/p>\n<p data-start=\"434\" data-end=\"629\">Il permet d\u2019int\u00e9grer facilement une zone classique dans un syst\u00e8me moderne, tout en assurant une <strong data-start=\"531\" data-end=\"628\">surveillance fiable, une gestion simplifi\u00e9e et une compatibilit\u00e9 avec les boucles adressables<\/strong>.<\/p>\n<hr data-start=\"631\" data-end=\"634\" \/>\n<h2 data-section-id=\"128riy1\" data-start=\"636\" data-end=\"667\">Caract\u00e9ristiques principales<\/h2>\n<ul data-start=\"668\" data-end=\"1081\">\n<li data-section-id=\"ye1g5u\" data-start=\"668\" data-end=\"732\">Interface entre <strong data-start=\"686\" data-end=\"732\">zone conventionnelle et syst\u00e8me adressable<\/strong><\/li>\n<li data-section-id=\"z6x1sp\" data-start=\"733\" data-end=\"796\">Int\u00e9gration de d\u00e9tecteurs conventionnels dans syst\u00e8me moderne<\/li>\n<li data-section-id=\"1oi5nrn\" data-start=\"797\" data-end=\"849\">Prise en charge jusqu\u2019\u00e0 <strong data-start=\"823\" data-end=\"849\">32 d\u00e9tecteurs par zone<\/strong><\/li>\n<li data-section-id=\"rm0sat\" data-start=\"850\" data-end=\"902\"><strong data-start=\"852\" data-end=\"873\">Isolateur int\u00e9gr\u00e9<\/strong> pour protection de la boucle<\/li>\n<li data-section-id=\"1i59xgi\" data-start=\"903\" data-end=\"952\">Alimentation directement par la boucle incendie<\/li>\n<li data-section-id=\"16vdy2e\" data-start=\"953\" data-end=\"1003\">Bo\u00eetier plastique avec <strong data-start=\"978\" data-end=\"1003\">couvercle transparent<\/strong><\/li>\n<li data-section-id=\"rswule\" data-start=\"1004\" data-end=\"1042\">Installation murale simple et rapide<\/li>\n<li data-section-id=\"1flrg9l\" data-start=\"1043\" data-end=\"1081\">Maintenance et inspection facilit\u00e9es<\/li>\n<\/ul>\n<hr data-start=\"1083\" data-end=\"1086\" \/>\n<h2 data-section-id=\"1ilt2zm\" data-start=\"1088\" data-end=\"1118\">Caract\u00e9ristiques techniques<\/h2>\n<div class=\"TyagGW_tableContainer\">\n<div class=\"group TyagGW_tableWrapper flex flex-col-reverse w-fit\">\n<table class=\"w-fit min-w-(--thread-content-width)\" data-start=\"1119\" data-end=\"1580\">\n<thead data-start=\"1119\" data-end=\"1141\">\n<tr data-start=\"1119\" data-end=\"1141\">\n<th class=\"\" data-start=\"1119\" data-end=\"1131\" data-col-size=\"sm\">Param\u00e8tre<\/th>\n<th class=\"\" data-start=\"1131\" data-end=\"1141\" data-col-size=\"md\">Valeur<\/th>\n<\/tr>\n<\/thead>\n<tbody data-start=\"1165\" data-end=\"1580\">\n<tr data-start=\"1165\" data-end=\"1219\">\n<td data-start=\"1165\" data-end=\"1172\" data-col-size=\"sm\">Type<\/td>\n<td data-start=\"1172\" data-end=\"1219\" data-col-size=\"md\">Module de zone conventionnelle (MCZ \/ MC-Z)<\/td>\n<\/tr>\n<tr data-start=\"1220\" data-end=\"1271\">\n<td data-start=\"1220\" data-end=\"1231\" data-col-size=\"sm\">Fonction<\/td>\n<td data-start=\"1231\" data-end=\"1271\" data-col-size=\"md\">Interface conventionnel \u2194 adressable<\/td>\n<\/tr>\n<tr data-start=\"1272\" data-end=\"1319\">\n<td data-start=\"1272\" data-end=\"1296\" data-col-size=\"sm\">Nombre max d\u00e9tecteurs<\/td>\n<td data-col-size=\"md\" data-start=\"1296\" data-end=\"1319\">Jusqu\u2019\u00e0 32 par zone<\/td>\n<\/tr>\n<tr data-start=\"1320\" data-end=\"1358\">\n<td data-start=\"1320\" data-end=\"1335\" data-col-size=\"sm\">Alimentation<\/td>\n<td data-start=\"1335\" data-end=\"1358\" data-col-size=\"md\">Par boucle incendie<\/td>\n<\/tr>\n<tr data-start=\"1359\" data-end=\"1393\">\n<td data-start=\"1359\" data-end=\"1372\" data-col-size=\"sm\">Protection<\/td>\n<td data-start=\"1372\" data-end=\"1393\" data-col-size=\"md\">Isolateur int\u00e9gr\u00e9<\/td>\n<\/tr>\n<tr data-start=\"1394\" data-end=\"1444\">\n<td data-start=\"1394\" data-end=\"1404\" data-col-size=\"sm\">Bo\u00eetier<\/td>\n<td data-start=\"1404\" data-end=\"1444\" data-col-size=\"md\">Plastique avec couvercle transparent<\/td>\n<\/tr>\n<tr data-start=\"1445\" data-end=\"1477\">\n<td data-start=\"1445\" data-end=\"1460\" data-col-size=\"sm\">Installation<\/td>\n<td data-start=\"1460\" data-end=\"1477\" data-col-size=\"md\">Montage mural<\/td>\n<\/tr>\n<tr data-start=\"1478\" data-end=\"1526\">\n<td data-start=\"1478\" data-end=\"1492\" data-col-size=\"sm\">Utilisation<\/td>\n<td data-start=\"1492\" data-end=\"1526\" data-col-size=\"md\">Syst\u00e8mes de d\u00e9tection incendie<\/td>\n<\/tr>\n<\/tbody>\n<\/table>\n<\/div>\n<\/div>\n","protected":false},"excerpt":{"rendered":"<p data-start=\"270\" data-end=\"432\">Le <strong data-start=\"273\" data-end=\"287\">MC-Z<\/strong>\u00a0est un <strong data-start=\"295\" data-end=\"329\">module de zone conventionnelle<\/strong> utilis\u00e9 comme <strong data-start=\"344\" data-end=\"429\">interface entre des d\u00e9tecteurs conventionnels et une centrale incendie adressable<\/strong>.<\/p>\n<p data-start=\"434\" data-end=\"629\">Il permet d\u2019int\u00e9grer facilement une zone classique dans un syst\u00e8me moderne, tout en assurant une <strong data-start=\"531\" data-end=\"628\">surveillance fiable, une gestion simplifi\u00e9e et une compatibilit\u00e9 avec les boucles adressables<\/strong>.<\/p>\n","protected":false},"featured_media":11233,"comment_status":"open","ping_status":"closed","template":"","meta":[],"product_brand":[149],"product_cat":[146],"product_tag":[],"class_list":{"0":"post-11232","1":"product","2":"type-product","3":"status-publish","4":"has-post-thumbnail","6":"product_brand-teletek","7":"product_cat-detection-incendie","9":"first","10":"instock","11":"shipping-taxable","12":"product-type-simple"},"yoast_head":"<!-- This site is optimized with the Yoast SEO Premium plugin v26.2 (Yoast SEO v26.2) - https:\/\/yoast.com\/wordpress\/plugins\/seo\/ -->\n<title>MC-Z MODULE DE ZONE CONVENTIONELLE AVEC ISOLATEUR - ADC Electronique<\/title>\n<meta name=\"robots\" content=\"index, follow, max-snippet:-1, max-image-preview:large, max-video-preview:-1\" \/>\n<link rel=\"canonical\" href=\"https:\/\/adcelectronique.com\/index.php\/product\/mc-z-module-de-zone-conventionelle-avec-isolateur\/\" \/>\n<meta property=\"og:locale\" content=\"fr_FR\" \/>\n<meta property=\"og:type\" content=\"article\" \/>\n<meta property=\"og:title\" content=\"MC-Z MODULE DE ZONE CONVENTIONELLE AVEC ISOLATEUR\" \/>\n<meta property=\"og:description\" content=\"Le MC-Z\u00a0est un module de zone conventionnelle utilis\u00e9 comme interface entre des d\u00e9tecteurs conventionnels et une centrale incendie adressable. Il permet d\u2019int\u00e9grer facilement une zone classique dans un syst\u00e8me moderne, tout en assurant une surveillance fiable, une gestion simplifi\u00e9e et une compatibilit\u00e9 avec les boucles adressables.\" \/>\n<meta property=\"og:url\" content=\"https:\/\/adcelectronique.com\/index.php\/product\/mc-z-module-de-zone-conventionelle-avec-isolateur\/\" \/>\n<meta property=\"og:site_name\" content=\"ADC Electronique\" \/>\n<meta property=\"article:modified_time\" content=\"2026-04-12T09:50:28+00:00\" \/>\n<meta property=\"og:image\" content=\"https:\/\/adcelectronique.com\/wp-content\/uploads\/2026\/04\/MCZ.jpg\" \/>\n\t<meta property=\"og:image:width\" content=\"1390\" \/>\n\t<meta property=\"og:image:height\" content=\"800\" \/>\n\t<meta property=\"og:image:type\" content=\"image\/jpeg\" \/>\n<meta name=\"twitter:card\" content=\"summary_large_image\" \/>\n<meta name=\"twitter:label1\" content=\"Dur\u00e9e de lecture estim\u00e9e\" \/>\n\t<meta name=\"twitter:data1\" content=\"1 minute\" \/>\n<script type=\"application\/ld+json\" class=\"yoast-schema-graph\">{\"@context\":\"https:\/\/schema.org\",\"@graph\":[{\"@type\":\"WebPage\",\"@id\":\"https:\/\/adcelectronique.com\/index.php\/product\/mc-z-module-de-zone-conventionelle-avec-isolateur\/\",\"url\":\"https:\/\/adcelectronique.com\/index.php\/product\/mc-z-module-de-zone-conventionelle-avec-isolateur\/\",\"name\":\"MC-Z MODULE DE ZONE CONVENTIONELLE AVEC ISOLATEUR - ADC Electronique\",\"isPartOf\":{\"@id\":\"https:\/\/adcelectronique.com\/#website\"},\"primaryImageOfPage\":{\"@id\":\"https:\/\/adcelectronique.com\/index.php\/product\/mc-z-module-de-zone-conventionelle-avec-isolateur\/#primaryimage\"},\"image\":{\"@id\":\"https:\/\/adcelectronique.com\/index.php\/product\/mc-z-module-de-zone-conventionelle-avec-isolateur\/#primaryimage\"},\"thumbnailUrl\":\"https:\/\/adcelectronique.com\/wp-content\/uploads\/2026\/04\/MCZ.jpg\",\"datePublished\":\"2026-04-12T09:50:27+00:00\",\"dateModified\":\"2026-04-12T09:50:28+00:00\",\"breadcrumb\":{\"@id\":\"https:\/\/adcelectronique.com\/index.php\/product\/mc-z-module-de-zone-conventionelle-avec-isolateur\/#breadcrumb\"},\"inLanguage\":\"fr-FR\",\"potentialAction\":[{\"@type\":\"ReadAction\",\"target\":[\"https:\/\/adcelectronique.com\/index.php\/product\/mc-z-module-de-zone-conventionelle-avec-isolateur\/\"]}]},{\"@type\":\"ImageObject\",\"inLanguage\":\"fr-FR\",\"@id\":\"https:\/\/adcelectronique.com\/index.php\/product\/mc-z-module-de-zone-conventionelle-avec-isolateur\/#primaryimage\",\"url\":\"https:\/\/adcelectronique.com\/wp-content\/uploads\/2026\/04\/MCZ.jpg\",\"contentUrl\":\"https:\/\/adcelectronique.com\/wp-content\/uploads\/2026\/04\/MCZ.jpg\",\"width\":1390,\"height\":800},{\"@type\":\"BreadcrumbList\",\"@id\":\"https:\/\/adcelectronique.com\/index.php\/product\/mc-z-module-de-zone-conventionelle-avec-isolateur\/#breadcrumb\",\"itemListElement\":[{\"@type\":\"ListItem\",\"position\":1,\"name\":\"Home\",\"item\":\"https:\/\/adcelectronique.com\/\"},{\"@type\":\"ListItem\",\"position\":2,\"name\":\"Shop\",\"item\":\"https:\/\/adcelectronique.com\/index.php\/shop\/\"},{\"@type\":\"ListItem\",\"position\":3,\"name\":\"MC-Z MODULE DE ZONE CONVENTIONELLE AVEC ISOLATEUR\"}]},{\"@type\":\"WebSite\",\"@id\":\"https:\/\/adcelectronique.com\/#website\",\"url\":\"https:\/\/adcelectronique.com\/\",\"name\":\"ADC Electronique\",\"description\":\"\",\"potentialAction\":[{\"@type\":\"SearchAction\",\"target\":{\"@type\":\"EntryPoint\",\"urlTemplate\":\"https:\/\/adcelectronique.com\/?s={search_term_string}\"},\"query-input\":{\"@type\":\"PropertyValueSpecification\",\"valueRequired\":true,\"valueName\":\"search_term_string\"}}],\"inLanguage\":\"fr-FR\"}]}<\/script>\n<!-- \/ Yoast SEO Premium plugin. -->","yoast_head_json":{"title":"MC-Z MODULE DE ZONE CONVENTIONELLE AVEC ISOLATEUR - ADC Electronique","robots":{"index":"index","follow":"follow","max-snippet":"max-snippet:-1","max-image-preview":"max-image-preview:large","max-video-preview":"max-video-preview:-1"},"canonical":"https:\/\/adcelectronique.com\/index.php\/product\/mc-z-module-de-zone-conventionelle-avec-isolateur\/","og_locale":"fr_FR","og_type":"article","og_title":"MC-Z MODULE DE ZONE CONVENTIONELLE AVEC ISOLATEUR","og_description":"Le MC-Z\u00a0est un module de zone conventionnelle utilis\u00e9 comme interface entre des d\u00e9tecteurs conventionnels et une centrale incendie adressable. Il permet d\u2019int\u00e9grer facilement une zone classique dans un syst\u00e8me moderne, tout en assurant une surveillance fiable, une gestion simplifi\u00e9e et une compatibilit\u00e9 avec les boucles adressables.","og_url":"https:\/\/adcelectronique.com\/index.php\/product\/mc-z-module-de-zone-conventionelle-avec-isolateur\/","og_site_name":"ADC Electronique","article_modified_time":"2026-04-12T09:50:28+00:00","og_image":[{"width":1390,"height":800,"url":"https:\/\/adcelectronique.com\/wp-content\/uploads\/2026\/04\/MCZ.jpg","type":"image\/jpeg"}],"twitter_card":"summary_large_image","twitter_misc":{"Dur\u00e9e de lecture estim\u00e9e":"1 minute"},"schema":{"@context":"https:\/\/schema.org","@graph":[{"@type":"WebPage","@id":"https:\/\/adcelectronique.com\/index.php\/product\/mc-z-module-de-zone-conventionelle-avec-isolateur\/","url":"https:\/\/adcelectronique.com\/index.php\/product\/mc-z-module-de-zone-conventionelle-avec-isolateur\/","name":"MC-Z MODULE DE ZONE CONVENTIONELLE AVEC ISOLATEUR - ADC Electronique","isPartOf":{"@id":"https:\/\/adcelectronique.com\/#website"},"primaryImageOfPage":{"@id":"https:\/\/adcelectronique.com\/index.php\/product\/mc-z-module-de-zone-conventionelle-avec-isolateur\/#primaryimage"},"image":{"@id":"https:\/\/adcelectronique.com\/index.php\/product\/mc-z-module-de-zone-conventionelle-avec-isolateur\/#primaryimage"},"thumbnailUrl":"https:\/\/adcelectronique.com\/wp-content\/uploads\/2026\/04\/MCZ.jpg","datePublished":"2026-04-12T09:50:27+00:00","dateModified":"2026-04-12T09:50:28+00:00","breadcrumb":{"@id":"https:\/\/adcelectronique.com\/index.php\/product\/mc-z-module-de-zone-conventionelle-avec-isolateur\/#breadcrumb"},"inLanguage":"fr-FR","potentialAction":[{"@type":"ReadAction","target":["https:\/\/adcelectronique.com\/index.php\/product\/mc-z-module-de-zone-conventionelle-avec-isolateur\/"]}]},{"@type":"ImageObject","inLanguage":"fr-FR","@id":"https:\/\/adcelectronique.com\/index.php\/product\/mc-z-module-de-zone-conventionelle-avec-isolateur\/#primaryimage","url":"https:\/\/adcelectronique.com\/wp-content\/uploads\/2026\/04\/MCZ.jpg","contentUrl":"https:\/\/adcelectronique.com\/wp-content\/uploads\/2026\/04\/MCZ.jpg","width":1390,"height":800},{"@type":"BreadcrumbList","@id":"https:\/\/adcelectronique.com\/index.php\/product\/mc-z-module-de-zone-conventionelle-avec-isolateur\/#breadcrumb","itemListElement":[{"@type":"ListItem","position":1,"name":"Home","item":"https:\/\/adcelectronique.com\/"},{"@type":"ListItem","position":2,"name":"Shop","item":"https:\/\/adcelectronique.com\/index.php\/shop\/"},{"@type":"ListItem","position":3,"name":"MC-Z MODULE DE ZONE CONVENTIONELLE AVEC ISOLATEUR"}]},{"@type":"WebSite","@id":"https:\/\/adcelectronique.com\/#website","url":"https:\/\/adcelectronique.com\/","name":"ADC Electronique","description":"","potentialAction":[{"@type":"SearchAction","target":{"@type":"EntryPoint","urlTemplate":"https:\/\/adcelectronique.com\/?s={search_term_string}"},"query-input":{"@type":"PropertyValueSpecification","valueRequired":true,"valueName":"search_term_string"}}],"inLanguage":"fr-FR"}]}},"_links":{"self":[{"href":"https:\/\/adcelectronique.com\/index.php\/wp-json\/wp\/v2\/product\/11232","targetHints":{"allow":["GET"]}}],"collection":[{"href":"https:\/\/adcelectronique.com\/index.php\/wp-json\/wp\/v2\/product"}],"about":[{"href":"https:\/\/adcelectronique.com\/index.php\/wp-json\/wp\/v2\/types\/product"}],"replies":[{"embeddable":true,"href":"https:\/\/adcelectronique.com\/index.php\/wp-json\/wp\/v2\/comments?post=11232"}],"version-history":[{"count":1,"href":"https:\/\/adcelectronique.com\/index.php\/wp-json\/wp\/v2\/product\/11232\/revisions"}],"predecessor-version":[{"id":11234,"href":"https:\/\/adcelectronique.com\/index.php\/wp-json\/wp\/v2\/product\/11232\/revisions\/11234"}],"wp:featuredmedia":[{"embeddable":true,"href":"https:\/\/adcelectronique.com\/index.php\/wp-json\/wp\/v2\/media\/11233"}],"wp:attachment":[{"href":"https:\/\/adcelectronique.com\/index.php\/wp-json\/wp\/v2\/media?parent=11232"}],"wp:term":[{"taxonomy":"product_brand","embeddable":true,"href":"https:\/\/adcelectronique.com\/index.php\/wp-json\/wp\/v2\/product_brand?post=11232"},{"taxonomy":"product_cat","embeddable":true,"href":"https:\/\/adcelectronique.com\/index.php\/wp-json\/wp\/v2\/product_cat?post=11232"},{"taxonomy":"product_tag","embeddable":true,"href":"https:\/\/adcelectronique.com\/index.php\/wp-json\/wp\/v2\/product_tag?post=11232"}],"curies":[{"name":"wp","href":"https:\/\/api.w.org\/{rel}","templated":true}]}}